000
CXUS51 KCLE 020414
CLSYNG
CLIMATE REPORT
NATIONAL WEATHER SERVICE CLEVELAND, OH
1214 AM EDT WED SEP 02 2020
...................................
...THE YOUNGSTOWN OH CLIMATE SUMMARY FOR THE SEASON, FROM
6/1/2020 TO 8/31/2020...
CLIMATE NORMAL PERIOD 1981 TO 2010
CLIMATE RECORD PERIOD 1897 TO 2020
WEATHER OBSERVED NORMAL DEPART
VALUE DATE(S) VALUE FROM
NORMAL
................................................
TEMPERATURE (F)
RECORD
HIGH 100 07/16/1988
07/07/1988
07/14/1954
LOW 30 06/11/1972
HIGHEST 94 07/09
LOWEST 39 06/01
AVG. MAXIMUM 83.3 79.6 3.7
AVG. MINIMUM 60.0 57.8 2.2
MEAN 71.6 68.7 2.9
DAYS MAX >= 90 14 5.0
DAYS MAX <= 32 0 0.0
DAYS MIN <= 32 0 0.0
DAYS MIN <= 0 0 0.0
PRECIPITATION (INCHES)
RECORD
MAXIMUM 20.69 1986
MINIMUM 5.72 1933
TOTALS 13.30 11.43 1.87
DAYS >= .01 33 33.0
DAYS >= .10 19 20.7
DAYS >= .50 8 7.4
DAYS >= 1.00 2 2.7
SNOWFALL (INCHES)
RECORDS
TOTAL T 2013
TOTALS 0.0 0.0
DAYS >= TRACE 0
DAYS >= 1.0 0 0.0
DEGREE DAYS
HEATING TOTAL 24 107 -83
COOLING TOTAL 661 447 214
................................................
WIND (MPH)
HIGHEST GUST SPEED/DIRECTION 59/310 DATE 08/27
SKY COVER
POSSIBLE SUNSHINE (PERCENT) MM
NUMBER OF DAYS FAIR 13
NUMBER OF DAYS PC 57
NUMBER OF DAYS CLOUDY 22
WEATHER CONDITIONS. NUMBER OF DAYS WITH
THUNDERSTORM 25 MIXED PRECIP 0
HEAVY RAIN 12 RAIN 14
LIGHT RAIN 36 FREEZING RAIN 0
LT FREEZING RAIN 0 HAIL 0
HEAVY SNOW 0 SNOW 0
LIGHT SNOW 0 SLEET 0
FOG 50 FOG W/VIS <= 1/4 MILE 6
HAZE 3
- INDICATES NEGATIVE NUMBERS.
R INDICATES RECORD WAS SET OR TIED.
MM INDICATES DATA IS MISSING.
T INDICATES TRACE AMOUNT.
$$