000
CXUS51 KCLE 051812
CLSYNG
CLIMATE REPORT
NATIONAL WEATHER SERVICE CLEVELAND, OH
112 PM EST MON DEC 05 2022
...................................
...THE YOUNGSTOWN OH CLIMATE SUMMARY FOR THE SEASON, FROM
9/1/2022 TO 11/30/2022...
CLIMATE NORMAL PERIOD 1991 TO 2020
CLIMATE RECORD PERIOD 1897 TO 2022
WEATHER OBSERVED NORMAL DEPART
VALUE DATE(S) VALUE FROM
NORMAL
................................................
TEMPERATURE (F)
RECORD
HIGH 99 09/05/1954
LOW 1 11/30/1976
11/30/1958
HIGHEST 86 09/02
09/03
09/21
LOWEST 18 11/20
11/21
AVG. MAXIMUM 63.0 62.0 1.0
AVG. MINIMUM 43.1 42.6 0.5
MEAN 53.0 52.3 0.7
DAYS MAX >= 90 0 0.7
DAYS MAX <= 32 3 1.7
DAYS MIN <= 32 16 18.8
DAYS MIN <= 0 0 0.0
PRECIPITATION (INCHES)
RECORD
MAXIMUM 15.85 2018
MINIMUM 3.08 1960
TOTALS 9.16 10.14 -0.98
DAYS >= .01 37 36.7
DAYS >= .10 16 21.2
DAYS >= .50 6 6.0
DAYS >= 1.00 2 1.9
SNOWFALL (INCHES)
RECORDS
TOTAL 30.6 1950
TOTALS 3.3 5.2
DAYS >= TRACE 13
DAYS >= 1.0 1 1.7
DEGREE DAYS
HEATING TOTAL 1149 1232 -83
COOLING TOTAL 85 74 11
................................................
WIND (MPH)
HIGHEST GUST SPEED/DIRECTION 41/230 DATE 11/30
SKY COVER
POSSIBLE SUNSHINE (PERCENT) MM
NUMBER OF DAYS FAIR 18
NUMBER OF DAYS PC 32
NUMBER OF DAYS CLOUDY 41
WEATHER CONDITIONS. NUMBER OF DAYS WITH
THUNDERSTORM 5 MIXED PRECIP 0
HEAVY RAIN 4 RAIN 9
LIGHT RAIN 39 FREEZING RAIN 0
LT FREEZING RAIN 0 HAIL 1
HEAVY SNOW 0 SNOW 1
LIGHT SNOW 12 SLEET 0
FOG 44 FOG W/VIS <= 1/4 MILE 6
HAZE 6
- INDICATES NEGATIVE NUMBERS.
R INDICATES RECORD WAS SET OR TIED.
MM INDICATES DATA IS MISSING.
T INDICATES TRACE AMOUNT.
$$