000
CXUS51 KPBZ 061504
CLSZZV
CLIMATE REPORT
NATIONAL WEATHER SERVICE PITTSBURGH PA
1004 AM EST WED MAR 06 2024
...................................
...THE ZANESVILLE OH CLIMATE SUMMARY FOR THE SEASON, FROM
9/1/2023 TO 11/30/2023...
CLIMATE NORMAL PERIOD 1991 TO 2020
CLIMATE RECORD PERIOD 1895 TO 2024
WEATHER OBSERVED NORMAL DEPART LAST YEAR`S
VALUE DATE(S) VALUE FROM VALUE DATE(S)
NORMAL
................................................................
TEMPERATURE (F)
RECORD
HIGH 103 09/08/1939
LOW -6 11/30/1958
HIGHEST 90 09/05 88 2 87 09/21
LOWEST 16 11/29 19 -3 16 11/21
AVG. MAXIMUM 66.4 65.4 1.0 64.6
AVG. MINIMUM 44.8 43.7 1.1 43.5
MEAN 55.6 54.6 1.0 54.0
DAYS MAX >= 90 1 1.9 -0.9 0
DAYS MAX <= 32 1 0.8 0.2 1
DAYS MIN <= 32 22 19.4 2.6 15
DAYS MIN <= 0 0 0.0 0.0 0
PRECIPITATION (INCHES)
RECORD
MAXIMUM 15.47 1985
MINIMUM 2.66 1963
TOTALS 5.20 8.72 -3.52 8.64
DAILY AVG. 0.06 0.10 -0.04 0.10
DAYS >= .01 21 29.6 -8.6 25
DAYS >= .10 13 17.5 -4.5 16
DAYS >= .50 3 5.7 -2.7 6
DAYS >= 1.00 0 1.5 -1.5 1
GREATEST
24 HR. TOTAL 0.99
STORM TOTAL 0.99
(MM/DD(HH))
DEGREE DAYS
HEATING TOTAL 945 1066 -121 1076
SINCE 7/1 945 1072 -127 MM
COOLING TOTAL 116 118 -2 96
SINCE 1/1 787 912 -125 MM
................................................................
WIND (MPH)
AVERAGE WIND SPEED 4.5
HIGHEST WIND SPEED/DIRECTION 22/270 DATE 11/27
HIGHEST GUST SPEED/DIRECTION 34/270 DATE 11/27
AVERAGE RH (PERCENT) 69
WEATHER CONDITIONS. NUMBER OF DAYS WITH
THUNDERSTORM 1 MIXED PRECIP 1
HEAVY RAIN 5 RAIN 16
LIGHT RAIN 28 FREEZING RAIN 0
LT FREEZING RAIN 0 HAIL 0
HEAVY SNOW 0 SNOW 0
LIGHT SNOW 2 SLEET 0
FOG 38 FOG W/VIS <= 1/4 MILE 6
HAZE 4
- INDICATES NEGATIVE NUMBERS.
R INDICATES RECORD WAS SET OR TIED.
MM INDICATES DATA IS MISSING.
T INDICATES TRACE AMOUNT.
$$