000
CXUS54 KHGX 281415
CF611R
PRELIMINARY LOCAL CLIMATOLOGICAL DATA (WS FORM: F-6)

                                          STATION:   BRENHAM
                                          MONTH:     JULY
                                          YEAR:      2015
                                          LATITUDE:   30 13 N
                                          LONGITUDE:  96 22 W

  TEMPERATURE IN F:       :PCPN:    SNOW:  WIND      :SUNSHINE: SKY     :PK WND
================================================================================
1   2   3   4   5  6A  6B    7    8   9   10  11  12  13   14  15   16   17  18
                                     12Z  AVG MX 2MIN
DY MAX MIN AVG DEP HDD CDD  WTR  SNW DPTH SPD SPD DIR MIN PSBL S-S WX    SPD DR
================================================================================

 1  89  72  81   M   0  16 0.34  0.0    0  4.4 23 230   M    M   2 3      33 230
 2  92  72  82   M   0  17 0.00  0.0    M  9.6 15 170   M    M   0        18 170
 3  92  75  84   M   0  19 0.00  0.0    0  4.7  9 140   M    M   2 1       M  M
 4  92  77  85   M   0  20 0.00  0.0    0  6.3 17 200   M    M   4 1      30 200
 5  93  79  86   M   0  21 0.00  0.0    0  8.4 14 170   M    M   3 1      21 160
 6  92  78  85   M   0  20 0.00  0.0    0  9.8 16 180   M    M   3 1      23 180
 7  93  78  86   M   0  21 0.00  0.0    0 10.5 20 180   M    M   4 1      25 190
 8  93  79  86   M   0  21 0.00  0.0    0 10.3 18 190   M    M   5 18     27 170
 9  94  76  85   M   0  20 0.00  0.0    0  7.6 13 170   M    M   3 1      18 170
10  94  74  84   M   0  19 0.00  0.0    0  4.6  9 160   M    M   2 1       M  M
11  94  74  84   M   0  19 0.00  0.0    0  3.9  8 180   M    M   0 1       M  M
12  94  74  84   M   0  19 0.00  0.0    0  4.3 12 190   M    M   1         M  M
13  94  78  86   M   0  21 0.00  0.0    0  6.3 12 210   M    M   3         M  M
14  95  75  85   M   0  20 0.00  0.0    0  7.1 12 190   M    M   2         M  M
15  95  75  85   M   0  20 0.00  0.0    0  6.2  9 180   M    M   1         M  M
16  96  75  86   M   0  21 0.00  0.0    0  5.2 12 160   M    M   1 1       M  M
17  97  75  86   M   0  21 0.00  0.0    0  6.1 13 180   M    M   1 1      16 180
18  97  76  87   M   0  22 0.00  0.0    0  7.0 14 160   M    M   2 1      16 190
19  97  75  86   M   0  21 0.00  0.0    0  4.8  9 160   M    M   2 1       M  M
20  96  76  86   M   0  21 0.00  0.0    0  5.8 12 220   M    M   2 1       M  M
21  96  75  86   M   0  21 0.00  0.0    0  6.3 12 230   M    M   2 1       M  M
22  98  77  88   M   0  23 0.00  0.0    0  6.8 13 190   M    M   2 1      18 210
23  98  75  87   M   0  22 0.00  0.0    0  8.3 16 190   M    M   1        20 190
24  98  74  86   M   0  21 0.00  0.0    0  4.9  9 210   M    M   1 1       M  M
25  97  75  86   M   0  21 0.00  0.0    0  4.2  9 210   M    M   2 1      17 200
26  96  79  88   M   0  23 0.00  0.0    0  4.5  8 140   M    M   3 1       M  M
27  98  79  89   M   0  24 0.00  0.0    0  5.1 12 150   M    M   2 1      17 150
================================================================================
SM 2560 2047         0 554  0.34     0.0 173.0          M       56
================================================================================
AV 94.8 75.8                               6.4 FASTST   M    M   2    MAX(MPH)
                                 MISC ---->  # 23 230                 33    M
================================================================================
NOTES:
# LAST OF SEVERAL OCCURRENCES

COLUMN 17 PEAK WIND IN M.P.H.

PRELIMINARY LOCAL CLIMATOLOGICAL DATA (WS FORM: F-6) , PAGE 2

                                          STATION:  BRENHAM
                                          MONTH:    JULY
                                          YEAR:     2015
                                          LATITUDE:   30 13 N
                                          LONGITUDE:  96 22 W

[TEMPERATURE DATA]      [PRECIPITATION DATA]       SYMBOLS USED IN COLUMN 16

AVERAGE MONTHLY: 85.3   TOTAL FOR MONTH:   0.34    1 = FOG OR MIST
DPTR FM NORMAL:     M   DPTR FM NORMAL:       M    2 = FOG REDUCING VISIBILITY
HIGHEST:    98 ON 27,24 GRTST 24HR  0.34 ON  1- 1      TO 1/4 MILE OR LESS
LOWEST:     72 ON  2, 1                            3 = THUNDER
                        SNOW, ICE PELLETS, HAIL    4 = ICE PELLETS
                        TOTAL MONTH:   0.0 INCH    5 = HAIL
                        GRTST 24HR     0.0         6 = FREEZING RAIN OR DRIZZLE
                        GRTST DEPTH:   0           7 = DUSTSTORM OR SANDSTORM:
                                                       VSBY 1/2 MILE OR LESS
                                                   8 = SMOKE OR HAZE
[NO. OF DAYS WITH]      [WEATHER - DAYS WITH]      9 = BLOWING SNOW
                                                   X = TORNADO
MAX 32 OR BELOW:   0    0.01 INCH OR MORE:   1
MAX 90 OR ABOVE:  26    0.10 INCH OR MORE:   1
MIN 32 OR BELOW:   0    0.50 INCH OR MORE:   0
MIN  0 OR BELOW:   0    1.00 INCH OR MORE:   0

[HDD (BASE 65) ]
TOTAL THIS MO.     0    CLEAR  (SCALE 0-3)  23
DPTR FM NORMAL     M    PTCLDY (SCALE 4-7)   4
TOTAL FM JUL 1     0    CLOUDY (SCALE 8-10)  0
DPTR FM NORMAL     M

[CDD (BASE 65) ]
TOTAL THIS MO.   554
DPTR FM NORMAL     M    [PRESSURE DATA]
TOTAL FM JAN 1  1742    HIGHEST SLP M ON M
DPTR FM NORMAL     M    LOWEST  SLP M ON M

[REMARKS]
