000
CXUS55 KBOU 271219
CF633V
PRELIMINARY LOCAL CLIMATOLOGICAL DATA (WS FORM: F-6)

                                          STATION:   Walden
                                          MONTH:     NOVEMBER
                                          YEAR:      2014
                                          LATITUDE:   40 45 N
                                          LONGITUDE: 106 16 W

  TEMPERATURE IN F:       :PCPN:    SNOW:  WIND      :SUNSHINE: SKY     :PK WND
================================================================================
1   2   3   4   5  6A  6B    7    8   9   10  11  12  13   14  15   16   17  18
                                     12Z  AVG MX 2MIN
DY MAX MIN AVG DEP HDD CDD  WTR  SNW DPTH SPD SPD DIR MIN PSBL S-S WX    SPD DR
================================================================================

 1  59  32  46   M  19   0    M    M    M  9.9 21 180   M    M   1        29 180
 2  48  30  39   M  26   0    M    M    M  9.1 20 240   M    M   5        30 240
 3  32  23  28   M  37   0    M    M    M  4.3 12 350   M    M   9         M  M
 4  41  10  26   M  39   0    M    M    M  9.3 20 200   M    M   0        25 200
 5  50  23  37   M  28   0    M    M    M  8.0 14 170   M    M   0        18 170
 6  55  19  37   M  28   0    M    M    M  7.5 16 210   M    M   0        21 210
 7  52  34  43   M  22   0    M    M    M 11.9 20 280   M    M   4        35 160
 8  52  21  37   M  28   0    M    M    M  8.7 17 200   M    M   1        25 200
 9  55  34  45   M  20   0    M    M    M 15.5 25 240   M    M   0        36 200
10  43  12  28   M  37   0    M    M    M 13.1 27 230   M    M   8        33 230
11  23   1  12   M  53   0    M    M    M  7.9 16 320   M    M  10        21 320
12   5 -15  -5   M  70   0    M    M    M 10.4 17 330   M    M   6         M  M
13  28 -18   5   M  60   0    M    M    M  2.6 12 170   M    M   6        16 170
14  36  28  32   M  33   0    M    M    M 10.8 17 200   M    M   9        23 190
15  30  -9  11   M  54   0    M    M    M  9.7 17 210   M    M   8        24 210
16  12 -15  -1   M  66   0    M    M    M  2.1  9 170   M    M   7         M  M
17  21   1  11   M  54   0    M    M    M  8.7 14 230   M    M   0        18 230
18  30   3  17   M  48   0    M    M    M 10.0 18 180   M    M   3        27 190
19  36  21  29   M  36   0    M    M    M  9.9 16 190   M    M   8        23 190
20  36  21  29   M  36   0    M    M    M  8.0 12 190   M    M   9        17 190
21  37  14  26   M  39   0    M    M    M  8.9 16 200   M    M   3        21 190
22  41  18  30   M  35   0    M    M    M 14.5 30 210   M    M   5        39 210
23  30   3  17   M  48   0    M    M    M  9.6 25 300   M    M   7        33 300
24  23   5  14   M  51   0    M    M    M 10.9 33 310   M    M   7        39 310
25  30   5  18   M  47   0    M    M    M 15.7 30 250   M    M   8        36 230
26  37  30  34   M  31   0    M    M    M 15.8 25 270   M    M   6        36 270
================================================================================
SM  942  331      1045   0    M     M    252.8          M      130
================================================================================
AV 36.2 12.7                               9.7 FASTST   M    M   5    MAX(MPH)
                                 MISC ---->    33   M                 39    M
================================================================================
NOTES:
# LAST OF SEVERAL OCCURRENCES

COLUMN 17 PEAK WIND IN M.P.H.

PRELIMINARY LOCAL CLIMATOLOGICAL DATA (WS FORM: F-6) , PAGE 2

                                          STATION:  Walden
                                          MONTH:    NOVEMBER
                                          YEAR:     2014
                                          LATITUDE:   40 45 N
                                          LONGITUDE: 106 16 W

[TEMPERATURE DATA]      [PRECIPITATION DATA]       SYMBOLS USED IN COLUMN 16

AVERAGE MONTHLY: 24.5   TOTAL FOR MONTH:      M    1 = FOG OR MIST
DPTR FM NORMAL:     M   DPTR FM NORMAL:       M    2 = FOG REDUCING VISIBILITY
HIGHEST:    59 ON  1    GRTST 24HR    M  ON   M        TO 1/4 MILE OR LESS
LOWEST:    -18 ON 13                               3 = THUNDER
                        SNOW, ICE PELLETS, HAIL    4 = ICE PELLETS
                        TOTAL MONTH:    M          5 = HAIL
                        GRTST 24HR    M  ON   M    6 = FREEZING RAIN OR DRIZZLE
                        GRTST DEPTH:  M  ON   M    7 = DUSTSTORM OR SANDSTORM:
                                                       VSBY 1/2 MILE OR LESS
                                                   8 = SMOKE OR HAZE
[NO. OF DAYS WITH]      [WEATHER - DAYS WITH]      9 = BLOWING SNOW
                                                   X = TORNADO
MAX 32 OR BELOW:  11    0.01 INCH OR MORE:   0
MAX 90 OR ABOVE:   0    0.10 INCH OR MORE:   0
MIN 32 OR BELOW:  24    0.50 INCH OR MORE:   0
MIN  0 OR BELOW:   4    1.00 INCH OR MORE:   0

[HDD (BASE 65) ]
TOTAL THIS MO.  1045    CLEAR  (SCALE 0-3)   9
DPTR FM NORMAL     M    PTCLDY (SCALE 4-7)  10
TOTAL FM JUL 1  2605    CLOUDY (SCALE 8-10)  7
DPTR FM NORMAL     M

[CDD (BASE 65) ]
TOTAL THIS MO.     0
DPTR FM NORMAL     M    [PRESSURE DATA]
TOTAL FM JAN 1     1    HIGHEST SLP M ON M
DPTR FM NORMAL     M    LOWEST  SLP M ON M

[REMARKS]
