000
CXUS54 KEWX 270910
CF63T5
PRELIMINARY LOCAL CLIMATOLOGICAL DATA (WS FORM: F-6)

                                          STATION:   LA GRANGE
                                          MONTH:     JULY
                                          YEAR:      2016
                                          LATITUDE:   29 54 N
                                          LONGITUDE:  96 57 W

  TEMPERATURE IN F:       :PCPN:    SNOW:  WIND      :SUNSHINE: SKY     :PK WND
================================================================================
1   2   3   4   5  6A  6B    7    8   9   10  11  12  13   14  15   16   17  18
                                     12Z  AVG MX 2MIN
DY MAX MIN AVG DEP HDD CDD  WTR  SNW DPTH SPD SPD DIR MIN PSBL S-S WX    SPD DR
================================================================================

 1  95  73  84   M   0  19 0.00  0.0    0  2.7  8 170   M    M   0 1       M  M
 2  97  75  86   M   0  21 0.00  0.0    0  6.1 13 190   M    M   0 1      17 170
 3  97  78  88   M   0  23 0.00  0.0    0  9.8 15 160   M    M   0        25 200
 4  98  80  89   M   0  24 0.00  0.0    0 11.1 16 190   M    M   0        22 180
 5  98  80  89   M   0  24 0.00  0.0    0  9.7 15 180   M    M   0 8      20 190
 6  97  80  89   M   0  24 0.00  0.0    0 11.6 18 180   M    M   0 18     23 180
 7  98  79  89   M   0  24 0.00  0.0    0  9.6 15 180   M    M   0 1      22 180
 8  98  78  88   M   0  23 0.00  0.0    0  7.7 14 180   M    M   0 1      22 150
 9  99  76  88   M   0  23 0.00    M    0  6.3 13 160   M    M   0 1      17 170
10  97  79  88   M   0  23 0.00  0.0    0  8.1 15 170   M    M   0 1      25 170
11  99  79  89   M   0  24 0.00  0.0    0 11.6 18 170   M    M   0 18     27 170
12  99  77  88   M   0  23 0.00    M    0  9.9 16 160   M    M   0        22 160
13 100  79  90   M   0  25 0.00    M    0  9.4 17 190   M    M   0        22 190
14 100  79  90   M   0  25 0.00  0.0    0  8.9 14 190   M    M   0        18 190
15 100  77  89   M   0  24 0.00  0.0    0  6.4 12 190   M    M   0 18     18 190
16 100  73  87   M   0  22 0.00  0.0    0  4.5 10 160   M    M   0 12     17 160
17 100  73  87   M   0  22 0.00  0.0    0  5.0 10 120   M    M   0        17 120
18  99  75  87   M   0  22 0.00  0.0    0  4.1  9 140   M    M   0 8      18 140
19  97  76  87   M   0  22 0.00  0.0    0  3.9 10 120   M    M   0 8       M  M
20  99  75  87   M   0  22 0.00  0.0    0  3.5 12 150   M    M   0 1      17 150
21  99  73  86   M   0  21 0.00  0.0    0  3.1  9 170   M    M   0 1       M  M
22 100  74  87   M   0  22 0.00  0.0    0  3.8  8 160   M    M   0 8       M  M
23 100  75  88   M   0  23 0.00  0.0    0  3.8  9 160   M    M   0         M  M
24 101  75  88   M   0  23 0.00  0.0    0  3.9  8 150   M    M   0         M  M
25  99  77  88   M   0  23    M  0.0    0  2.8 15 120   M    M   0 138    18 120
26  91  76  84   M   0  19 0.00  0.0    0  3.2 10 200   M    M   0 1      16 200
================================================================================
SM 2557 1991         0 590  0.00     0.0 170.5          M        0
================================================================================
AV 98.3 76.6                               6.6 FASTST   M    M   0    MAX(MPH)
                                 MISC ---->    18   M               # 27  170
================================================================================
NOTES:
# LAST OF SEVERAL OCCURRENCES

COLUMN 17 PEAK WIND IN M.P.H.

PRELIMINARY LOCAL CLIMATOLOGICAL DATA (WS FORM: F-6) , PAGE 2

                                          STATION:  LA GRANGE
                                          MONTH:    JULY
                                          YEAR:     2016
                                          LATITUDE:   29 54 N
                                          LONGITUDE:  96 57 W

[TEMPERATURE DATA]      [PRECIPITATION DATA]       SYMBOLS USED IN COLUMN 16

AVERAGE MONTHLY: 87.5   TOTAL FOR MONTH:   0.00    1 = FOG OR MIST
DPTR FM NORMAL:     M   DPTR FM NORMAL:       M    2 = FOG REDUCING VISIBILITY
HIGHEST:   101 ON 24    GRTST 24HR  0.00 ON 26-26      TO 1/4 MILE OR LESS
LOWEST:     73 ON 21,17                            3 = THUNDER
                        SNOW, ICE PELLETS, HAIL    4 = ICE PELLETS
                        TOTAL MONTH:   0.0 INCH    5 = HAIL
                        GRTST 24HR     0.0         6 = FREEZING RAIN OR DRIZZLE
                        GRTST DEPTH:   0           7 = DUSTSTORM OR SANDSTORM:
                                                       VSBY 1/2 MILE OR LESS
                                                   8 = SMOKE OR HAZE
[NO. OF DAYS WITH]      [WEATHER - DAYS WITH]      9 = BLOWING SNOW
                                                   X = TORNADO
MAX 32 OR BELOW:   0    0.01 INCH OR MORE:   0
MAX 90 OR ABOVE:  26    0.10 INCH OR MORE:   0
MIN 32 OR BELOW:   0    0.50 INCH OR MORE:   0
MIN  0 OR BELOW:   0    1.00 INCH OR MORE:   0

[HDD (BASE 65) ]
TOTAL THIS MO.     0    CLEAR  (SCALE 0-3)  26
DPTR FM NORMAL     M    PTCLDY (SCALE 4-7)   0
TOTAL FM JUL 1     0    CLOUDY (SCALE 8-10)  0
DPTR FM NORMAL     M

[CDD (BASE 65) ]
TOTAL THIS MO.   590
DPTR FM NORMAL     M    [PRESSURE DATA]
TOTAL FM JAN 1  1799    HIGHEST SLP M ON M
DPTR FM NORMAL     M    LOWEST  SLP M ON M

[REMARKS]
