000
CXUS55 KABR 261400
CF68D3
PRELIMINARY LOCAL CLIMATOLOGICAL DATA (WS FORM: F-6)

                                          STATION:   SISSETON SD
                                          MONTH:     NOVEMBER
                                          YEAR:      2014
                                          LATITUDE:   45 40 N
                                          LONGITUDE:  96 59 W

  TEMPERATURE IN F:       :PCPN:    SNOW:  WIND      :SUNSHINE: SKY     :PK WND
================================================================================
1   2   3   4   5  6A  6B    7    8   9   10  11  12  13   14  15   16   17  18
                                     12Z  AVG MX 2MIN
DY MAX MIN AVG DEP HDD CDD  WTR  SNW DPTH SPD SPD DIR MIN PSBL S-S WX    SPD DR
================================================================================

 1  51  24  38  -1  27   0 0.00  0.0    0 17.2 33 180   M    M   0        42 180
 2  58  35  47   9  18   0 0.00  0.0    0 12.3 23 180   M    M   0        27 180
 3  52  31  42   4  23   0 0.01  0.0    0 12.5 28 340   M    M   0        35 330
 4  48  27  38   1  27   0 0.00  0.0    M 12.1 26 310   M    M   0        32 330
 5  51  32  42   5  23   0 0.14  0.0    0 11.9 26 340   M    M   0        33 310
 6  46  28  37   1  28   0 0.00  0.0    0  8.0 20 340   M    M   0        24 340
 7  58  34  46  10  19   0 0.00  0.0    0 18.4 43 350   M    M   0        51 350
 8  42  33  38   3  27   0 0.00  0.0    0 13.8 29 340   M    M   0        36 340
 9  42  25  34  -1  31   0 0.02  0.3    0  9.3 17  10   M    M   0        21  10
10  25  17  21 -13  44   0 0.57  5.8    T 19.6 32  20   M    M   0        37  20
11  21  10  16 -18  49   0    T    T    6 15.6 23 340   M    M   0        28 340
12  23  14  19 -14  46   0 0.06  0.8    6 18.2 25 340   M    M   0        32 340
13  19   2  11 -21  54   0 0.00  0.0    7 15.3 25 330   M    M   0        31 330
14  18  -7   6 -26  59   0 0.00  0.0    7  4.3 12 180   M    M   0        13 170
15  19   6  13 -18  52   0 0.06  0.5    7  8.9 16 320   M    M   0        20 320
16  20   1  11 -20  54   0    T    T    7 18.7 31 270   M    M   0        39 270
17  13   6  10 -20  55   0 0.00  0.0    7 22.2 31 340   M    M   0        39 340
18  25  11  18 -11  47   0 0.00  0.0    7 12.3 20 270   M    M   0        24 260
19  24  15  20  -9  45   0 0.00  0.0    7 21.4 30 320   M    M   0        37 340
20  20   0  10 -18  55   0 0.00  0.0    7  7.3 21 320   M    M   0        25 330
21  38   1  20  -8  45   0 0.00  0.0    7 14.3 26 270   M    M   0        35 250
22  40  31  36   9  29   0 0.00  0.0    5  8.1 16 170   M    M   0        21 170
23  42  19  31   5  34   0 0.00  0.0    2 17.4 32 330   M    M   0        40 330
24  22  10  16 -10  49   0    T    T    1 23.4 35 350   M    M   0        44 350
25  30  11  21  -4  44   0 0.05  0.3    1  6.7 14  60   M    M   0        16  60
================================================================================
SM  847  416       984   0  0.91     7.7 349.2          M        0
================================================================================
AV 33.9 16.6                              14.0 FASTST   M    M   0    MAX(MPH)
                                 MISC ---->  # 43 350               # 51  350
================================================================================
NOTES:
# LAST OF SEVERAL OCCURRENCES

COLUMN 17 PEAK WIND IN M.P.H.

PRELIMINARY LOCAL CLIMATOLOGICAL DATA (WS FORM: F-6) , PAGE 2

                                          STATION:  SISSETON SD
                                          MONTH:    NOVEMBER
                                          YEAR:     2014
                                          LATITUDE:   45 40 N
                                          LONGITUDE:  96 59 W

[TEMPERATURE DATA]      [PRECIPITATION DATA]       SYMBOLS USED IN COLUMN 16

AVERAGE MONTHLY: 25.3   TOTAL FOR MONTH:   0.91    1 = FOG OR MIST
DPTR FM NORMAL:  -7.0   DPTR FM NORMAL:    0.37    2 = FOG REDUCING VISIBILITY
HIGHEST:    58 ON  7, 2 GRTST 24HR  0.65 ON  9-10      TO 1/4 MILE OR LESS
LOWEST:     -7 ON 14                               3 = THUNDER
                        SNOW, ICE PELLETS, HAIL    4 = ICE PELLETS
                        TOTAL MONTH:   7.7 INCHES  5 = HAIL
                        GRTST 24HR   5.8 ON   M    6 = FREEZING RAIN OR DRIZZLE
                        GRTST DEPTH:   7 ON 21,20  7 = DUSTSTORM OR SANDSTORM:
                                                       VSBY 1/2 MILE OR LESS
                                                   8 = SMOKE OR HAZE
[NO. OF DAYS WITH]      [WEATHER - DAYS WITH]      9 = BLOWING SNOW
                                                   X = TORNADO
MAX 32 OR BELOW:  13    0.01 INCH OR MORE:   7
MAX 90 OR ABOVE:   0    0.10 INCH OR MORE:   2
MIN 32 OR BELOW:  22    0.50 INCH OR MORE:   1
MIN  0 OR BELOW:   2    1.00 INCH OR MORE:   0

[HDD (BASE 65) ]
TOTAL THIS MO.   984    CLEAR  (SCALE 0-3)  25
DPTR FM NORMAL   165    PTCLDY (SCALE 4-7)   0
TOTAL FM JUL 1  1692    CLOUDY (SCALE 8-10)  0
DPTR FM NORMAL    46

[CDD (BASE 65) ]
TOTAL THIS MO.     0
DPTR FM NORMAL     0    [PRESSURE DATA]
TOTAL FM JAN 1   442    HIGHEST SLP M ON M
DPTR FM NORMAL   -85    LOWEST  SLP 29.42 ON M

[REMARKS]
