000
CXUS52 KTAE 280800
CF6AAF
PRELIMINARY LOCAL CLIMATOLOGICAL DATA (WS FORM: F-6)

                                          STATION:   APALACHICOLA
                                          MONTH:     NOVEMBER
                                          YEAR:      2014
                                          LATITUDE:   29 43 N
                                          LONGITUDE:  85  2 W

  TEMPERATURE IN F:       :PCPN:    SNOW:  WIND      :SUNSHINE: SKY     :PK WND
================================================================================
1   2   3   4   5  6A  6B    7    8   9   10  11  12  13   14  15   16   17  18
                                     12Z  AVG MX 2MIN
DY MAX MIN AVG DEP HDD CDD  WTR  SNW DPTH SPD SPD DIR MIN PSBL S-S WX    SPD DR
================================================================================

 1  63  44  54 -12  11   0 0.00  0.0    0 13.2 29 350   M    M   0        38 350
 2  70  42  56 -10   9   0 0.00  0.0    0  6.9 17  20   M    M   0        22  20
 3  68  39  54 -11  11   0 0.00  0.0    0  6.8 16  80   M    M   0        20  80
 4  75  46  61  -4   4   0 0.00  0.0    0  6.1 14 110   M    M   1        17 120
 5  79  57  68   3   0   3 0.00  0.0    0  5.3 13 120   M    M   1        18 110
 6  81  60  71   7   0   6 0.00  0.0    0  5.5 16 340   M    M   1        21 350
 7  70  47  59  -5   6   0 0.00  0.0    0  7.1 16  40   M    M   0        21  40
 8  67  46  57  -7   8   0 0.00  0.0    0  4.9  9  20   M    M   0        12  10
 9  72  50  61  -3   4   0 0.00  0.0    0  5.1 13  10   M    M   0        17 360
10  76  43  60  -3   5   0 0.00  0.0    0  3.8 13 190   M    M   0        14 190
11  78  46  62  -1   3   0 0.00  0.0    0  4.2 17 300   M    M   0        19 300
12  79  51  65   2   0   0 0.00  0.0    0  3.3 15 260   M    M   1 18     18 250
13  70  47  59  -4   6   0 0.00  0.0    0  8.6 18  10   M    M   5 18     24  10
14  62  41  52 -10  13   0 0.00  0.0    0  9.2 18  10   M    M   0        24 360
15  62  39  51 -11  14   0 0.00  0.0    0  6.4 15  50   M    M   0 8      19  40
16  72  45  59  -3   6   0 0.00  0.0    0  8.0 15 110   M    M   9 8      21 100
17  74  45  60  -2   5   0 1.16  0.0    0 13.1 24 350   M    M   6 18     34 270
18  55  35  45 -16  20   0 0.00  0.0    0 11.6 24  10   M    M   1        30 350
19  53  31  42 -19  23   0 0.00  0.0    0  5.7 14  40   M    M   0        18  30
20  67  30  49 -12  16   0 0.00  0.0    0  2.5 13 190   M    M   0        14 200
21  73  37  55  -6  10   0 0.00  0.0    0  7.3 17  90   M    M   0        23  90
22  68  51  60   0   5   0 1.03  0.0    0 11.0 17  60   M    M   7 1      22  60
23  74  66  70  10   0   5 1.24  0.0    0 10.4 26 260   M    M   9 18     33 260
24  74  65  70  10   0   5 1.08  0.0    0  6.7 17 190   M    M  10 12     22 190
25  66  50  58  -2   7   0 0.54  0.0    0 11.4 22 350   M    M  10 1      30 340
26  66  45  56  -4   9   0 0.11  0.0    0  8.7 21 330   M    M   2 1      29 320
27  66  46  56  -3   9   0 0.00  0.0    0  8.5 17 330   M    M   0        23 340
================================================================================
SM 1880 1244       204  19  5.16     0.0 201.3          M       63
================================================================================
AV 69.6 46.1                               7.5 FASTST   M    M   2    MAX(MPH)
                                 MISC ---->  # 29 350               # 38  350
================================================================================
NOTES:
# LAST OF SEVERAL OCCURRENCES

COLUMN 17 PEAK WIND IN M.P.H.

PRELIMINARY LOCAL CLIMATOLOGICAL DATA (WS FORM: F-6) , PAGE 2

                                          STATION:  APALACHICOLA
                                          MONTH:    NOVEMBER
                                          YEAR:     2014
                                          LATITUDE:   29 43 N
                                          LONGITUDE:  85  2 W

[TEMPERATURE DATA]      [PRECIPITATION DATA]       SYMBOLS USED IN COLUMN 16

AVERAGE MONTHLY: 57.9   TOTAL FOR MONTH:   5.16    1 = FOG OR MIST
DPTR FM NORMAL:  -4.6   DPTR FM NORMAL:    2.02    2 = FOG REDUCING VISIBILITY
HIGHEST:    81 ON  6    GRTST 24HR  1.85 ON 22-23      TO 1/4 MILE OR LESS
LOWEST:     30 ON 20                               3 = THUNDER
                        SNOW, ICE PELLETS, HAIL    4 = ICE PELLETS
                        TOTAL MONTH:   0.0 INCH    5 = HAIL
                        GRTST 24HR     0.0         6 = FREEZING RAIN OR DRIZZLE
                        GRTST DEPTH:   0           7 = DUSTSTORM OR SANDSTORM:
                                                       VSBY 1/2 MILE OR LESS
                                                   8 = SMOKE OR HAZE
[NO. OF DAYS WITH]      [WEATHER - DAYS WITH]      9 = BLOWING SNOW
                                                   X = TORNADO
MAX 32 OR BELOW:   0    0.01 INCH OR MORE:   6
MAX 90 OR ABOVE:   0    0.10 INCH OR MORE:   6
MIN 32 OR BELOW:   2    0.50 INCH OR MORE:   5
MIN  0 OR BELOW:   0    1.00 INCH OR MORE:   4

[HDD (BASE 65) ]
TOTAL THIS MO.   204    CLEAR  (SCALE 0-3)  20
DPTR FM NORMAL    81    PTCLDY (SCALE 4-7)   3
TOTAL FM JUL 1   207    CLOUDY (SCALE 8-10)  4
DPTR FM NORMAL    57

[CDD (BASE 65) ]
TOTAL THIS MO.    19
DPTR FM NORMAL   -33    [PRESSURE DATA]
TOTAL FM JAN 1  2676    HIGHEST SLP M ON M
DPTR FM NORMAL    75    LOWEST  SLP 29.69 ON 23

[REMARKS]
