000
CXUS56 KMFR 241000
CF6AAT
PRELIMINARY LOCAL CLIMATOLOGICAL DATA (WS FORM: F-6)

                                          STATION:   ALTURAS CA
                                          MONTH:     OCTOBER
                                          YEAR:      2017
                                          LATITUDE:   41 29 N
                                          LONGITUDE: 120 34 W

  TEMPERATURE IN F:       :PCPN:    SNOW:  WIND      :SUNSHINE: SKY     :PK WND
================================================================================
1   2   3   4   5  6A  6B    7    8   9   10  11  12  13   14  15   16   17  18
                                     12Z  AVG MX 2MIN
DY MAX MIN AVG DEP HDD CDD  WTR  SNW DPTH SPD SPD DIR MIN PSBL S-S WX    SPD DR
================================================================================

 1  59  34  47  -5  18   0 0.00    M    M  5.7 23 310   M    M   3        29 310
 2  56  25  41 -10  24   0 0.00    M    M  5.6 18  80   M    M   3 1      26  70
 3  61  36  49  -2  16   0 0.00    M    M 10.4 21  40   M    M   2        33  40
 4  63  23  43  -8  22   0 0.00    M    M  3.2 15 310   M    M   2        19 300
 5  67  21  44  -6  21   0 0.00    M    M  2.1 10 330   M    M   0 8      14 300
 6  76  24  50   0  15   0 0.00    M    M  1.8  8 130   M    M   0 8      10 140
 7  74  27  51   1  14   0 0.00    M    M  5.4 18 320   M    M   0        24 320
 8  57  25  41  -8  24   0 0.00    M    M  6.9 18  30   M    M   1 8      27  70
 9  66  21  44  -5  21   0 0.00    M    M  5.3 23 200   M    M   0 8      28 200
10  66  25  46  -3  19   0 0.00    M    M  7.7 24 270   M    M   1 8      30 220
11  52  25  39  -9  26   0 0.00    M    M  7.5 23 310   M    M   4 8      28 300
12  56  14  35 -13  30   0 0.00    M    M  2.3 14 330   M    M   0 18     17 320
13  58  18  38 -10  27   0    T    M    M  7.0 26 320   M    M   2 8      33 260
14  61  21  41  -7  24   0 0.00    M    M  3.1 10  10   M    M   0        14  10
15  72  18  45  -2  20   0 0.00    M    M  1.8  9 190   M    M   0 8      12 140
16  77  22  50   3  15   0 0.00    M    M  1.0  9 260   M    M   0 8      13 260
17  74  25  50   4  15   0 0.00    M    M  2.0 13 300   M    M   0 8      17 290
18  76  24  50   4  15   0 0.00    M    M  3.9 17 260   M    M   0 8      22 260
19  64  24  44  -2  21   0 0.34    M    M  9.0 32 310   M    M   5 1      43 310
20  41  29  35 -11  30   0 0.58    M    M  4.1 17 250   M    M   9 1      22 250
21  53  32  43  -2  22   0    T    M    M  5.9 15 220   M    M   9 1      22 230
22  65  35  50   5  15   0 0.00    M    M  4.8 12 270   M    M   5 1      15 290
23  73  33  53   9  12   0 0.00    M    M  2.9 13  20   M    M   2 12     17  20
================================================================================
SM 1467  581       466   0  0.92    M    109.4          M       48
================================================================================
AV 63.8 25.3                               4.8 FASTST   M    M   2    MAX(MPH)
                                 MISC ---->  # 32 310               # 43  310
================================================================================
NOTES:
# LAST OF SEVERAL OCCURRENCES

COLUMN 17 PEAK WIND IN M.P.H.

PRELIMINARY LOCAL CLIMATOLOGICAL DATA (WS FORM: F-6) , PAGE 2

                                          STATION:  ALTURAS CA
                                          MONTH:    OCTOBER
                                          YEAR:     2017
                                          LATITUDE:   41 29 N
                                          LONGITUDE: 120 34 W

[TEMPERATURE DATA]      [PRECIPITATION DATA]       SYMBOLS USED IN COLUMN 16

AVERAGE MONTHLY: 44.5   TOTAL FOR MONTH:   0.92    1 = FOG OR MIST
DPTR FM NORMAL:  -3.6   DPTR FM NORMAL:    0.29    2 = FOG REDUCING VISIBILITY
HIGHEST:    77 ON 16    GRTST 24HR  0.58 ON 20-20      TO 1/4 MILE OR LESS
LOWEST:     14 ON 12                               3 = THUNDER
                        SNOW, ICE PELLETS, HAIL    4 = ICE PELLETS
                        TOTAL MONTH:    M          5 = HAIL
                        GRTST 24HR    M  ON   M    6 = FREEZING RAIN OR DRIZZLE
                        GRTST DEPTH:  M  ON   M    7 = DUSTSTORM OR SANDSTORM:
                                                       VSBY 1/2 MILE OR LESS
                                                   8 = SMOKE OR HAZE
[NO. OF DAYS WITH]      [WEATHER - DAYS WITH]      9 = BLOWING SNOW
                                                   X = TORNADO
MAX 32 OR BELOW:   0    0.01 INCH OR MORE:   2
MAX 90 OR ABOVE:   0    0.10 INCH OR MORE:   2
MIN 32 OR BELOW:  19    0.50 INCH OR MORE:   1
MIN  0 OR BELOW:   0    1.00 INCH OR MORE:   0

[HDD (BASE 65) ]
TOTAL THIS MO.   466    CLEAR  (SCALE 0-3)  17
DPTR FM NORMAL    77    PTCLDY (SCALE 4-7)   4
TOTAL FM JUL 1   710    CLOUDY (SCALE 8-10)  2
DPTR FM NORMAL   -56

[CDD (BASE 65) ]
TOTAL THIS MO.     0
DPTR FM NORMAL     0    [PRESSURE DATA]
TOTAL FM JAN 1   516    HIGHEST SLP M ON M
DPTR FM NORMAL   360    LOWEST  SLP 29.65 ON 19

[REMARKS]
