000
CXUS54 KSJT 300900
CF6ABI
PRELIMINARY LOCAL CLIMATOLOGICAL DATA (WS FORM: F-6)

                                          STATION:   ABILENE
                                          MONTH:     JUNE
                                          YEAR:      2015
                                          LATITUDE:   32 25 N
                                          LONGITUDE:  99 41 W

  TEMPERATURE IN F:       :PCPN:    SNOW:  WIND      :SUNSHINE: SKY     :PK WND
================================================================================
1   2   3   4   5  6A  6B    7    8   9   10  11  12  13   14  15   16   17  18
                                     12Z  AVG MX 2MIN
DY MAX MIN AVG DEP HDD CDD  WTR  SNW DPTH SPD SPD DIR MIN PSBL S-S WX    SPD DR
================================================================================

 1  87  63  75  -2   0  10 0.00  0.0    0  8.8 18 150   M    M   1        21 150
 2  87  65  76  -1   0  11 0.01  0.0    0 11.8 25 150   M    M   1 1      32 150
 3  89  69  79   2   0  14 0.00  0.0    0 15.4 22 150   M    M   0        29 150
 4  89  68  79   1   0  14 0.00  0.0    0 12.7 21 140   M    M   1        28 130
 5  89  68  79   1   0  14 0.00  0.0    0 10.0 20 110   M    M   1        25 110
 6  90  66  78   0   0  13 0.00  0.0    0  9.6 20 140   M    M   0        23 140
 7  90  68  79   1   0  14 0.00  0.0    0  9.5 17 140   M    M   0        23 140
 8  94  70  82   4   0  17 0.00  0.0    0  7.0 14  60   M    M   1        18  40
 9  94  70  82   4   0  17    T  0.0    0  6.2 20  30   M    M   1        26  20
10  96  72  84   5   0  19 0.00  0.0    0  9.8 18 140   M    M   0        30 140
11  94  71  83   4   0  18 0.00  0.0    0 14.9 23 160   M    M   0        30 150
12  91  73  82   3   0  17 0.00  0.0    0 14.2 28 140   M    M   3        35 170
13  93  71  82   3   0  17    T  0.0    0 14.4 24 290   M    M   2        33  50
14  92  66  79   0   0  14 0.36  0.0    0 12.9 23 140   M    M   2 1      30 140
15  89  70  80   0   0  15 1.58  0.0    0  6.6 17 170   M    M   4 1      24  40
16  85  71  78  -2   0  13 1.17  0.0    0  8.4 16  70   M    M   8 1      23  70
17  86  71  79  -1   0  14 0.07  0.0    0  8.0 18 340   M    M   5 1      22 340
18  94  69  82   2   0  17 0.00  0.0    0  4.1 12 160   M    M   1        14 130
19  90  72  81   1   0  16 0.00  0.0    0  9.2 17 210   M    M   1        21 180
20  89  70  80   0   0  15 0.00  0.0    0 13.6 24 190   M    M   3        30 200
21  91  72  82   2   0  17 0.00  0.0    0 13.8 24 160   M    M   4        32 160
22  92  71  82   1   0  17 0.00  0.0    0 15.0 25 180   M    M   2        34 190
23  91  71  81   0   0  16 0.00  0.0    0 10.0 18 140   M    M   1        24 160
24  91  70  81   0   0  16 0.00  0.0    0 10.3 21 150   M    M   3        25 150
25  94  72  83   2   0  18 0.00  0.0    0 11.5 18 140   M    M   1        24 200
26  94  73  84   3   0  19    T  0.0    0  8.0 17 360   M    M   1 3      21 190
27  91  70  81   0   0  16 0.02  0.0    0  7.3 17 100   M    M   3        23  60
28  94  64  79  -3   0  14 0.00  0.0    0  5.6 13 130   M    M   0        19 190
29  96  69  83   1   0  18 0.00  0.0    0  8.5 24 140   M    M   1        29 160
================================================================================
SM 2642 2015         0 450  3.21     0.0 297.1          M       51
================================================================================
AV 91.1 69.5                              10.2 FASTST   M    M   2    MAX(MPH)
                                 MISC ---->  # 28 140               # 35  170
================================================================================
NOTES:
# LAST OF SEVERAL OCCURRENCES

COLUMN 17 PEAK WIND IN M.P.H.

PRELIMINARY LOCAL CLIMATOLOGICAL DATA (WS FORM: F-6) , PAGE 2

                                          STATION:  ABILENE
                                          MONTH:    JUNE
                                          YEAR:     2015
                                          LATITUDE:   32 25 N
                                          LONGITUDE:  99 41 W

[TEMPERATURE DATA]      [PRECIPITATION DATA]       SYMBOLS USED IN COLUMN 16

AVERAGE MONTHLY: 80.3   TOTAL FOR MONTH:   3.21    1 = FOG OR MIST
DPTR FM NORMAL:   0.8   DPTR FM NORMAL:   -0.27    2 = FOG REDUCING VISIBILITY
HIGHEST:    96 ON 29,10 GRTST 24HR  1.58 ON 15-15      TO 1/4 MILE OR LESS
LOWEST:     63 ON  1                               3 = THUNDER
                        SNOW, ICE PELLETS, HAIL    4 = ICE PELLETS
                        TOTAL MONTH:   0.0 INCH    5 = HAIL
                        GRTST 24HR     0.0         6 = FREEZING RAIN OR DRIZZLE
                        GRTST DEPTH:   0           7 = DUSTSTORM OR SANDSTORM:
                                                       VSBY 1/2 MILE OR LESS
                                                   8 = SMOKE OR HAZE
[NO. OF DAYS WITH]      [WEATHER - DAYS WITH]      9 = BLOWING SNOW
                                                   X = TORNADO
MAX 32 OR BELOW:   0    0.01 INCH OR MORE:   6
MAX 90 OR ABOVE:  20    0.10 INCH OR MORE:   3
MIN 32 OR BELOW:   0    0.50 INCH OR MORE:   2
MIN  0 OR BELOW:   0    1.00 INCH OR MORE:   2

[HDD (BASE 65) ]
TOTAL THIS MO.     0    CLEAR  (SCALE 0-3)  23
DPTR FM NORMAL     0    PTCLDY (SCALE 4-7)   5
TOTAL FM JUL 1  2478    CLOUDY (SCALE 8-10)  1
DPTR FM NORMAL   -80

[CDD (BASE 65) ]
TOTAL THIS MO.   450
DPTR FM NORMAL    32    [PRESSURE DATA]
TOTAL FM JAN 1   839    HIGHEST SLP M ON M
DPTR FM NORMAL    24    LOWEST  SLP 29.64 ON 11

[REMARKS]
