000
CXUS55 KABQ 201000
CF6ABQ
PRELIMINARY LOCAL CLIMATOLOGICAL DATA (WS FORM: F-6)

                                          STATION:   ALBUQUERQUE  NM
                                          MONTH:     DECEMBER
                                          YEAR:      2014
                                          LATITUDE:   35  2 N
                                          LONGITUDE: 106 37 W

  TEMPERATURE IN F:       :PCPN:    SNOW:  WIND      :SUNSHINE: SKY     :PK WND
================================================================================
1   2   3   4   5  6A  6B    7    8   9   10  11  12  13   14  15   16   17  18
                                     12Z  AVG MX 2MIN
DY MAX MIN AVG DEP HDD CDD  WTR  SNW DPTH SPD SPD DIR MIN PSBL S-S WX    SPD DR
================================================================================

 1  59  31  45   6  20   0 0.00  0.0    0  3.1 13 170   M    M   3        13 170
 2  52  34  43   4  22   0 0.00  0.0    0  3.8 15 350   M    M   8        19 350
 3  63  38  51  13  14   0 0.03  0.0    0  4.1 14 340   M    M   7        17 340
 4  48  42  45   7  20   0 0.38  0.0    0  4.8 14 320   M    M   8 1      18 340
 5  57  41  49  11  16   0 0.00  0.0    0  4.4 12  80   M    M   7        15 350
 6  56  41  49  11  16   0 0.02  0.0    0  3.6 13  90   M    M  10        16  90
 7  59  39  49  12  16   0 0.11  0.0    0  5.5 16 340   M    M   4 12     22 320
 8  57  35  46   9  19   0 0.00  0.0    0  4.9 13  10   M    M   7        15  10
 9  58  36  47  10  18   0 0.00  0.0    0  3.3  9  30   M    M   7        11 360
10  60  35  48  11  17   0 0.00  0.0    0  6.3 15 350   M    M   3        18 350
11  61  36  49  13  16   0 0.00  0.0    0  4.0 13 360   M    M   4        17 360
12  55  34  45   9  20   0 0.00  0.0    0  2.9 12 360   M    M   6        14 360
13  61  32  47  11  18   0 0.42  0.8    0  8.9 26 330   M    M   7 1      32 280
14  45  31  38   2  27   0    T    T    1 11.2 29 290   M    M   4 1      36 290
15  46  29  38   2  27   0 0.00  0.0    0  6.9 15 330   M    M   3        21 340
16  44  31  38   2  27   0 0.00  0.0    0  5.5 12 330   M    M   9        14 300
17  43  32  38   2  27   0 0.14  0.1    0  4.6 14 190   M    M   9 12     16 190
18  45  29  37   1  28   0 0.00  0.0    0  3.8 12 330   M    M   6        13 320
19  45  31  38   2  27   0 0.00  0.0    0  9.7 21 300   M    M   2        28 310
================================================================================
SM 1014  657       395   0  1.10     0.9 101.3          M      114
================================================================================
AV 53.4 34.6                               5.3 FASTST   M    M   6    MAX(MPH)
                                 MISC ---->  # 29 290               # 36  290
================================================================================
NOTES:
# LAST OF SEVERAL OCCURRENCES

COLUMN 17 PEAK WIND IN M.P.H.

PRELIMINARY LOCAL CLIMATOLOGICAL DATA (WS FORM: F-6) , PAGE 2

                                          STATION:  ALBUQUERQUE  NM
                                          MONTH:    DECEMBER
                                          YEAR:     2014
                                          LATITUDE:   35  2 N
                                          LONGITUDE: 106 37 W

[TEMPERATURE DATA]      [PRECIPITATION DATA]       SYMBOLS USED IN COLUMN 16

AVERAGE MONTHLY: 44.0   TOTAL FOR MONTH:   1.10    1 = FOG OR MIST
DPTR FM NORMAL:   7.0   DPTR FM NORMAL:    0.79    2 = FOG REDUCING VISIBILITY
HIGHEST:    63 ON  3    GRTST 24HR  0.42 ON 13-13      TO 1/4 MILE OR LESS
LOWEST:     29 ON 18,15                            3 = THUNDER
                        SNOW, ICE PELLETS, HAIL    4 = ICE PELLETS
                        TOTAL MONTH:   0.9 INCH    5 = HAIL
                        GRTST 24HR   0.8 ON   M    6 = FREEZING RAIN OR DRIZZLE
                        GRTST DEPTH:   1 ON 14     7 = DUSTSTORM OR SANDSTORM:
                                                       VSBY 1/2 MILE OR LESS
                                                   8 = SMOKE OR HAZE
[NO. OF DAYS WITH]      [WEATHER - DAYS WITH]      9 = BLOWING SNOW
                                                   X = TORNADO
MAX 32 OR BELOW:   0    0.01 INCH OR MORE:   6
MAX 90 OR ABOVE:   0    0.10 INCH OR MORE:   4
MIN 32 OR BELOW:   8    0.50 INCH OR MORE:   0
MIN  0 OR BELOW:   0    1.00 INCH OR MORE:   0

[HDD (BASE 65) ]
TOTAL THIS MO.   395    CLEAR  (SCALE 0-3)   2
DPTR FM NORMAL  -137    PTCLDY (SCALE 4-7)  13
TOTAL FM JUL 1  1078    CLOUDY (SCALE 8-10)  4
DPTR FM NORMAL  -321

[CDD (BASE 65) ]
TOTAL THIS MO.     0
DPTR FM NORMAL     0    [PRESSURE DATA]
TOTAL FM JAN 1  1444    HIGHEST SLP M ON M
DPTR FM NORMAL   122    LOWEST  SLP 29.72 ON 13

[REMARKS]
