000
CXUS55 KABR 241400
CF6ABR
PRELIMINARY LOCAL CLIMATOLOGICAL DATA (WS FORM: F-6)

                                          STATION:   ABERDEEN SD
                                          MONTH:     MAY
                                          YEAR:      2017
                                          LATITUDE:   45 27 N
                                          LONGITUDE:  98 26 W

  TEMPERATURE IN F:       :PCPN:    SNOW:  WIND      :SUNSHINE: SKY     :PK WND
================================================================================
1   2   3   4   5  6A  6B    7    8   9   10  11  12  13   14  15   16   17  18
                                     12Z  AVG MX 2MIN
DY MAX MIN AVG DEP HDD CDD  WTR  SNW DPTH SPD SPD DIR MIN PSBL S-S WX    SPD DR
================================================================================

 1  63  38  51   0  14   0 0.00  0.0    0 12.4 22  30   M    M   0        31 340
 2  67  25  46  -6  19   0 0.00  0.0    0  6.6 17 250   M    M   3        22 240
 3  69  42  56   4   9   0    T  0.0    0  8.9 25 310   M    M   5        31 320
 4  74  30  52   0  13   0 0.00  0.0    0  6.2 17 330   M    M   0        23 330
 5  84  38  61   8   4   0 0.00  0.0    0  9.7 22 350   M    M   1        31 340
 6  81  40  61   8   4   0 0.00  0.0    0  7.1 16  90   M    M   0        20 100
 7  87  47  67  13   0   2 0.00  0.0    0 16.5 28 140   M    M   0        40 130
 8  74  49  62   8   3   0    T  0.0    0 15.6 31 320   M    M   2        38 320
 9  71  41  56   2   9   0 0.00  0.0    0  8.4 16 300   M    M   2 8      21  30
10  72  44  58   3   7   0    T  0.0    0 10.0 24 340   M    M   4 8      29 350
11  75  34  55   0  10   0 0.00  0.0    0  4.2 12 160   M    M   0 8      17 180
12  86  42  64   9   1   0 0.00  0.0    0  9.5 18 240   M    M   1        28 210
13  86  42  64   8   1   0 0.00  0.0    0 14.6 28 190   M    M   0        35 190
14  83  56  70  14   0   5 0.00  0.0    0 11.9 24 330   M    M   0        30 330
15  81  57  69  13   0   4 0.00  0.0    0 11.1 23  80   M    M   1        28  80
16  75  56  66  10   0   1 0.24  0.0    0 10.6 21  10   M    M   6 138    26  10
17  56  49  53  -4  12   0 0.02  0.0    0 20.8 33 360   M    M   8 1      42  10
18  63  41  52  -5  13   0 0.00  0.0    0 17.6 30 350   M    M   1 8      37 360
19  60  43  52  -5  13   0 0.00  0.0    0 10.3 18  80   M    M   2        23  70
20  47  37  42 -16  23   0 0.25  0.0    0 14.2 25  30   M    M  10 1      33  30
21  64  36  50  -8  15   0 0.05  0.0    0 11.0 25 340   M    M   6        32 340
22  65  33  49  -9  16   0 0.01  0.0    0  9.1 23 360   M    M   8 12     28 360
23  58  39  49 -10  16   0 0.02  0.0    0 15.0 25 360   M    M   8 1      32  10
================================================================================
SM 1641  959       202  12  0.59     0.0 261.3          M       68
================================================================================
AV 71.4 41.7                              11.4 FASTST   M    M   3    MAX(MPH)
                                 MISC ---->  # 33 360               # 42   10
================================================================================
NOTES:
# LAST OF SEVERAL OCCURRENCES

COLUMN 17 PEAK WIND IN M.P.H.

PRELIMINARY LOCAL CLIMATOLOGICAL DATA (WS FORM: F-6) , PAGE 2

                                          STATION:  ABERDEEN SD
                                          MONTH:    MAY
                                          YEAR:     2017
                                          LATITUDE:   45 27 N
                                          LONGITUDE:  98 26 W

[TEMPERATURE DATA]      [PRECIPITATION DATA]       SYMBOLS USED IN COLUMN 16

AVERAGE MONTHLY: 56.5   TOTAL FOR MONTH:   0.59    1 = FOG OR MIST
DPTR FM NORMAL:   1.4   DPTR FM NORMAL:   -1.75    2 = FOG REDUCING VISIBILITY
HIGHEST:    87 ON  7    GRTST 24HR  0.25 ON 20-20      TO 1/4 MILE OR LESS
LOWEST:     25 ON  2                               3 = THUNDER
                        SNOW, ICE PELLETS, HAIL    4 = ICE PELLETS
                        TOTAL MONTH:   0.0 INCH    5 = HAIL
                        GRTST 24HR     0.0         6 = FREEZING RAIN OR DRIZZLE
                        GRTST DEPTH:   0           7 = DUSTSTORM OR SANDSTORM:
                                                       VSBY 1/2 MILE OR LESS
                                                   8 = SMOKE OR HAZE
[NO. OF DAYS WITH]      [WEATHER - DAYS WITH]      9 = BLOWING SNOW
                                                   X = TORNADO
MAX 32 OR BELOW:   0    0.01 INCH OR MORE:   6
MAX 90 OR ABOVE:   0    0.10 INCH OR MORE:   2
MIN 32 OR BELOW:   2    0.50 INCH OR MORE:   0
MIN  0 OR BELOW:   0    1.00 INCH OR MORE:   0

[HDD (BASE 65) ]
TOTAL THIS MO.   202    CLEAR  (SCALE 0-3)  15
DPTR FM NORMAL   -35    PTCLDY (SCALE 4-7)   7
TOTAL FM JUL 1  7444    CLOUDY (SCALE 8-10)  1
DPTR FM NORMAL  -964

[CDD (BASE 65) ]
TOTAL THIS MO.    12
DPTR FM NORMAL    -1    [PRESSURE DATA]
TOTAL FM JAN 1    12    HIGHEST SLP M ON M
DPTR FM NORMAL    -3    LOWEST  SLP 29.47 ON 16

[REMARKS]
