000
CXUS51 KPHI 170800
CF6ACY
PRELIMINARY LOCAL CLIMATOLOGICAL DATA (WS FORM: F-6)

                                          STATION:   ATLANTIC CITY NJ
                                          MONTH:     DECEMBER
                                          YEAR:      2017
                                          LATITUDE:   39 27 N
                                          LONGITUDE:  74 34 W

  TEMPERATURE IN F:       :PCPN:    SNOW:  WIND      :SUNSHINE: SKY     :PK WND
================================================================================
1   2   3   4   5  6A  6B    7    8   9   10  11  12  13   14  15   16   17  18
                                     12Z  AVG MX 2MIN
DY MAX MIN AVG DEP HDD CDD  WTR  SNW DPTH SPD SPD DIR MIN PSBL S-S WX    SPD DR
================================================================================

 1  55  31  43   1  22   0 0.01    M    0  6.8 20 350   M    M   2 1      28  10
 2  53  29  41   0  24   0 0.00  0.0    0  2.2  8 120   M    M   2        12  70
 3  52  31  42   1  23   0 0.02  0.0    0  1.4  6 130   M    M   6 12      9 160
 4  56  28  42   1  23   0 0.00  0.0    0  4.3 10 100   M    M   4 128    16 190
 5  63  48  56  16   9   0 0.39  0.0    0 12.1 21 200   M    M   7 1      32 210
 6  61  40  51  11  14   0 0.02  0.0    0  9.8 31 290   M    M   3 18     43 290
 7  48  37  43   3  22   0 0.00  0.0    0  8.1 20 280   M    M   0        29 280
 8  40  32  36  -3  29   0    T    T    0  4.8 10 200   M    M   6 1      15 200
 9  35  30  33  -6  32   0 0.37  3.0    T  7.8 15 350   M    M  10 1      19 360
10  40  29  35  -4  30   0    T    T    2  9.2 21 290   M    M   2 1      27 290
11  45  27  36  -2  29   0    T    T    0  5.7 20 290   M    M   5 1      27 290
12  52  26  39   1  26   0    T  0.0    0 12.7 32 300   M    M   6        43 280
13  32  21  27 -11  38   0 0.11  1.3    0 15.1 31 280   M    M   2 1      48 280
14  41  22  32  -5  33   0    T    T    1 10.3 24 310   M    M   4 1      34 310
15  28  20  24 -13  41   0 0.11  0.9    0  4.9 15 350   M    M   6 1      19 330
16  42  15  29  -8  36   0 0.00  0.0    T  8.4 20 260   M    M   3 1      27 250
================================================================================
SM  743  466       431   0  1.03     5.2 123.6          M       68
================================================================================
AV 46.4 29.1                               7.7 FASTST   M    M   4    MAX(MPH)
                                 MISC ---->  # 32 300               # 48  280
================================================================================
NOTES:
# LAST OF SEVERAL OCCURRENCES

COLUMN 17 PEAK WIND IN M.P.H.

PRELIMINARY LOCAL CLIMATOLOGICAL DATA (WS FORM: F-6) , PAGE 2

                                          STATION:  ATLANTIC CITY NJ
                                          MONTH:    DECEMBER
                                          YEAR:     2017
                                          LATITUDE:   39 27 N
                                          LONGITUDE:  74 34 W

[TEMPERATURE DATA]      [PRECIPITATION DATA]       SYMBOLS USED IN COLUMN 16

AVERAGE MONTHLY: 37.8   TOTAL FOR MONTH:   1.03    1 = FOG OR MIST
DPTR FM NORMAL:  -1.4   DPTR FM NORMAL:   -0.94    2 = FOG REDUCING VISIBILITY
HIGHEST:    63 ON  5    GRTST 24HR  0.39 ON  5- 5      TO 1/4 MILE OR LESS
LOWEST:     15 ON 16                               3 = THUNDER
                        SNOW, ICE PELLETS, HAIL    4 = ICE PELLETS
                        TOTAL MONTH:   5.2 INCHES  5 = HAIL
                        GRTST 24HR   3.0 ON  9- 9  6 = FREEZING RAIN OR DRIZZLE
                        GRTST DEPTH:   2 ON 10     7 = DUSTSTORM OR SANDSTORM:
                                                       VSBY 1/2 MILE OR LESS
                                                   8 = SMOKE OR HAZE
[NO. OF DAYS WITH]      [WEATHER - DAYS WITH]      9 = BLOWING SNOW
                                                   X = TORNADO
MAX 32 OR BELOW:   2    0.01 INCH OR MORE:   7
MAX 90 OR ABOVE:   0    0.10 INCH OR MORE:   4
MIN 32 OR BELOW:  13    0.50 INCH OR MORE:   0
MIN  0 OR BELOW:   0    1.00 INCH OR MORE:   0

[HDD (BASE 65) ]
TOTAL THIS MO.   431    CLEAR  (SCALE 0-3)   6
DPTR FM NORMAL    18    PTCLDY (SCALE 4-7)   9
TOTAL FM JUL 1  1134    CLOUDY (SCALE 8-10)  1
DPTR FM NORMAL  -186

[CDD (BASE 65) ]
TOTAL THIS MO.     0
DPTR FM NORMAL     0    [PRESSURE DATA]
TOTAL FM JAN 1  1264    HIGHEST SLP M ON M
DPTR FM NORMAL   209    LOWEST  SLP 29.45 ON 12

[REMARKS]
