000
CXUS51 KPHI 220800
CF6ACY
PRELIMINARY LOCAL CLIMATOLOGICAL DATA (WS FORM: F-6)

                                          STATION:   ATLANTIC CITY NJ
                                          MONTH:     AUGUST
                                          YEAR:      2014
                                          LATITUDE:   39 27 N
                                          LONGITUDE:  74 34 W

  TEMPERATURE IN F:       :PCPN:    SNOW:  WIND      :SUNSHINE: SKY     :PK WND
================================================================================
1   2   3   4   5  6A  6B    7    8   9   10  11  12  13   14  15   16   17  18
                                     12Z  AVG MX 2MIN
DY MAX MIN AVG DEP HDD CDD  WTR  SNW DPTH SPD SPD DIR MIN PSBL S-S WX    SPD DR
================================================================================

 1  82  69  76   0   0  11 0.09  0.0    0  4.8 16 290   M    M   3 1      20 160
 2  73  66  70  -6   0   5 1.95  0.0    0  6.9 15  20   M    M  10 1      19 360
 3  74  66  70  -6   0   5 0.80  0.0    0  5.5 13  60   M    M   9 1      18  60
 4  83  63  73  -3   0   8 0.00  0.0    0  4.0 15 190   M    M   4 12     19 180
 5  85  64  75  -1   0  10 0.00  0.0    0  4.2 13 160   M    M   3 12     19 160
 6  82  65  74  -2   0   9 0.00  0.0    0  7.1 14 320   M    M   1        20 170
 7  83  62  73  -3   0   8 0.00  0.0    0  7.1 15 360   M    M   1        20 300
 8  81  56  69  -7   0   4 0.00  0.0    0  5.4 13 310   M    M   0        17 330
 9  84  59  72  -3   0   7 0.00  0.0    0  5.3 13 110   M    M   1        16 120
10  85  60  73  -2   0   8 0.00  0.0    0  3.8 12 160   M    M   3 1      16 170
11  81  55  68  -7   0   3 0.00  0.0    0  6.4 14 120   M    M   1 12     20 100
12  80  69  75   0   0  10 4.41  0.0    0 12.2 24 110   M    M   6 13     32 100
13  84  68  76   1   0  11 1.17  0.0    0  9.5 18 280   M    M   5 13     27 230
14  79  60  70  -5   0   5 0.00  0.0    0  8.5 16 230   M    M   0        22 240
15  77  56  67  -8   0   2 0.00  0.0    0  7.2 16 260   M    M   0        26 240
16  79  54  67  -8   0   2 0.00  0.0    0  3.6 15 160   M    M   2        19 200
17  83  59  71  -3   0   6    T  0.0    0  6.8 20 300   M    M   2 1      24 310
18  82  56  69  -5   0   4 0.00  0.0    0  4.7 13 180   M    M   2        16 310
19  81  64  73  -1   0   8 0.00  0.0    0  5.4 13 130   M    M   3        17 150
20  81  63  72  -2   0   7 0.00  0.0    0  4.5 12 140   M    M   3        16 160
21  81  61  71  -3   0   6    T  0.0    0  5.4 13 150   M    M   2 1      17 150
================================================================================
SM 1700 1295         0 139  8.42     0.0 128.3          M       61
================================================================================
AV 81.0 61.7                               6.1 FASTST   M    M   3    MAX(MPH)
                                 MISC ---->  # 24 110               # 32  100
================================================================================
NOTES:
# LAST OF SEVERAL OCCURRENCES

COLUMN 17 PEAK WIND IN M.P.H.

PRELIMINARY LOCAL CLIMATOLOGICAL DATA (WS FORM: F-6) , PAGE 2

                                          STATION:  ATLANTIC CITY NJ
                                          MONTH:    AUGUST
                                          YEAR:     2014
                                          LATITUDE:   39 27 N
                                          LONGITUDE:  74 34 W

[TEMPERATURE DATA]      [PRECIPITATION DATA]       SYMBOLS USED IN COLUMN 16

AVERAGE MONTHLY: 71.3   TOTAL FOR MONTH:   8.42    1 = FOG OR MIST
DPTR FM NORMAL:  -3.8   DPTR FM NORMAL:    5.48    2 = FOG REDUCING VISIBILITY
HIGHEST:    85 ON 10, 5 GRTST 24HR  5.58 ON 12-13      TO 1/4 MILE OR LESS
LOWEST:     54 ON 16                               3 = THUNDER
                        SNOW, ICE PELLETS, HAIL    4 = ICE PELLETS
                        TOTAL MONTH:   0.0 INCH    5 = HAIL
                        GRTST 24HR     0.0         6 = FREEZING RAIN OR DRIZZLE
                        GRTST DEPTH:   0           7 = DUSTSTORM OR SANDSTORM:
                                                       VSBY 1/2 MILE OR LESS
                                                   8 = SMOKE OR HAZE
[NO. OF DAYS WITH]      [WEATHER - DAYS WITH]      9 = BLOWING SNOW
                                                   X = TORNADO
MAX 32 OR BELOW:   0    0.01 INCH OR MORE:   5
MAX 90 OR ABOVE:   0    0.10 INCH OR MORE:   4
MIN 32 OR BELOW:   0    0.50 INCH OR MORE:   4
MIN  0 OR BELOW:   0    1.00 INCH OR MORE:   3

[HDD (BASE 65) ]
TOTAL THIS MO.     0    CLEAR  (SCALE 0-3)  15
DPTR FM NORMAL     0    PTCLDY (SCALE 4-7)   4
TOTAL FM JUL 1     0    CLOUDY (SCALE 8-10)  2
DPTR FM NORMAL     0

[CDD (BASE 65) ]
TOTAL THIS MO.   139
DPTR FM NORMAL   -75    [PRESSURE DATA]
TOTAL FM JAN 1   662    HIGHEST SLP M ON M
DPTR FM NORMAL  -166    LOWEST  SLP 29.69 ON 13

[REMARKS]
