000
CXUS54 KLZK 301430
CF6ADF
PRELIMINARY LOCAL CLIMATOLOGICAL DATA (WS FORM: F-6)

                                          STATION:   Arkadelphia Airport
                                          MONTH:     JANUARY
                                          YEAR:      2015
                                          LATITUDE:   34  9 N
                                          LONGITUDE:  93  4 W

  TEMPERATURE IN F:       :PCPN:    SNOW:  WIND      :SUNSHINE: SKY     :PK WND
================================================================================
1   2   3   4   5  6A  6B    7    8   9   10  11  12  13   14  15   16   17  18
                                     12Z  AVG MX 2MIN
DY MAX MIN AVG DEP HDD CDD  WTR  SNW DPTH SPD SPD DIR MIN PSBL S-S WX    SPD DR
================================================================================

 1  38  35  37  -4  28   0 0.55    M    0  1.9  7  20   M    M   7 1       M  M
 2  43  36  40  -1  25   0 0.57    M    0  5.3  9  20   M    M  10 1       M  M
 3  51  40  46   5  19   0 0.95    M    0  7.6 16 280   M    M   9 13      M  M
 4  43  29  36  -5  29   0 0.00  0.0    0  7.3 14 300   M    M   4         M  M
 5  41  24  33  -8  32   0 0.00  0.0    0  3.3  9  20   M    M   0         M  M
 6  57  25  41   0  24   0 0.00  0.0    0  1.5  8  50   M    M   0         M  M
 7  40  19  30 -11  35   0 0.00  0.0    0  8.4 17  10   M    M   0         M  M
 8  35  13  24 -17  41   0 0.00  0.0    0  4.8 12 210   M    M   0         M  M
 9  42  20  31 -10  34   0 0.00  0.0    0  3.5 10  30   M    M   0         M  M
10  37  22  30 -11  35   0    T    M    0  3.6  7 100   M    M   2         M  M
11  40  32  36  -5  29   0 0.68    M    0  3.2  7  30   M    M  10 1       M  M
12  46  38  42   1  23   0    T    M    0  6.0 13  20   M    M  10 1       M  M
13  42  27  35  -6  30   0 0.00  0.0    0  7.8 14  20   M    M   3         M  M
14  43  24  34  -7  31   0 0.00  0.0    0  3.6  7  40   M    M   1         M  M
15  53  29  41   0  24   0    T    M    0  1.5  8 250   M    M   3         M  M
16  58  25  42   1  23   0 0.00  0.0    0  2.0 10 180   M    M   0 1       M  M
17  65  26  46   5  19   0 0.00  0.0    0  4.2 18 220   M    M   1         M  M
18  66  29  48   7  17   0 0.00  0.0    0  3.5 12 220   M    M   0         M  M
19  65  29  47   6  18   0 0.00  0.0    0  2.8 15 230   M    M   0         M  M
20  66  31  49   8  16   0 0.00  0.0    0  3.5 10  20   M    M   0         M  M
21  62  29  46   5  19   0 0.00  0.0    0  0.8  6  90   M    M   0         M  M
22  49  40  45   4  20   0 0.28    M    0  9.0 17  40   M    M   6 1       M  M
23  49  38  44   3  21   0    T    M    0  7.7 12  20   M    M   2         M  M
24  61  25  43   1  22   0 0.00  0.0    0  4.3 12 220   M    M   0         M  M
25  63  31  47   5  18   0 0.00  0.0    0  8.7 17 270   M    M   3 1      32 250
26  62  31  47   5  18   0 0.00  0.0    0  3.8 12 240   M    M   1         M  M
27  72  33  53  11  12   0 0.00  0.0    0  1.5  7  30   M    M   0 8       M  M
28  73  36  55  13  10   0 0.00  0.0    0  4.0  9 170   M    M   0         M  M
29  67  41  54  12  11   0 0.00  0.0    0  5.8 16 330   M    M   0         M  M
================================================================================
SM 1529  857       683   0  3.03     0.0 130.9          M       72
================================================================================
AV 52.7 29.6                               4.5 FASTST   M    M   2    MAX(MPH)
                                 MISC ---->    18   M                 32    M
================================================================================
NOTES:
# LAST OF SEVERAL OCCURRENCES

COLUMN 17 PEAK WIND IN M.P.H.

PRELIMINARY LOCAL CLIMATOLOGICAL DATA (WS FORM: F-6) , PAGE 2

                                          STATION:  Arkadelphia Airport
                                          MONTH:    JANUARY
                                          YEAR:     2015
                                          LATITUDE:   34  9 N
                                          LONGITUDE:  93  4 W

[TEMPERATURE DATA]      [PRECIPITATION DATA]       SYMBOLS USED IN COLUMN 16

AVERAGE MONTHLY: 41.1   TOTAL FOR MONTH:   3.03    1 = FOG OR MIST
DPTR FM NORMAL:  -0.1   DPTR FM NORMAL:   -0.58    2 = FOG REDUCING VISIBILITY
HIGHEST:    73 ON 28    GRTST 24HR  0.95 ON  3- 3      TO 1/4 MILE OR LESS
LOWEST:     13 ON  8                               3 = THUNDER
                        SNOW, ICE PELLETS, HAIL    4 = ICE PELLETS
                        TOTAL MONTH:   0.0 INCH    5 = HAIL
                        GRTST 24HR     0.0         6 = FREEZING RAIN OR DRIZZLE
                        GRTST DEPTH:   0           7 = DUSTSTORM OR SANDSTORM:
                                                       VSBY 1/2 MILE OR LESS
                                                   8 = SMOKE OR HAZE
[NO. OF DAYS WITH]      [WEATHER - DAYS WITH]      9 = BLOWING SNOW
                                                   X = TORNADO
MAX 32 OR BELOW:   0    0.01 INCH OR MORE:   5
MAX 90 OR ABOVE:   0    0.10 INCH OR MORE:   5
MIN 32 OR BELOW:  20    0.50 INCH OR MORE:   4
MIN  0 OR BELOW:   0    1.00 INCH OR MORE:   0

[HDD (BASE 65) ]
TOTAL THIS MO.   683    CLEAR  (SCALE 0-3)  21
DPTR FM NORMAL    -8    PTCLDY (SCALE 4-7)   4
TOTAL FM JUL 1  1869    CLOUDY (SCALE 8-10)  4
DPTR FM NORMAL   -42

[CDD (BASE 65) ]
TOTAL THIS MO.     0
DPTR FM NORMAL     0    [PRESSURE DATA]
TOTAL FM JAN 1     0    HIGHEST SLP M ON M
DPTR FM NORMAL     0    LOWEST  SLP M ON M

[REMARKS]
