000
CXUS54 KLCH 181010
CF6AEX
PRELIMINARY LOCAL CLIMATOLOGICAL DATA (WS FORM: F-6)

                                          STATION:   ALEXANDRIA
                                          MONTH:     DECEMBER
                                          YEAR:      2014
                                          LATITUDE:   31 19 N
                                          LONGITUDE:  92 33 W

  TEMPERATURE IN F:       :PCPN:    SNOW:  WIND      :SUNSHINE: SKY     :PK WND
================================================================================
1   2   3   4   5  6A  6B    7    8   9   10  11  12  13   14  15   16   17  18
                                     12Z  AVG MX 2MIN
DY MAX MIN AVG DEP HDD CDD  WTR  SNW DPTH SPD SPD DIR MIN PSBL S-S WX    SPD DR
================================================================================

 1  79  50  65  13   0   0 0.32  0.0    0  5.6 21 320   M    M   7 1238   27 320
 2  51  43  47  -5  18   0 0.00  0.0    0  5.7 12 340   M    M  10 1      14 340
 3  64  46  55   3  10   0 0.00  0.0    0  3.6  8  20   M    M   6 12     14 340
 4  76  47  62  10   3   0 0.00  0.0    0  1.8  8 130   M    M   5 128     9 140
 5  77  61  69  17   0   4 0.00  0.0    0  8.7 17 190   M    M   8 1      24 180
 6  71  52  62  11   3   0 0.00  0.0    0  8.1 16  50   M    M  10 128    23  40
 7  56  44  50  -1  15   0 0.00  0.0    0  7.1 14  30   M    M   5 18     20  30
 8  63  37  50  -1  15   0 0.00  0.0    0  3.8 13 330   M    M   0 18     19 310
 9  68  34  51   0  14   0 0.00  0.0    0  4.2 14 320   M    M   0 18     17 320
10  55  37  46  -5  19   0 0.00  0.0    0  3.1 10  60   M    M   0 18     15  60
11  59  42  51   0  14   0 0.00  0.0    0  3.6 10 100   M    M   9        12 100
12  69  46  58   8   7   0 0.00  0.0    0  2.4  8 110   M    M   8        12 150
13  70  45  58   8   7   0 0.00  0.0    0  3.5  9 140   M    M   3 18     13 120
14  72  41  57   7   8   0 0.00  0.0    0  7.0 17 150   M    M   3 18     20 160
15  77  57  67  17   0   2 0.29  0.0    0  8.3 22 230   M    M   7 1      27 220
16  58  40  49  -1  16   0 0.00  0.0    0  8.7 18 310   M    M   0        24 320
17  57  33  45  -5  20   0 0.00  0.0    0  3.7 10  80   M    M   3        14  50
================================================================================
SM 1122  755       169   6  0.61     0.0  88.9          M       84
================================================================================
AV 66.0 44.4                               5.2 FASTST   M    M   5    MAX(MPH)
                                 MISC ---->  # 22 230               # 27  320
================================================================================
NOTES:
# LAST OF SEVERAL OCCURRENCES

COLUMN 17 PEAK WIND IN M.P.H.

PRELIMINARY LOCAL CLIMATOLOGICAL DATA (WS FORM: F-6) , PAGE 2

                                          STATION:  ALEXANDRIA
                                          MONTH:    DECEMBER
                                          YEAR:     2014
                                          LATITUDE:   31 19 N
                                          LONGITUDE:  92 33 W

[TEMPERATURE DATA]      [PRECIPITATION DATA]       SYMBOLS USED IN COLUMN 16

AVERAGE MONTHLY: 55.2   TOTAL FOR MONTH:   0.61    1 = FOG OR MIST
DPTR FM NORMAL:   4.3   DPTR FM NORMAL:   -3.28    2 = FOG REDUCING VISIBILITY
HIGHEST:    79 ON  1    GRTST 24HR  0.32 ON  1- 1      TO 1/4 MILE OR LESS
LOWEST:     33 ON 17                               3 = THUNDER
                        SNOW, ICE PELLETS, HAIL    4 = ICE PELLETS
                        TOTAL MONTH:   0.0 INCH    5 = HAIL
                        GRTST 24HR     0.0         6 = FREEZING RAIN OR DRIZZLE
                        GRTST DEPTH:   0           7 = DUSTSTORM OR SANDSTORM:
                                                       VSBY 1/2 MILE OR LESS
                                                   8 = SMOKE OR HAZE
[NO. OF DAYS WITH]      [WEATHER - DAYS WITH]      9 = BLOWING SNOW
                                                   X = TORNADO
MAX 32 OR BELOW:   0    0.01 INCH OR MORE:   2
MAX 90 OR ABOVE:   0    0.10 INCH OR MORE:   2
MIN 32 OR BELOW:   0    0.50 INCH OR MORE:   0
MIN  0 OR BELOW:   0    1.00 INCH OR MORE:   0

[HDD (BASE 65) ]
TOTAL THIS MO.   169    CLEAR  (SCALE 0-3)   7
DPTR FM NORMAL   -75    PTCLDY (SCALE 4-7)   6
TOTAL FM JUL 1   562    CLOUDY (SCALE 8-10)  4
DPTR FM NORMAL    -7

[CDD (BASE 65) ]
TOTAL THIS MO.     6
DPTR FM NORMAL     4    [PRESSURE DATA]
TOTAL FM JAN 1  2487    HIGHEST SLP M ON M
DPTR FM NORMAL   -25    LOWEST  SLP 29.94 ON 15

[REMARKS]
