000
CXUS55 KCYS 291000
CF6AIA
PRELIMINARY LOCAL CLIMATOLOGICAL DATA (WS FORM: F-6)

                                          STATION:   ALLIANCE NEBRASKA AIRPORT
                                          MONTH:     MAY
                                          YEAR:      2015
                                          LATITUDE:   42  2 N
                                          LONGITUDE: 102 48 W

  TEMPERATURE IN F:       :PCPN:    SNOW:  WIND      :SUNSHINE: SKY     :PK WND
================================================================================
1   2   3   4   5  6A  6B    7    8   9   10  11  12  13   14  15   16   17  18
                                     12Z  AVG MX 2MIN
DY MAX MIN AVG DEP HDD CDD  WTR  SNW DPTH SPD SPD DIR MIN PSBL S-S WX    SPD DR
================================================================================

 1  71  36  54   4  11   0 0.00    M    M  6.2 15 200   M    M   2        22 170
 2  82  41  62  12   3   0 0.00    M    M 10.4 25 240   M    M   1        33 240
 3  71  40  56   6   9   0 0.00    M    M 13.1 25  40   M    M   0        33  40
 4  61  44  53   3  12   0 0.05    M    M  9.7 21 110   M    M   9        27 110
 5  60  50  55   4  10   0 0.07    M    M 10.2 16 150   M    M  10 1      22 150
 6  65  47  56   5   9   0 0.35    M    M 11.7 23 340   M    M   8 1      30 340
 7  53  37  45  -7  20   0 0.07    M    M  9.9 16 310   M    M   9 1      21 320
 8  57  33  45  -7  20   0 0.32    M    M  7.3 15  90   M    M   9 1      21 120
 9  48  29  39 -13  26   0 1.57    M    M 20.1 32  30   M    M  10 12     39  30
10  37  29  33 -20  32   0 0.17    M    M 21.8 36 340   M    M  10 128    44 340
11  52  29  41 -12  24   0 0.00    M    M 12.7 23 320   M    M   3        29 320
12  76  29  53   0  12   0 0.00    M    M 17.4 30 170   M    M   0        38 170
13  65  48  57   3   8   0 0.09    M    M 13.2 21 210   M    M   4        26 160
14  74  41  58   4   7   0 0.02    M    M  6.9 17  90   M    M   3 12     23  80
15  73  48  61   7   4   0 1.51    M    M 15.7 32 190   M    M   9 13     50 190
16  68  43  56   1   9   0 0.00    M    M  7.0 16  80   M    M   4 13     21  90
17  66  44  55   0  10   0 0.00    M    M 17.5 28 330   M    M   3        35 330
18  58  39  49  -7  16   0 0.00    M    M  9.8 18 350   M    M   8        22 360
19  49  32  41 -15  24   0 0.51    M    M 10.5 18 110   M    M  10 12     23 120
20  45  32  39 -17  26   0 0.00    M    M  6.2 13  40   M    M   9 1      17  50
21  57  28  43 -14  22   0 0.00    M    M  8.7 17 160   M    M   7        22 150
22  52  45  49  -8  16   0 0.03    M    M 14.7 25 130   M    M  10 1      30 130
23  57  46  52  -5  13   0 0.29    M    M 11.6 22 110   M    M  10 12     26 120
24  69  50  60   2   5   0 1.21    M    M  7.9 22  30   M    M   7 13     27  20
25  59  48  54  -4  11   0 1.18    M    M  7.3 17  20   M    M   8 1      22  30
26  68  50  59   1   6   0 0.00    M    M  6.7 13 150   M    M   6        23  60
27  73  52  63   4   2   0 0.14    M    M 14.2 28 250   M    M   4 13     35 240
28  76  50  63   4   2   0 0.09    M    M  9.2 26 330   M    M   3 13     35 330
================================================================================
SM 1742 1140       369   0  7.67    M    317.6          M      176
================================================================================
AV 62.2 40.7                              11.3 FASTST   M    M   6    MAX(MPH)
                                 MISC ---->  # 36 340               # 50  190
================================================================================
NOTES:
# LAST OF SEVERAL OCCURRENCES

COLUMN 17 PEAK WIND IN M.P.H.

PRELIMINARY LOCAL CLIMATOLOGICAL DATA (WS FORM: F-6) , PAGE 2

                                          STATION:  ALLIANCE NEBRASKA AIRPORT
                                          MONTH:    MAY
                                          YEAR:     2015
                                          LATITUDE:   42  2 N
                                          LONGITUDE: 102 48 W

[TEMPERATURE DATA]      [PRECIPITATION DATA]       SYMBOLS USED IN COLUMN 16

AVERAGE MONTHLY: 51.5   TOTAL FOR MONTH:   7.67    1 = FOG OR MIST
DPTR FM NORMAL:  -2.8   DPTR FM NORMAL:    5.40    2 = FOG REDUCING VISIBILITY
HIGHEST:    82 ON  2    GRTST 24HR  1.74 ON  8- 9      TO 1/4 MILE OR LESS
LOWEST:     28 ON 21                               3 = THUNDER
                        SNOW, ICE PELLETS, HAIL    4 = ICE PELLETS
                        TOTAL MONTH:    M          5 = HAIL
                        GRTST 24HR    M  ON   M    6 = FREEZING RAIN OR DRIZZLE
                        GRTST DEPTH:  M  ON   M    7 = DUSTSTORM OR SANDSTORM:
                                                       VSBY 1/2 MILE OR LESS
                                                   8 = SMOKE OR HAZE
[NO. OF DAYS WITH]      [WEATHER - DAYS WITH]      9 = BLOWING SNOW
                                                   X = TORNADO
MAX 32 OR BELOW:   0    0.01 INCH OR MORE:  17
MAX 90 OR ABOVE:   0    0.10 INCH OR MORE:  10
MIN 32 OR BELOW:   7    0.50 INCH OR MORE:   5
MIN  0 OR BELOW:   0    1.00 INCH OR MORE:   4

[HDD (BASE 65) ]
TOTAL THIS MO.   369    CLEAR  (SCALE 0-3)   7
DPTR FM NORMAL    61    PTCLDY (SCALE 4-7)   7
TOTAL FM JUL 1  6864    CLOUDY (SCALE 8-10) 14
DPTR FM NORMAL  -333

[CDD (BASE 65) ]
TOTAL THIS MO.     0
DPTR FM NORMAL    -3    [PRESSURE DATA]
TOTAL FM JAN 1     0    HIGHEST SLP M ON M
DPTR FM NORMAL    -3    LOWEST  SLP 29.52 ON M

[REMARKS]
