000
CXUS53 KGRB 101410
CF6AIG
PRELIMINARY LOCAL CLIMATOLOGICAL DATA (WS FORM: F-6)

                                          STATION:   ANTIGO AWOS
                                          MONTH:     JANUARY
                                          YEAR:      2015
                                          LATITUDE:   45  9 N
                                          LONGITUDE:  89  8 W

  TEMPERATURE IN F:       :PCPN:    SNOW:  WIND      :SUNSHINE: SKY     :PK WND
================================================================================
1   2   3   4   5  6A  6B    7    8   9   10  11  12  13   14  15   16   17  18
                                     12Z  AVG MX 2MIN
DY MAX MIN AVG DEP HDD CDD  WTR  SNW DPTH SPD SPD DIR MIN PSBL S-S WX    SPD DR
================================================================================

 1  22   4  13   1  52   0 0.00  0.0    0 11.5 17 270   M    M   8        22 270
 2  16 -10   3  -9  62   0 0.00  0.0    0  5.1  9 220   M    M   4         M  M
 3  28  12  20   8  45   0 0.00  0.0    0  4.5 10 130   M    M  10 1       M  M
 4  26 -13   7  -5  58   0 0.01    M    0 16.7 23 340   M    M   6 8      33 340
 5  -5 -19 -12 -24  77   0 0.00  0.0    0  9.3 14 290   M    M   2        18 290
 6   3 -14  -5 -16  70   0 0.00  0.0    0 11.5 16 300   M    M   4        24 300
 7  -3 -12  -7 -18  72   0 0.00  0.0    0 15.0 18 310   M    M   1 8      29 310
 8   1 -11  -5 -16  70   0 0.00  0.0    0 11.8 18 300   M    M   6        25 300
 9   1  -9  -4 -15  69   0 0.00  0.0    0 15.8 23 290   M    M   1        27 290
10  10 -12  -1 -12  66   0 0.00  0.0    0  7.6 12 220   M    M   4         M  M
11  16   7  12   1  53   0 0.00  0.0    0  3.5 10 320   M    M   8         M  M
12  10 -14  -2 -13  67   0 0.00  0.0    0  6.7 15  10   M    M   1        18  10
13  13 -24  -5 -16  70   0 0.00  0.0    0  4.1 12 220   M    M   1        17 220
14  16  -4   6  -5  59   0 0.03    M    0  6.4  8 230   M    M  10 1       M  M
15  30  16  23  12  42   0 0.00  0.0    0 12.0 16 300   M    M   7 1      22 300
16  22  10  16   5  49   0 0.00  0.0    0  8.1 15 130   M    M   9        21 130
17  34  15  25  14  40   0 0.00  0.0    0 12.6 22 300   M    M  10 1      30 310
18  33  27  30  19  35   0 0.00  0.0    0 12.0 21 300   M    M  10        27 300
19  27  19  23  12  42   0 0.00  0.0    0  6.1  9 120   M    M  10         M  M
20  22  18  20   9  45   0 0.00  0.0    0  4.6  8 120   M    M  10         M  M
21  25  19  22  11  43   0 0.00  0.0    0  2.8  7 330   M    M  10 1       M  M
22  26  16  21  10  44   0 0.00  0.0    0  9.0 20 230   M    M   5        24 230
23  30  22  26  15  39   0 0.00  0.0    0 13.5 18 250   M    M  10        28 240
24  35  27  31  20  34   0 0.00  0.0    0  8.5 16  50   M    M  10         M  M
25  27   8  18   7  47   0 0.00  0.0    0  8.0 17  40   M    M   8        17  70
26  20   4  12   1  53   0 0.00  0.0    0  7.9 14 140   M    M   9 1      18 150
27  23  19  21  10  44   0 0.00  0.0    0  4.1  6 190   M    M  10 1       M  M
28  26  20  23  11  42   0 0.00  0.0    0 11.1 16 170   M    M   7        23 170
29  29  17  23  11  42   0 0.00  0.0    0 13.5 22 350   M    M  10 18     35 330
30  16  10  13   1  52   0 0.00  0.0    0  6.3 13 340   M    M  10         M  M
31  24  10  17   5  48   0 0.00  0.0    0  8.1 14  50   M    M  10        22  60
================================================================================
SM  603  158      1631   0  0.04     0.0 277.7          M      221
================================================================================
AV 19.5  5.1                               9.0 FASTST   M    M   7    MAX(MPH)
                                 MISC ---->  # 23 340               # 35  330
================================================================================
NOTES:
# LAST OF SEVERAL OCCURRENCES

COLUMN 17 PEAK WIND IN M.P.H.

PRELIMINARY LOCAL CLIMATOLOGICAL DATA (WS FORM: F-6) , PAGE 2

                                          STATION:  ANTIGO AWOS
                                          MONTH:    JANUARY
                                          YEAR:     2015
                                          LATITUDE:   45  9 N
                                          LONGITUDE:  89  8 W

[TEMPERATURE DATA]      [PRECIPITATION DATA]       SYMBOLS USED IN COLUMN 16

AVERAGE MONTHLY: 12.3   TOTAL FOR MONTH:   0.04    1 = FOG OR MIST
DPTR FM NORMAL:   1.1   DPTR FM NORMAL:   -0.72    2 = FOG REDUCING VISIBILITY
HIGHEST:    35 ON 24    GRTST 24HR  0.03 ON 14-14      TO 1/4 MILE OR LESS
LOWEST:    -24 ON 13                               3 = THUNDER
                        SNOW, ICE PELLETS, HAIL    4 = ICE PELLETS
                        TOTAL MONTH:   0.0 INCH    5 = HAIL
                        GRTST 24HR     0.0         6 = FREEZING RAIN OR DRIZZLE
                        GRTST DEPTH:   0           7 = DUSTSTORM OR SANDSTORM:
                                                       VSBY 1/2 MILE OR LESS
                                                   8 = SMOKE OR HAZE
[NO. OF DAYS WITH]      [WEATHER - DAYS WITH]      9 = BLOWING SNOW
                                                   X = TORNADO
MAX 32 OR BELOW:  28    0.01 INCH OR MORE:   2
MAX 90 OR ABOVE:   0    0.10 INCH OR MORE:   0
MIN 32 OR BELOW:  31    0.50 INCH OR MORE:   0
MIN  0 OR BELOW:  11    1.00 INCH OR MORE:   0

[HDD (BASE 65) ]
TOTAL THIS MO.  1631    CLEAR  (SCALE 0-3)   5
DPTR FM NORMAL   -37    PTCLDY (SCALE 4-7)  11
TOTAL FM JUL 1  5499    CLOUDY (SCALE 8-10) 15
DPTR FM NORMAL   218

[CDD (BASE 65) ]
TOTAL THIS MO.     0
DPTR FM NORMAL     0    [PRESSURE DATA]
TOTAL FM JAN 1     0    HIGHEST SLP M ON M
DPTR FM NORMAL     0    LOWEST  SLP M ON M

[REMARKS]
#FINAL-01-15#
