000
CXAK56 PAJK 241245
CF6AJN
PRELIMINARY LOCAL CLIMATOLOGICAL DATA (WS FORM: F-6)

                                          STATION:   JUNEAU
                                          MONTH:     NOVEMBER
                                          YEAR:      2014
                                          LATITUDE:   58 22 N
                                          LONGITUDE: 134 35 W

  TEMPERATURE IN F:       :PCPN:    SNOW:  WIND      :SUNSHINE: SKY     :PK WND
================================================================================
1   2   3   4   5  6A  6B    7    8   9   10  11  12  13   14  15   16   17  18
                                     12Z  AVG MX 2MIN
DY MAX MIN AVG DEP HDD CDD  WTR  SNW DPTH SPD SPD DIR MIN PSBL S-S WX    SPD DR
================================================================================

 1  45  41  43   6  22   0 0.59  0.0    0 20.3 32 120   M    M  10 1      41 110
 2  44  41  43   6  22   0 0.24  0.0    0 12.1 23 120   M    M  10 1      29 110
 3  46  37  42   6  23   0 0.03  0.0    0  5.8 14 130   M    M   9 1      21 120
 4  44  37  41   5  24   0 0.58  0.0    0 10.1 23 120   M    M  10 1      31 120
 5  47  38  43   7  22   0 0.21  0.0    0  6.8 21 120   M    M  10 1      27 120
 6  44  37  41   6  24   0 0.26  0.0    0  8.7 15 100   M    M  10 1      22 130
 7  44  38  41   6  24   0 0.05  0.0    0  6.8 21 130   M    M  10        24 130
 8  43  38  41   6  24   0 0.21  0.0    0  8.4 18  90   M    M  10 1      22  90
 9  43  36  40   5  25   0 0.01  0.0    0  2.5  9  70   M    M   9 12     13  60
10  43  36  40   6  25   0 0.02  0.0    0  3.3 12 100   M    M  10 1      13 100
11  39  26  33  -1  32   0 0.00  0.0    0  0.3  6 200   M    M   9 12      7  20
12  37  23  30  -4  35   0 0.00  0.0    0  0.3  6 220   M    M   3 1      12 210
13  36  21  29  -5  36   0 0.00  0.0    0  0.1  5 190   M    M   1 1       5 190
14  34  20  27  -6  38   0 0.00  0.0    0  0.0  5  90   M    M   3 1       5 110
15  35  19  27  -6  38   0 0.00  0.0    0  1.0  6  90   M    M   1 1       6  90
16  37  18  28  -5  37   0    T    T    0  2.9 15  90   M    M   6 1      19 140
17  39  28  34   1  31   0    T    T    T  1.7 13  90   M    M   8 12     16  80
18  42  28  35   2  30   0 0.50  0.0    0  2.0 17 120   M    M  10 12     23 120
19  40  35  38   6  27   0 0.47  0.0    0  0.7  7 300   M    M  10 12      7 290
20  37  33  35   3  30   0    T  0.0    0  0.6  7 290   M    M  10 12      7  70
21  44  33  39   7  26   0 0.13  0.0    0  4.1 15 260   M    M  10        19 130
22  42  39  41   9  24   0 0.06  0.0    0 11.0 21 140   M    M  10 1      26 140
23  42  38  40   8  25   0 0.06  0.0    0 10.4 18  80   M    M  10 1      21 110
================================================================================
SM  947  740       644   0  3.42    T    119.9          M      189
================================================================================
AV 41.2 32.2                               5.2 FASTST   M    M   8    MAX(MPH)
                                 MISC ---->  # 32 120               # 41  110
================================================================================
NOTES:
# LAST OF SEVERAL OCCURRENCES

COLUMN 17 PEAK WIND IN M.P.H.

PRELIMINARY LOCAL CLIMATOLOGICAL DATA (WS FORM: F-6) , PAGE 2

                                          STATION:  JUNEAU
                                          MONTH:    NOVEMBER
                                          YEAR:     2014
                                          LATITUDE:   58 22 N
                                          LONGITUDE: 134 35 W

[TEMPERATURE DATA]      [PRECIPITATION DATA]       SYMBOLS USED IN COLUMN 16

AVERAGE MONTHLY: 36.7   TOTAL FOR MONTH:   3.42    1 = FOG OR MIST
DPTR FM NORMAL:   2.6   DPTR FM NORMAL:   -1.17    2 = FOG REDUCING VISIBILITY
HIGHEST:    47 ON  5    GRTST 24HR  0.93 ON 18-19      TO 1/4 MILE OR LESS
LOWEST:     18 ON 16                               3 = THUNDER
                        SNOW, ICE PELLETS, HAIL    4 = ICE PELLETS
                        TOTAL MONTH:    T          5 = HAIL
                        GRTST 24HR    T  ON 17-17  6 = FREEZING RAIN OR DRIZZLE
                        GRTST DEPTH:   T           7 = DUSTSTORM OR SANDSTORM:
                                                       VSBY 1/2 MILE OR LESS
                                                   8 = SMOKE OR HAZE
[NO. OF DAYS WITH]      [WEATHER - DAYS WITH]      9 = BLOWING SNOW
                                                   X = TORNADO
MAX 32 OR BELOW:   0    0.01 INCH OR MORE:  15
MAX 90 OR ABOVE:   0    0.10 INCH OR MORE:   9
MIN 32 OR BELOW:   8    0.50 INCH OR MORE:   3
MIN  0 OR BELOW:   0    1.00 INCH OR MORE:   0

[HDD (BASE 65) ]
TOTAL THIS MO.   644    CLEAR  (SCALE 0-3)   4
DPTR FM NORMAL   -68    PTCLDY (SCALE 4-7)   1
TOTAL FM JUL 1  2158    CLOUDY (SCALE 8-10) 18
DPTR FM NORMAL  -239

[CDD (BASE 65) ]
TOTAL THIS MO.     0
DPTR FM NORMAL     0    [PRESSURE DATA]
TOTAL FM JAN 1     0    HIGHEST SLP M ON M
DPTR FM NORMAL    -2    LOWEST  SLP 29.14 ON M

[REMARKS]
