000
CXUS54 KAMA 011015
CF6AMA
PRELIMINARY LOCAL CLIMATOLOGICAL DATA (WS FORM: F-6)

                                          STATION:   AMARILLO
                                          MONTH:     SEPTEMBER
                                          YEAR:      2014
                                          LATITUDE:   35 13 N
                                          LONGITUDE: 101 42 W

  TEMPERATURE IN F:       :PCPN:    SNOW:  WIND      :SUNSHINE: SKY     :PK WND
================================================================================
1   2   3   4   5  6A  6B    7    8   9   10  11  12  13   14  15   16   17  18
                                     12Z  AVG MX 2MIN
DY MAX MIN AVG DEP HDD CDD  WTR  SNW DPTH SPD SPD DIR MIN PSBL S-S WX    SPD DR
================================================================================

 1  95  66  81   7   0  16 0.00  0.0    0 10.9 26 200   M    M   0        34 200
 2  96  64  80   6   0  15 0.38    T    0 11.3 38  30   M    M   1 12358  50  30
 3  95  71  83   9   0  18 0.00  0.0    0 18.4 29 170   M    M   0        35 170
 4  91  67  79   5   0  14 0.00  0.0    0 19.9 31 190   M    M   0        38 200
 5  83  56  70  -3   0   5 1.21  0.0    0 11.8 26 360   M    M   6 1      32 360
 6  68  53  61 -12   4   0 0.71  0.0    0 10.4 22 360   M    M   9 1      25 360
 7  77  53  65  -8   0   0 0.00  0.0    0  6.8 16 220   M    M   5 12     20 200
 8  87  63  75   3   0  10 0.00  0.0    0 15.8 25 220   M    M   2        30 200
 9  92  69  81   9   0  16 0.00  0.0    0 18.3 29 190   M    M   1        37 190
10  80  62  71  -1   0   6 0.00  0.0    0 13.5 22  10   M    M   2        30 360
11  76  56  66  -5   0   1 0.03  0.0    0 10.8 18 130   M    M   3 13     22 130
12  61  45  53 -18  12   0 0.15  0.0    0 17.4 30  20   M    M  10 1      37  20
13  70  45  58 -13   7   0 0.00  0.0    0 11.8 20 190   M    M   5        30 170
14  73  55  64  -6   1   0 0.02  0.0    0 15.9 24 210   M    M   5 1      29 210
15  76  58  67  -3   0   2 0.00  0.0    0 12.5 23 210   M    M   8        30 210
16  78  57  68  -2   0   3 0.00  0.0    0  6.8 13 220   M    M   4 128    17 190
17  79  60  70   1   0   5 0.00  0.0    0  9.9 22 240   M    M   2 1      27 240
18  74  61  68  -1   0   3    T  0.0    0  9.4 18 160   M    M   4 1      23 160
19  77  61  69   1   0   4 0.04  0.0    0 10.1 21 170   M    M   6 1      24 170
20  82  62  72   4   0   7 0.00  0.0    0  5.8 14 160   M    M   5 1      17 140
21  83  62  73   5   0   8 0.85  0.0    0  9.4 38 170   M    M   5 123    49 170
22  76  58  67   0   0   2 0.00  0.0    0 13.3 24 130   M    M   3        29 140
23  83  61  72   5   0   7 0.00  0.0    0 14.9 25 200   M    M   2        31 200
24  79  57  68   2   0   3 0.77    T    0 10.7 43  30   M    M   2 1358   51  30
25  77  54  66   0   0   1 0.00  0.0    0  9.7 18 150   M    M   1 1      26 140
26  78  55  67   1   0   2 0.00  0.0    0 10.3 20 170   M    M   0        23 180
27  78  56  67   2   0   2 0.00  0.0    0 14.5 26 180   M    M   1 1      33 170
28  78  57  68   3   0   3 0.00  0.0    0 11.7 22 170   M    M   1 1      28 140
29  79  56  68   4   0   3 0.00  0.0    0 14.7 28 160   M    M   1        34 170
30  84  57  71   7   0   6    T  0.0    0 13.8 25 160   M    M   1        32 160
================================================================================
SM 2405 1757        24 162  4.16    T    370.5          M       95
================================================================================
AV 80.2 58.6                              12.4 FASTST   M    M   3    MAX(MPH)
                                 MISC ---->  # 43  30               # 51   30
================================================================================
NOTES:
# LAST OF SEVERAL OCCURRENCES

COLUMN 17 PEAK WIND IN M.P.H.

PRELIMINARY LOCAL CLIMATOLOGICAL DATA (WS FORM: F-6) , PAGE 2

                                          STATION:  AMARILLO
                                          MONTH:    SEPTEMBER
                                          YEAR:     2014
                                          LATITUDE:   35 13 N
                                          LONGITUDE: 101 42 W

[TEMPERATURE DATA]      [PRECIPITATION DATA]       SYMBOLS USED IN COLUMN 16

AVERAGE MONTHLY: 69.4   TOTAL FOR MONTH:   4.16    1 = FOG OR MIST
DPTR FM NORMAL:  -0.1   DPTR FM NORMAL:    2.24    2 = FOG REDUCING VISIBILITY
HIGHEST:    96 ON  2    GRTST 24HR  1.92 ON  5- 6      TO 1/4 MILE OR LESS
LOWEST:     45 ON 13,12                            3 = THUNDER
                        SNOW, ICE PELLETS, HAIL    4 = ICE PELLETS
                        TOTAL MONTH:    T          5 = HAIL
                        GRTST 24HR    T  ON 24-24  6 = FREEZING RAIN OR DRIZZLE
                        GRTST DEPTH:   0           7 = DUSTSTORM OR SANDSTORM:
                                                       VSBY 1/2 MILE OR LESS
                                                   8 = SMOKE OR HAZE
[NO. OF DAYS WITH]      [WEATHER - DAYS WITH]      9 = BLOWING SNOW
                                                   X = TORNADO
MAX 32 OR BELOW:   0    0.01 INCH OR MORE:   9
MAX 90 OR ABOVE:   5    0.10 INCH OR MORE:   6
MIN 32 OR BELOW:   0    0.50 INCH OR MORE:   4
MIN  0 OR BELOW:   0    1.00 INCH OR MORE:   1

[HDD (BASE 65) ]
TOTAL THIS MO.    24    CLEAR  (SCALE 0-3)  18
DPTR FM NORMAL   -19    PTCLDY (SCALE 4-7)  10
TOTAL FM JUL 1    24    CLOUDY (SCALE 8-10)  2
DPTR FM NORMAL   -20

[CDD (BASE 65) ]
TOTAL THIS MO.   162
DPTR FM NORMAL   -16    [PRESSURE DATA]
TOTAL FM JAN 1  1492    HIGHEST SLP 30.48 ON 13
DPTR FM NORMAL   122    LOWEST  SLP 29.61 ON  9

[REMARKS]
#FINAL-09-14#
