000
CXUS52 KJAX 010800
CF6AMG
PRELIMINARY LOCAL CLIMATOLOGICAL DATA (WS FORM: F-6)

                                          STATION:   ALMA GA
                                          MONTH:     JULY
                                          YEAR:      2015
                                          LATITUDE:   31 32 N
                                          LONGITUDE:  82 30 W

  TEMPERATURE IN F:       :PCPN:    SNOW:  WIND      :SUNSHINE: SKY     :PK WND
================================================================================
1   2   3   4   5  6A  6B    7    8   9   10  11  12  13   14  15   16   17  18
                                     12Z  AVG MX 2MIN
DY MAX MIN AVG DEP HDD CDD  WTR  SNW DPTH SPD SPD DIR MIN PSBL S-S WX    SPD DR
================================================================================

 1  91  69  80  -2   0  15 0.00  0.0    0  8.2 15 250   M    M   1        23 250
 2  91  71  81  -1   0  16 0.53  0.0    0  7.0 27 250   M    M   2 13     45 240
 3  91  70  81  -1   0  16 0.00  0.0    0  7.1 13 280   M    M   0        23 280
 4  92  72  82   0   0  17 0.13  0.0    0  5.4 22 310   M    M   2 13     30 300
 5  90  69  80  -2   0  15 0.48  0.0    0  5.2 25 280   M    M   4 13     37 300
 6  88  70  79  -3   0  14 0.00  0.0    0  4.0 12 270   M    M   5         M  M
 7  92  71  82   0   0  17 0.00  0.0    0  3.8 14 140   M    M   1        19 140
 8  93  71  82   0   0  17 0.00  0.0    0  1.9  9 130   M    M   1 1      12 150
 9  94  71  83   1   0  18 0.00  0.0    0  3.5 15 170   M    M   1 13     18 170
10  96  74  85   3   0  20 0.00  0.0    0  3.4 10 310   M    M   0 1      17 330
11  96  73  85   3   0  20    T  0.0    0  4.1 12 310   M    M   1 13     16 310
12  97  74  86   4   0  21 0.00  0.0    0  4.3 14 120   M    M   1 13     18 120
13  97  73  85   3   0  20 0.00  0.0    0  5.2 13 160   M    M   0 13     17 300
14  95  73  84   2   0  19 0.06  0.0    0  6.8 29 360   M    M   2 138    39 360
15  96  72  84   2   0  19 0.62  0.0    0  7.8 26 310   M    M   3 13     36 310
16  95  72  84   2   0  19 0.00  0.0    0  3.4  9 190   M    M   2        13 260
17  95  73  84   2   0  19 0.59  0.0    0  2.6 20 150   M    M   2 1238   25 150
18  95  73  84   2   0  19 0.00  0.0    0  2.3  8 100   M    M   5 12     12 100
19  94  74  84   2   0  19    T  0.0    0  3.8 16 190   M    M   1 13     23 190
20  95  73  84   2   0  19 0.03  0.0    0  6.2 22 310   M    M   2 13     29 310
21  96  78  87   5   0  22 0.00  0.0    0  6.3 18 300   M    M   2 13     26 300
22  97  76  87   5   0  22 0.00  0.0    0  6.1 14 320   M    M   0        18 300
23  97  74  86   4   0  21 0.51  0.0    0  5.7 24 320   M    M   1 13     29 320
24  92  73  83   1   0  18 0.85  0.0    0  5.6 14 150   M    M   5 13     19 320
25  90  68  79  -3   0  14    T  0.0    0  4.2 13 110   M    M   5 1      19 110
26  92  67  80  -2   0  15 0.00  0.0    0  4.6 14 100   M    M   2 1      18  50
27  94  72  83   1   0  18 0.00  0.0    0  4.4 16 120   M    M   3        22 130
28  95  74  85   3   0  20 0.00  0.0    0  3.0 10 110   M    M   4 12     15  20
29  94  73  84   2   0  19 1.68  0.0    0  3.4 18 310   M    M   3 13     24 310
30  93  74  84   2   0  19 0.00  0.0    0  2.0 12 200   M    M   5 12     17 200
31  92  75  84   2   0  19 0.00  0.0    0  3.8 15  50   M    M   3 13     23  70
================================================================================
SM 2905 2242         0 566  5.48     0.0 145.1          M       69
================================================================================
AV 93.7 72.3                               4.7 FASTST   M    M   2    MAX(MPH)
                                 MISC ---->  # 29 360               # 45  240
================================================================================
NOTES:
# LAST OF SEVERAL OCCURRENCES

COLUMN 17 PEAK WIND IN M.P.H.

PRELIMINARY LOCAL CLIMATOLOGICAL DATA (WS FORM: F-6) , PAGE 2

                                          STATION:  ALMA GA
                                          MONTH:    JULY
                                          YEAR:     2015
                                          LATITUDE:   31 32 N
                                          LONGITUDE:  82 30 W

[TEMPERATURE DATA]      [PRECIPITATION DATA]       SYMBOLS USED IN COLUMN 16

AVERAGE MONTHLY: 83.0   TOTAL FOR MONTH:   5.48    1 = FOG OR MIST
DPTR FM NORMAL:   1.0   DPTR FM NORMAL:    0.15    2 = FOG REDUCING VISIBILITY
HIGHEST:    97 ON 23,22 GRTST 24HR  1.68 ON 29-29      TO 1/4 MILE OR LESS
LOWEST:     67 ON 26                               3 = THUNDER
                        SNOW, ICE PELLETS, HAIL    4 = ICE PELLETS
                        TOTAL MONTH:   0.0 INCH    5 = HAIL
                        GRTST 24HR     0.0         6 = FREEZING RAIN OR DRIZZLE
                        GRTST DEPTH:   0           7 = DUSTSTORM OR SANDSTORM:
                                                       VSBY 1/2 MILE OR LESS
                                                   8 = SMOKE OR HAZE
[NO. OF DAYS WITH]      [WEATHER - DAYS WITH]      9 = BLOWING SNOW
                                                   X = TORNADO
MAX 32 OR BELOW:   0    0.01 INCH OR MORE:  10
MAX 90 OR ABOVE:  30    0.10 INCH OR MORE:   8
MIN 32 OR BELOW:   0    0.50 INCH OR MORE:   6
MIN  0 OR BELOW:   0    1.00 INCH OR MORE:   1

[HDD (BASE 65) ]
TOTAL THIS MO.     0    CLEAR  (SCALE 0-3)  24
DPTR FM NORMAL     0    PTCLDY (SCALE 4-7)   7
TOTAL FM JUL 1     0    CLOUDY (SCALE 8-10)  0
DPTR FM NORMAL     0

[CDD (BASE 65) ]
TOTAL THIS MO.   566
DPTR FM NORMAL    37    [PRESSURE DATA]
TOTAL FM JAN 1  1571    HIGHEST SLP 30.19 ON  6
DPTR FM NORMAL   169    LOWEST  SLP 29.82 ON 21

[REMARKS]
#FINAL-07-15#
