000
CXUS54 KBMX 251216
CF6ANB
PRELIMINARY LOCAL CLIMATOLOGICAL DATA (WS FORM: F-6)

                                          STATION:   ANNISTON
                                          MONTH:     MAY
                                          YEAR:      2017
                                          LATITUDE:   33 35 N
                                          LONGITUDE:  85 51 W

  TEMPERATURE IN F:       :PCPN:    SNOW:  WIND      :SUNSHINE: SKY     :PK WND
================================================================================
1   2   3   4   5  6A  6B    7    8   9   10  11  12  13   14  15   16   17  18
                                     12Z  AVG MX 2MIN
DY MAX MIN AVG DEP HDD CDD  WTR  SNW DPTH SPD SPD DIR MIN PSBL S-S WX    SPD DR
================================================================================

 1  77  49  63  -3   2   0 0.41    M    0 10.1 26 250   M    M   4 13     34 260
 2  80  46  63  -3   2   0 0.00  0.0    0  4.5 17 250   M    M   0        21 250
 3  83  50  67   1   0   2 0.08  0.0    0  4.4 20 240   M    M   1 1      29 240
 4  70  50  60  -7   5   0 0.82  0.0    0 10.2 23 260   M    M   9 1      34 150
 5  52  46  49 -18  16   0 0.14    M    0 10.1 18 240   M    M  10 1      24 230
 6  74  43  59  -8   6   0 0.00  0.0    0 11.5 25 250   M    M   1 1      32 240
 7  73  49  61  -7   4   0 0.00  0.0    0  3.1 14 280   M    M   2        19 300
 8  80  45  63  -5   2   0 0.00  0.0    0  2.6  9 350   M    M   0        14 340
 9  85  52  69   1   0   4 0.00  0.0    0  4.2 14 260   M    M   0        19 270
10  86  56  71   3   0   6 0.00  0.0    0  2.5 14 220   M    M   0 1      19 250
11  85  58  72   3   0   7 0.00  0.0    0  5.5 15 230   M    M   0 1      20 230
12  81  61  71   2   0   6 0.25  0.0    0  4.0 21 270   M    M   3 13     28 270
13  80  59  70   1   0   5 0.00  0.0    0  4.7 18 360   M    M   5        23 360
14  85  52  69   0   0   4 0.00  0.0    0  2.2 10 100   M    M   1        14 110
15  87  56  72   2   0   7 0.00  0.0    0  2.2  9 250   M    M   0        14 250
16  89  59  74   4   0   9 0.00  0.0    0  4.6 15 230   M    M   0        20 170
17  89  63  76   6   0  11 0.00  0.0    0  5.9 17 170   M    M   2 18     24 200
18  89  66  78   8   0  13 0.00  0.0    0  3.5 15 200   M    M   2        20 210
19  90  69  80   9   0  15 0.00  0.0    0  2.8  9 140   M    M   4        12 180
20  87  67  77   6   0  12 1.82  0.0    0  5.7 24 230   M    M   5 138    33 200
21  80  63  72   1   0   7 0.15  0.0    0  3.9 15  50   M    M   6 13     19  50
22  76  65  71  -1   0   6 0.26  0.0    0  3.3 12 170   M    M   5 13     15 160
23  74  62  68  -4   0   3 0.80  0.0    0  2.2 13 240   M    M  10 13     18 240
24  72  56  64  -8   1   0 0.15  0.0    0  8.3 23 240   M    M   8 13     29 250
================================================================================
SM 1924 1342        38 117  4.88     0.0 122.0          M       78
================================================================================
AV 80.2 55.9                               5.1 FASTST   M    M   3    MAX(MPH)
                                 MISC ---->  # 26 250               # 34  260
================================================================================
NOTES:
# LAST OF SEVERAL OCCURRENCES

COLUMN 17 PEAK WIND IN M.P.H.

PRELIMINARY LOCAL CLIMATOLOGICAL DATA (WS FORM: F-6) , PAGE 2

                                          STATION:  ANNISTON
                                          MONTH:    MAY
                                          YEAR:     2017
                                          LATITUDE:   33 35 N
                                          LONGITUDE:  85 51 W

[TEMPERATURE DATA]      [PRECIPITATION DATA]       SYMBOLS USED IN COLUMN 16

AVERAGE MONTHLY: 68.0   TOTAL FOR MONTH:   4.88    1 = FOG OR MIST
DPTR FM NORMAL:  -1.0   DPTR FM NORMAL:    1.52    2 = FOG REDUCING VISIBILITY
HIGHEST:    90 ON 19    GRTST 24HR  1.97 ON 20-21      TO 1/4 MILE OR LESS
LOWEST:     43 ON  6                               3 = THUNDER
                        SNOW, ICE PELLETS, HAIL    4 = ICE PELLETS
                        TOTAL MONTH:   0.0 INCH    5 = HAIL
                        GRTST 24HR     0.0         6 = FREEZING RAIN OR DRIZZLE
                        GRTST DEPTH:   0           7 = DUSTSTORM OR SANDSTORM:
                                                       VSBY 1/2 MILE OR LESS
                                                   8 = SMOKE OR HAZE
[NO. OF DAYS WITH]      [WEATHER - DAYS WITH]      9 = BLOWING SNOW
                                                   X = TORNADO
MAX 32 OR BELOW:   0    0.01 INCH OR MORE:  10
MAX 90 OR ABOVE:   1    0.10 INCH OR MORE:   9
MIN 32 OR BELOW:   0    0.50 INCH OR MORE:   3
MIN  0 OR BELOW:   0    1.00 INCH OR MORE:   1

[HDD (BASE 65) ]
TOTAL THIS MO.    38    CLEAR  (SCALE 0-3)  13
DPTR FM NORMAL    14    PTCLDY (SCALE 4-7)   8
TOTAL FM JUL 1  1837    CLOUDY (SCALE 8-10)  3
DPTR FM NORMAL  -941

[CDD (BASE 65) ]
TOTAL THIS MO.   117
DPTR FM NORMAL    -2    [PRESSURE DATA]
TOTAL FM JAN 1   277    HIGHEST SLP M ON M
DPTR FM NORMAL    96    LOWEST  SLP 29.53 ON 24

[REMARKS]
