000
CXUS53 KAPX 280631
CF6ANJ
PRELIMINARY LOCAL CLIMATOLOGICAL DATA (WS FORM: F-6)

                                          STATION:   SAULT STE MARIE MI
                                          MONTH:     FEBRUARY
                                          YEAR:      2015
                                          LATITUDE:   46 28 N
                                          LONGITUDE:  84 21 W

  TEMPERATURE IN F:       :PCPN:    SNOW:  WIND      :SUNSHINE: SKY     :PK WND
================================================================================
1   2   3   4   5  6A  6B    7    8   9   10  11  12  13   14  15   16   17  18
                                     12Z  AVG MX 2MIN
DY MAX MIN AVG DEP HDD CDD  WTR  SNW DPTH SPD SPD DIR MIN PSBL S-S WX    SPD DR
================================================================================

 1   3 -11  -4 -19  69   0 0.00  0.0   23  4.9 12  60   M    M   0        16  60
 2  11 -16  -2 -17  67   0 0.00  0.0   23  4.6 12 210   M    M   2        16 220
 3  22  10  16   0  49   0    T  0.1   23  8.4 17 270   M    M   8        24 270
 4  17   3  10  -6  55   0 0.09  1.3   22  7.1 21 290   M    M   8        29 290
 5  17 -13   2 -14  63   0 0.04  0.9   23  6.7 17 190   M    M   5 18     26 250
 6  20  14  17   1  48   0 0.10  2.7   26  7.1 17 240   M    M  10 18     24 230
 7  16   9  13  -3  52   0 0.42  3.7   27  7.1 14  80   M    M  10 1      20  90
 8  17   4  11  -5  54   0 0.01  0.2   27  8.5 14  60   M    M   7 18     21  80
 9  16  -6   5 -11  60   0 0.00  0.0   27  4.6 14 320   M    M   0 8      18 320
10  21   1  11  -6  54   0 0.00  0.0   26  5.1 13 110   M    M   5 18     19 120
11  26   5  16  -1  49   0 0.27  3.8   27 10.5 25 270   M    M  10 18     35 270
12   5 -10  -2 -19  67   0    T    T   29 10.1 21 360   M    M   1        30 360
13  13 -12   1 -16  64   0 0.13  2.7   29  5.9 18 310   M    M   9        25 310
14  11 -14  -1 -18  66   0 0.01  0.3   30 11.8 21 360   M    M   5        31 330
15  -4 -22 -13 -31  78   0 0.00  0.0   29  6.4 14 340   M    M   0        19  10
16   9 -18  -4 -22  69   0 0.00  0.0   28  4.1 10 120   M    M   7        13 120
17  16   1   9  -9  56   0    T  0.1   28  4.8 13 310   M    M   7        16 320
18   7  -6   1 -17  64   0 0.01  0.1   28  7.1 18 310   M    M   7        24 300
19  -5 -18 -11 -29  76   0 0.00  0.0   28  7.9 18 310   M    M   0        23 310
20  12 -24  -6 -25  71   0 0.08  0.9   28  6.8 15 170   M    M   5        21 180
21  23   8  16  -3  49   0    T  0.3   29  6.2 15 320   M    M  10        21 320
22   8 -12  -2 -21  67   0 0.02  0.3   28 11.1 24 310   M    M   5 9      33 320
23   8 -21  -6 -25  71   0 0.01    T   28  5.3 18 200   M    M   2        22 210
24  22   3  13  -7  52   0 0.18  2.3   28 14.9 25 310   M    M   9        36 290
25   3  -7  -2 -22  67   0    T    T   28  9.0 21 310   M    M   1        33 320
26   3 -17  -7 -27  72   0    T    T   28  6.4 17 310   M    M   1 18     23 330
27  17 -12   3 -17  62   0    T    T   28  4.3 15 280   M    M   2 18     19 310
================================================================================
SM  334 -181      1671   0  1.37    19.7 196.7          M      136
================================================================================
AV 12.4 -6.7                               7.3 FASTST   M    M   5    MAX(MPH)
                                 MISC ---->  # 25 270               # 36  290
================================================================================
NOTES:
# LAST OF SEVERAL OCCURRENCES

COLUMN 17 PEAK WIND IN M.P.H.

PRELIMINARY LOCAL CLIMATOLOGICAL DATA (WS FORM: F-6) , PAGE 2

                                          STATION:  SAULT STE MARIE MI
                                          MONTH:    FEBRUARY
                                          YEAR:     2015
                                          LATITUDE:   46 28 N
                                          LONGITUDE:  84 21 W

[TEMPERATURE DATA]      [PRECIPITATION DATA]       SYMBOLS USED IN COLUMN 16

AVERAGE MONTHLY:  2.8   TOTAL FOR MONTH:   1.37    1 = FOG OR MIST
DPTR FM NORMAL: -14.7   DPTR FM NORMAL:    0.08    2 = FOG REDUCING VISIBILITY
HIGHEST:    26 ON 11    GRTST 24HR  0.43 ON  7- 8      TO 1/4 MILE OR LESS
LOWEST:    -24 ON 20                               3 = THUNDER
                        SNOW, ICE PELLETS, HAIL    4 = ICE PELLETS
                        TOTAL MONTH:  19.7 INCHES  5 = HAIL
                        GRTST 24HR   3.8 ON   M    6 = FREEZING RAIN OR DRIZZLE
                        GRTST DEPTH:  30 ON 14     7 = DUSTSTORM OR SANDSTORM:
                                                       VSBY 1/2 MILE OR LESS
                                                   8 = SMOKE OR HAZE
[NO. OF DAYS WITH]      [WEATHER - DAYS WITH]      9 = BLOWING SNOW
                                                   X = TORNADO
MAX 32 OR BELOW:  27    0.01 INCH OR MORE:  13
MAX 90 OR ABOVE:   0    0.10 INCH OR MORE:   5
MIN 32 OR BELOW:  27    0.50 INCH OR MORE:   0
MIN  0 OR BELOW:  17    1.00 INCH OR MORE:   0

[HDD (BASE 65) ]
TOTAL THIS MO.  1671    CLEAR  (SCALE 0-3)  10
DPTR FM NORMAL   389    PTCLDY (SCALE 4-7)  11
TOTAL FM JUL 1  6720    CLOUDY (SCALE 8-10)  6
DPTR FM NORMAL   638

[CDD (BASE 65) ]
TOTAL THIS MO.     0
DPTR FM NORMAL     0    [PRESSURE DATA]
TOTAL FM JAN 1     0    HIGHEST SLP M ON M
DPTR FM NORMAL     0    LOWEST  SLP 29.45 ON 24

[REMARKS]
