000
CXUS53 KIWX 280800
CF6AOH
PRELIMINARY LOCAL CLIMATOLOGICAL DATA (WS FORM: F-6)

                                          STATION:   LIMA
                                          MONTH:     APRIL
                                          YEAR:      2017
                                          LATITUDE:   40 42 N
                                          LONGITUDE:  84  1 W

  TEMPERATURE IN F:       :PCPN:    SNOW:  WIND      :SUNSHINE: SKY     :PK WND
================================================================================
1   2   3   4   5  6A  6B    7    8   9   10  11  12  13   14  15   16   17  18
                                     12Z  AVG MX 2MIN
DY MAX MIN AVG DEP HDD CDD  WTR  SNW DPTH SPD SPD DIR MIN PSBL S-S WX    SPD DR
================================================================================

 1  51  37  44  -1  21   0 0.01    M    0  7.8 15 340   M    M   6 1      20 350
 2  60  35  48   2  17   0 0.00  0.0    0  7.8 15 140   M    M   0 1      19 140
 3  68  48  58  12   7   0 0.18  0.0    0 12.4 29 170   M    M   6 1      36 180
 4  59  40  50   4  15   0 0.03  0.0    0 18.3 33 260   M    M   9 1      42 260
 5  65  37  51   4  14   0 0.26  0.0    0 14.7 30  70   M    M   6 13     41  70
 6  44  36  40  -7  25   0 0.28    M    0 18.9 37 310   M    M  10 1      51 320
 7  51  33  42  -6  23   0 0.02    M    M 15.8 25 310   M    M   4 1      35 320
 8  60  29  45  -3  20   0 0.00  0.0    0  6.8 15 240   M    M   0        20 240
 9  74  44  59  11   6   0 0.00  0.0    0 13.4 24 190   M    M   0        32 200
10  76  57  67  18   0   2 0.06  0.0    0 16.1 32 260   M    M   4 3      40 260
11  65  48  57   8   8   0 0.02  0.0    0 11.7 22 260   M    M   4 3      27 280
12  61  38  50   0  15   0 0.00  0.0    0  4.6 14 300   M    M   0 1      20 290
13  62  44  53   3  12   0 0.00  0.0    0  8.5 16 100   M    M   4        20 100
14  74  47  61  11   4   0    T  0.0    0  6.4 12 130   M    M   4        14 100
15  82  55  69  18   0   4    T  0.0    0 13.7 29 220   M    M   3        37 230
16  76  62  69  18   0   4 0.00  0.0    0 15.8 33 240   M    M   4        44 230
17  68  50  59   7   6   0 0.00  0.0    0  5.1 13  40   M    M   1        16  30
18  75  43  59   7   6   0 0.00  0.0    0 10.3 18 140   M    M   1        23 150
19  78  62  70  18   0   5    T  0.0    0 12.1 17 230   M    M   3        23 230
20  81  58  70  18   0   5 0.29  0.0    0 15.8 32 240   M    M   8 13     42 230
21  58  47  53   0  12   0 0.00  0.0    0 12.2 21 260   M    M   6        27 310
22  54  40  47  -6  18   0 0.00  0.0    0 12.0 21  30   M    M   2        26  30
23  69  32  51  -3  14   0 0.00  0.0    0  8.2 17  20   M    M   0        21  20
24  75  41  58   4   7   0 0.00  0.0    0 11.0 21  60   M    M   1        27  60
25  77  51  64  10   1   0 0.00  0.0    0  9.0 16 160   M    M   4        20 150
26  83  57  70  15   0   5 0.00  0.0    0 13.2 28 170   M    M   1        34 160
27  71  47  59   4   6   0 0.04  0.0    0 15.8 31 250   M    M   4 1      39 250
================================================================================
SM 1817 1218       257  25  1.19     0.0 317.4          M       95
================================================================================
AV 67.3 45.1                              11.8 FASTST   M    M   4    MAX(MPH)
                                 MISC ---->  # 37 310               # 51  320
================================================================================
NOTES:
# LAST OF SEVERAL OCCURRENCES

COLUMN 17 PEAK WIND IN M.P.H.

PRELIMINARY LOCAL CLIMATOLOGICAL DATA (WS FORM: F-6) , PAGE 2

                                          STATION:  LIMA
                                          MONTH:    APRIL
                                          YEAR:     2017
                                          LATITUDE:   40 42 N
                                          LONGITUDE:  84  1 W

[TEMPERATURE DATA]      [PRECIPITATION DATA]       SYMBOLS USED IN COLUMN 16

AVERAGE MONTHLY: 56.2   TOTAL FOR MONTH:   1.19    1 = FOG OR MIST
DPTR FM NORMAL:   5.9   DPTR FM NORMAL:   -1.86    2 = FOG REDUCING VISIBILITY
HIGHEST:    83 ON 26    GRTST 24HR  0.32 ON  5- 6      TO 1/4 MILE OR LESS
LOWEST:     29 ON  8                               3 = THUNDER
                        SNOW, ICE PELLETS, HAIL    4 = ICE PELLETS
                        TOTAL MONTH:   0.0 INCH    5 = HAIL
                        GRTST 24HR     0.0         6 = FREEZING RAIN OR DRIZZLE
                        GRTST DEPTH:   0           7 = DUSTSTORM OR SANDSTORM:
                                                       VSBY 1/2 MILE OR LESS
                                                   8 = SMOKE OR HAZE
[NO. OF DAYS WITH]      [WEATHER - DAYS WITH]      9 = BLOWING SNOW
                                                   X = TORNADO
MAX 32 OR BELOW:   0    0.01 INCH OR MORE:  10
MAX 90 OR ABOVE:   0    0.10 INCH OR MORE:   4
MIN 32 OR BELOW:   2    0.50 INCH OR MORE:   0
MIN  0 OR BELOW:   0    1.00 INCH OR MORE:   0

[HDD (BASE 65) ]
TOTAL THIS MO.   257    CLEAR  (SCALE 0-3)  11
DPTR FM NORMAL  -148    PTCLDY (SCALE 4-7)  13
TOTAL FM JUL 1  4642    CLOUDY (SCALE 8-10)  3
DPTR FM NORMAL  -973

[CDD (BASE 65) ]
TOTAL THIS MO.    25
DPTR FM NORMAL    25    [PRESSURE DATA]
TOTAL FM JAN 1    25    HIGHEST SLP M ON M
DPTR FM NORMAL    24    LOWEST  SLP 29.30 ON  4

[REMARKS]
