000
CXUS55 KCTP 200700
CF6AOO
PRELIMINARY LOCAL CLIMATOLOGICAL DATA (WS FORM: F-6)

                                          STATION:   ALTOONA
                                          MONTH:     AUGUST
                                          YEAR:      2017
                                          LATITUDE:   40 17 N
                                          LONGITUDE:  78 19 W

  TEMPERATURE IN F:       :PCPN:    SNOW:  WIND      :SUNSHINE: SKY     :PK WND
================================================================================
1   2   3   4   5  6A  6B    7    8   9   10  11  12  13   14  15   16   17  18
                                     12Z  AVG MX 2MIN
DY MAX MIN AVG DEP HDD CDD  WTR  SNW DPTH SPD SPD DIR MIN PSBL S-S WX    SPD DR
================================================================================

 1  83  59  71   0   0   6 0.00    M    M  2.3  7 280   M    M   1 1       9 280
 2  84  60  72   1   0   7 0.64    M    M  2.7 28 290   M    M   2 13     43 290
 3  81  59  70   0   0   5 0.05    M    M  3.5 21 190   M    M   3 13     30 200
 4  84  60  72   2   0   7 0.02    M    M  4.5 20 150   M    M   1 13     27 150
 5  73  56  65  -5   0   0 0.00    M    M  8.9 20 290   M    M   5        29 290
 6  70  55  63  -7   2   0 0.00    M    M  1.9  7 180   M    M   4 1       9  70
 7  65  61  63  -7   2   0 0.54    M    M  2.9  9  40   M    M  10 1      15 210
 8  75  53  64  -6   1   0    T    M    M  5.4 14 340   M    M   3 1      22 300
 9  77  49  63  -7   2   0 0.00    M    M  1.3  7 140   M    M   0         9 240
10  76  51  64  -6   1   0    T    M    M  2.9 13 160   M    M   3 1      18 150
11  78  60  69  -1   0   4 0.28    M    M  3.2 15 170   M    M   5 138    21 170
12  78  58  68  -2   0   3 0.60    M    M  3.8 13 290   M    M   6 123    16 320
13  78  55  67  -3   0   2 0.00    M    M  1.9 12 330   M    M   3 1      16 330
14  71  56  64  -6   1   0 0.02    M    M  3.0 10 170   M    M   7 1      15 210
15  81  63  72   2   0   7    T    M    M  1.1  6 180   M    M   6 1       9 160
16  84  59  72   2   0   7 0.00    M    M  3.5 13 310   M    M   2 12     17 330
17  85  58  72   3   0   7 0.16    M    M  3.8 10 200   M    M   2 13     15 200
18  82  64  73   4   0   8 0.81    M    M  5.3 15 250   M    M   4 1      20 220
19  81  59  70   1   0   5 0.07    M    M  4.9 28 330   M    M   2 13     39 320
================================================================================
SM 1486 1095         9  68  3.19    M     66.8          M       69
================================================================================
AV 78.2 57.6                               3.5 FASTST   M    M   4    MAX(MPH)
                                 MISC ---->  # 28 290               # 43  290
================================================================================
NOTES:
# LAST OF SEVERAL OCCURRENCES

COLUMN 17 PEAK WIND IN M.P.H.

PRELIMINARY LOCAL CLIMATOLOGICAL DATA (WS FORM: F-6) , PAGE 2

                                          STATION:  ALTOONA
                                          MONTH:    AUGUST
                                          YEAR:     2017
                                          LATITUDE:   40 17 N
                                          LONGITUDE:  78 19 W

[TEMPERATURE DATA]      [PRECIPITATION DATA]       SYMBOLS USED IN COLUMN 16

AVERAGE MONTHLY: 67.9   TOTAL FOR MONTH:   3.19    1 = FOG OR MIST
DPTR FM NORMAL:  -2.0   DPTR FM NORMAL:    1.38    2 = FOG REDUCING VISIBILITY
HIGHEST:    85 ON 17    GRTST 24HR  0.81 ON 18-18      TO 1/4 MILE OR LESS
LOWEST:     49 ON  9                               3 = THUNDER
                        SNOW, ICE PELLETS, HAIL    4 = ICE PELLETS
                        TOTAL MONTH:    M          5 = HAIL
                        GRTST 24HR    M  ON   M    6 = FREEZING RAIN OR DRIZZLE
                        GRTST DEPTH:  M  ON   M    7 = DUSTSTORM OR SANDSTORM:
                                                       VSBY 1/2 MILE OR LESS
                                                   8 = SMOKE OR HAZE
[NO. OF DAYS WITH]      [WEATHER - DAYS WITH]      9 = BLOWING SNOW
                                                   X = TORNADO
MAX 32 OR BELOW:   0    0.01 INCH OR MORE:  10
MAX 90 OR ABOVE:   0    0.10 INCH OR MORE:   6
MIN 32 OR BELOW:   0    0.50 INCH OR MORE:   4
MIN  0 OR BELOW:   0    1.00 INCH OR MORE:   0

[HDD (BASE 65) ]
TOTAL THIS MO.     9    CLEAR  (SCALE 0-3)  10
DPTR FM NORMAL    -2    PTCLDY (SCALE 4-7)   8
TOTAL FM JUL 1    15    CLOUDY (SCALE 8-10)  1
DPTR FM NORMAL    -6

[CDD (BASE 65) ]
TOTAL THIS MO.    68
DPTR FM NORMAL   -38    [PRESSURE DATA]
TOTAL FM JAN 1   518    HIGHEST SLP M ON M
DPTR FM NORMAL    85    LOWEST  SLP 29.70 ON 18

[REMARKS]
