000
CXUS55 KCTP 301131
CF6AOO
PRELIMINARY LOCAL CLIMATOLOGICAL DATA (WS FORM: F-6)

                                          STATION:   ALTOONA
                                          MONTH:     APRIL
                                          YEAR:      2016
                                          LATITUDE:   40 17 N
                                          LONGITUDE:  78 19 W

  TEMPERATURE IN F:       :PCPN:    SNOW:  WIND      :SUNSHINE: SKY     :PK WND
================================================================================
1   2   3   4   5  6A  6B    7    8   9   10  11  12  13   14  15   16   17  18
                                     12Z  AVG MX 2MIN
DY MAX MIN AVG DEP HDD CDD  WTR  SNW DPTH SPD SPD DIR MIN PSBL S-S WX    SPD DR
================================================================================

 1  68  45  57  13   8   0 0.20    M    M 12.7 32 270   M    M   5 13     40 280
 2  54  31  43  -1  22   0 0.12    M    M 16.5 40 270   M    M   8 1      52 280
 3  42  23  33 -11  32   0 0.02    M    M 17.1 36 300   M    M   5 1      55 310
 4  52  27  40  -5  25   0 0.32    M    M 12.2 24 240   M    M   9 1      33 210
 5  40  21  31 -14  34   0    T    M    M  9.2 20 340   M    M   2        26 360
 6  52  22  37  -9  28   0    T    M    M 11.5 26 170   M    M   3        35 150
 7  52  35  44  -2  21   0 0.14    M    M 13.8 37 260   M    M  10 1      49 250
 8  44  29  37  -9  28   0 0.01    M    M 12.9 25 280   M    M   9 1      33 290
 9  36  23  30 -17  35   0 0.03    M    M 12.6 23 310   M    M   9 12     34 320
10  47  16  32 -15  33   0    T    M    M  6.1 17 200   M    M   6        22 190
11  67  41  54   7  11   0 0.05    M    M  8.1 17 220   M    M   9        22 170
12  55  33  44  -4  21   0 0.03    M    M 11.9 22 310   M    M   4        29 310
13  55  26  41  -7  24   0 0.00    M    M  3.4 10  10   M    M   0        13  10
14  62  30  46  -3  19   0 0.00    M    M  3.5 10 120   M    M   1        14  80
15  64  34  49   0  16   0 0.00    M    M  5.1 14 150   M    M   0        20  60
16  71  37  54   5  11   0 0.00    M    M  1.9  9  20   M    M   0        13  90
17  77  41  59   9   6   0 0.00    M    M  1.9 10 110   M    M   0        13  80
18  80  46  63  13   2   0 0.00    M    M  4.6 16 310   M    M   0        21 340
19  76  49  63  13   2   0 0.00    M    M  9.3 21  20   M    M   0        28 300
20  69  36  53   2  12   0 0.00    M    M  5.0 12 150   M    M   0        16 240
21  73  46  60   9   5   0 0.00    M    M  5.3 15 170   M    M   2        19 170
22  71  55  63  12   2   0 0.09    M    M  3.1 20 210   M    M   6 13     23 200
23  66  43  55   3  10   0    T    M    M  9.5 20  10   M    M   6 128    27  30
24  69  35  52   0  13   0 0.00    M    M  2.5  5 150   M    M   0         M  M
25  80  39  60   8   5   0 0.00    M    M  4.5 20 250   M    M   1        25 290
26  76  53  65  13   0   0 0.16    M    M 13.3 26 290   M    M   7 3      36 290
27  58  44  51  -2  14   0 0.00    M    M  6.2 16  20   M    M   7 1      19  10
28  49  41  45  -8  20   0 0.35    M    M  5.4 10  50   M    M   9 18     15  40
29  49  42  46  -7  19   0 0.01    M    M  4.8 10 150   M    M  10 12     14 170
================================================================================
SM 1754 1043       478   0  1.53    M    233.9          M      128
================================================================================
AV 60.5 36.0                               8.1 FASTST   M    M   4    MAX(MPH)
                                 MISC ---->  # 40 270               # 55  310
================================================================================
NOTES:
# LAST OF SEVERAL OCCURRENCES

COLUMN 17 PEAK WIND IN M.P.H.

PRELIMINARY LOCAL CLIMATOLOGICAL DATA (WS FORM: F-6) , PAGE 2

                                          STATION:  ALTOONA
                                          MONTH:    APRIL
                                          YEAR:     2016
                                          LATITUDE:   40 17 N
                                          LONGITUDE:  78 19 W

[TEMPERATURE DATA]      [PRECIPITATION DATA]       SYMBOLS USED IN COLUMN 16

AVERAGE MONTHLY: 48.2   TOTAL FOR MONTH:   1.53    1 = FOG OR MIST
DPTR FM NORMAL:  -0.5   DPTR FM NORMAL:   -1.55    2 = FOG REDUCING VISIBILITY
HIGHEST:    80 ON 25,18 GRTST 24HR  0.36 ON 28-29      TO 1/4 MILE OR LESS
LOWEST:     16 ON 10                               3 = THUNDER
                        SNOW, ICE PELLETS, HAIL    4 = ICE PELLETS
                        TOTAL MONTH:    M          5 = HAIL
                        GRTST 24HR    M  ON   M    6 = FREEZING RAIN OR DRIZZLE
                        GRTST DEPTH:  M  ON   M    7 = DUSTSTORM OR SANDSTORM:
                                                       VSBY 1/2 MILE OR LESS
                                                   8 = SMOKE OR HAZE
[NO. OF DAYS WITH]      [WEATHER - DAYS WITH]      9 = BLOWING SNOW
                                                   X = TORNADO
MAX 32 OR BELOW:   0    0.01 INCH OR MORE:  13
MAX 90 OR ABOVE:   0    0.10 INCH OR MORE:   6
MIN 32 OR BELOW:  10    0.50 INCH OR MORE:   0
MIN  0 OR BELOW:   0    1.00 INCH OR MORE:   0

[HDD (BASE 65) ]
TOTAL THIS MO.   478    CLEAR  (SCALE 0-3)  13
DPTR FM NORMAL     0    PTCLDY (SCALE 4-7)   9
TOTAL FM JUL 1  4902    CLOUDY (SCALE 8-10)  7
DPTR FM NORMAL  -990

[CDD (BASE 65) ]
TOTAL THIS MO.     0
DPTR FM NORMAL     0    [PRESSURE DATA]
TOTAL FM JAN 1     0    HIGHEST SLP M ON M
DPTR FM NORMAL    -1    LOWEST  SLP 29.33 ON M

[REMARKS]
