251
CXUS55 KBOU 260820
CF6APA
PRELIMINARY LOCAL CLIMATOLOGICAL DATA (WS FORM: F-6)

                                          STATION:   CENTENNIAL CO
                                          MONTH:     APRIL
                                          YEAR:      2017
                                          LATITUDE:   39 33 N
                                          LONGITUDE: 104 51 W

  TEMPERATURE IN F:       :PCPN:    SNOW:  WIND      :SUNSHINE: SKY     :PK WND
================================================================================
1   2   3   4   5  6A  6B    7    8   9   10  11  12  13   14  15   16   17  18
                                     12Z  AVG MX 2MIN
DY MAX MIN AVG DEP HDD CDD  WTR  SNW DPTH SPD SPD DIR MIN PSBL S-S WX    SPD DR
================================================================================

 1  38  31  35  -8  30   0 0.03    M    M  4.0 10 160   M    M  10 1      13 160
 2  60  28  44   1  21   0    T    M    M  4.3 14 130   M    M   5        19  70
 3  55  33  44   1  21   0 0.18    M    M  9.7 26 310   M    M   7 13     36 310
 4  38  30  34  -9  31   0 0.25    M    M  9.4 20  20   M    M  10 123    26  30
 5  53  21  37  -7  28   0 0.00    M    M  6.2 13 120   M    M   3        15 300
 6  63  31  47   3  18   0 0.00    M    M 10.1 23 190   M    M   3        29 200
 7  75  41  58  14   7   0 0.00    M    M 10.7 24 240   M    M   6        29 240
 8  76  49  63  19   2   0 0.00    M    M 12.5 31 240   M    M   6        38 250
 9  62  37  50   6  15   0 0.00    M    M 14.5 33 330   M    M   2 8      41 330
10  59  27  43  -2  22   0 0.00    M    M  9.1 21 310   M    M   3        30 120
11  68  28  48   3  17   0 0.00    M    M  8.8 25 170   M    M   6        34 140
12  71  38  55  10  10   0 0.00    M    M  8.1 22 110   M    M   2        26 110
13  75  41  58  13   7   0 0.00    M    M 14.9 30 170   M    M   2        39 170
14  78  37  58  12   7   0 0.00    M    M  8.9 20  90   M    M   2        25  90
15  67  38  53   7  12   0 0.00    M    M  8.3 20  90   M    M   3        26  90
16  70  36  53   7  12   0 0.00    M    M  9.0 20 170   M    M   5        25 160
17  76  40  58  12   7   0 0.00    M    M  7.3 22 220   M    M   5        27 220
18  75  43  59  12   6   0 0.00    M    M 12.6 28 170   M    M   5 8      35 140
19  71  44  58  11   7   0 0.00    M    M  8.9 30  60   M    M   3        43  60
20  63  35  49   2  16   0 0.04    M    M 13.1 33 180   M    M   7 3      43 220
21  50  35  43  -5  22   0 0.01    M    M 11.9 30 350   M    M   8        37 350
22  54  33  44  -4  21   0 0.16    M    M  5.9 22 190   M    M   6 1      28 200
23  76  39  58  10   7   0 0.00    M    M  9.5 24 150   M    M   6        31 150
24  65  44  55   7  10   0 0.00    M    M  9.8 23 150   M    M   6        33 140
25  57  31  44  -5  21   0 0.32    M    M  9.5 25  10   M    M   8 13     31  10
================================================================================
SM 1595  890       377   0  0.99    M    237.0          M      129
================================================================================
AV 63.8 35.6                               9.5 FASTST   M    M   5    MAX(MPH)
                                 MISC ---->  # 33 330               # 43   60
================================================================================
NOTES:
# LAST OF SEVERAL OCCURRENCES

COLUMN 17 PEAK WIND IN M.P.H.

PRELIMINARY LOCAL CLIMATOLOGICAL DATA (WS FORM: F-6) , PAGE 2

                                          STATION:  CENTENNIAL CO
                                          MONTH:    APRIL
                                          YEAR:     2017
                                          LATITUDE:   39 33 N
                                          LONGITUDE: 104 51 W

[TEMPERATURE DATA]      [PRECIPITATION DATA]       SYMBOLS USED IN COLUMN 16

AVERAGE MONTHLY: 49.7   TOTAL FOR MONTH:   0.99    1 = FOG OR MIST
DPTR FM NORMAL:   4.2   DPTR FM NORMAL:   -0.73    2 = FOG REDUCING VISIBILITY
HIGHEST:    78 ON 14    GRTST 24HR  0.32 ON 25-25      TO 1/4 MILE OR LESS
LOWEST:     21 ON  5                               3 = THUNDER
                        SNOW, ICE PELLETS, HAIL    4 = ICE PELLETS
                        TOTAL MONTH:    M          5 = HAIL
                        GRTST 24HR    M  ON   M    6 = FREEZING RAIN OR DRIZZLE
                        GRTST DEPTH:  M  ON   M    7 = DUSTSTORM OR SANDSTORM:
                                                       VSBY 1/2 MILE OR LESS
                                                   8 = SMOKE OR HAZE
[NO. OF DAYS WITH]      [WEATHER - DAYS WITH]      9 = BLOWING SNOW
                                                   X = TORNADO
MAX 32 OR BELOW:   0    0.01 INCH OR MORE:   7
MAX 90 OR ABOVE:   0    0.10 INCH OR MORE:   4
MIN 32 OR BELOW:   8    0.50 INCH OR MORE:   0
MIN  0 OR BELOW:   0    1.00 INCH OR MORE:   0

[HDD (BASE 65) ]
TOTAL THIS MO.   377    CLEAR  (SCALE 0-3)   6
DPTR FM NORMAL  -111    PTCLDY (SCALE 4-7)  16
TOTAL FM JUL 1  4644    CLOUDY (SCALE 8-10)  3
DPTR FM NORMAL -1097

[CDD (BASE 65) ]
TOTAL THIS MO.     0
DPTR FM NORMAL     0    [PRESSURE DATA]
TOTAL FM JAN 1     0    HIGHEST SLP M ON M
DPTR FM NORMAL     0    LOWEST  SLP 29.34 ON 24

[REMARKS]
