000
CXUS53 KAPX 270631
CF6APN
PRELIMINARY LOCAL CLIMATOLOGICAL DATA (WS FORM: F-6)

                                          STATION:   ALPENA MI
                                          MONTH:     MARCH
                                          YEAR:      2015
                                          LATITUDE:   45  4 N
                                          LONGITUDE:  83 34 W

  TEMPERATURE IN F:       :PCPN:    SNOW:  WIND      :SUNSHINE: SKY     :PK WND
================================================================================
1   2   3   4   5  6A  6B    7    8   9   10  11  12  13   14  15   16   17  18
                                     12Z  AVG MX 2MIN
DY MAX MIN AVG DEP HDD CDD  WTR  SNW DPTH SPD SPD DIR MIN PSBL S-S WX    SPD DR
================================================================================

 1  29   5  17  -6  48   0    T    T   11  7.2 16 230   M    M   7        22 240
 2  29   0  15  -9  50   0    T    T   11  7.4 18 310   M    M   2 18     30 310
 3  28  -5  12 -12  53   0 0.35  3.5   11  6.6 16 280   M    M   7 126    26 300
 4  26   2  14 -10  51   0    T    T   14  9.1 18 310   M    M   8 189    26 320
 5  17 -12   3 -21  62   0 0.00  0.0   14  4.5 14 310   M    M   1        18 320
 6  31 -12  10 -15  55   0 0.00  0.0   14 10.4 20 220   M    M   4        25 220
 7  34  12  23  -2  42   0    T    T   14  7.0 15 270   M    M   6 8      22 290
 8  42  15  29   3  36   0 0.02  0.3   14  6.0 18 240   M    M   5 1      25 250
 9  50  10  30   4  35   0 0.00  0.0   14  7.8 17 260   M    M   2 12     27 270
10  54  38  46  20  19   0 0.00  0.0    8 10.8 18 210   M    M   4        24 210
11  49  30  40  13  25   0 0.00  0.0    3  9.4 23 300   M    M   0        36 310
12  36  24  30   3  35   0 0.00  0.0    T  8.3 17 120   M    M   4        22 140
13  42  30  36   9  29   0 0.00  0.0    T  7.2 18 180   M    M   0        23 180
14  40  29  35   7  30   0    T    T    T 10.9 21 320   M    M   8        33 340
15  51  32  42  14  23   0 0.00  0.0    T  8.7 18 330   M    M   4        25 330
16  61  35  48  20  17   0 0.20  0.0    T  5.3 18 330   M    M   6 1      25 340
17  37  23  30   1  35   0 0.00  0.0    T 15.1 29 340   M    M   3        39 320
18  38  16  27  -2  38   0 0.00  0.0    T  8.2 20 310   M    M   1        27 320
19  40  13  27  -3  38   0 0.00  0.0    T  4.9 13 100   M    M   1        16 140
20  49  22  36   6  29   0    T  0.0    0  4.5 13 240   M    M   9        18 240
21  40  16  28  -3  37   0 0.07    T    0 13.4 24 340   M    M   5 1      34 330
22  32  11  22  -9  43   0 0.00  0.0    0  9.3 20 320   M    M   1        27 270
23  27   9  18 -13  47   0 0.00  0.0    0  5.0 14 120   M    M   0        19  70
24  34   9  22 -10  43   0 0.00  0.0    0  5.8 16 110   M    M   0        20 110
25  41  21  31  -1  34   0 0.25    M    T 11.4 25 250   M    M   7 16     38 260
26  41  21  31  -2  34   0 0.01  0.2    0  8.5 16 310   M    M   9        25 310
================================================================================
SM  998  394       988   0  0.90     4.0 212.7          M      104
================================================================================
AV 38.4 15.2                               8.2 FASTST   M    M   4    MAX(MPH)
                                 MISC ---->  # 29 340               # 39  320
================================================================================
NOTES:
# LAST OF SEVERAL OCCURRENCES

COLUMN 17 PEAK WIND IN M.P.H.

PRELIMINARY LOCAL CLIMATOLOGICAL DATA (WS FORM: F-6) , PAGE 2

                                          STATION:  ALPENA MI
                                          MONTH:    MARCH
                                          YEAR:     2015
                                          LATITUDE:   45  4 N
                                          LONGITUDE:  83 34 W

[TEMPERATURE DATA]      [PRECIPITATION DATA]       SYMBOLS USED IN COLUMN 16

AVERAGE MONTHLY: 26.8   TOTAL FOR MONTH:   0.90    1 = FOG OR MIST
DPTR FM NORMAL:  -0.9   DPTR FM NORMAL:   -0.64    2 = FOG REDUCING VISIBILITY
HIGHEST:    61 ON 16    GRTST 24HR  0.35 ON  3- 3      TO 1/4 MILE OR LESS
LOWEST:    -12 ON  6, 5                            3 = THUNDER
                        SNOW, ICE PELLETS, HAIL    4 = ICE PELLETS
                        TOTAL MONTH:   4.0 INCHES  5 = HAIL
                        GRTST 24HR   3.5 ON  3- 3  6 = FREEZING RAIN OR DRIZZLE
                        GRTST DEPTH:  14 ON  9, 8  7 = DUSTSTORM OR SANDSTORM:
                                                       VSBY 1/2 MILE OR LESS
                                                   8 = SMOKE OR HAZE
[NO. OF DAYS WITH]      [WEATHER - DAYS WITH]      9 = BLOWING SNOW
                                                   X = TORNADO
MAX 32 OR BELOW:   8    0.01 INCH OR MORE:   6
MAX 90 OR ABOVE:   0    0.10 INCH OR MORE:   3
MIN 32 OR BELOW:  24    0.50 INCH OR MORE:   0
MIN  0 OR BELOW:   4    1.00 INCH OR MORE:   0

[HDD (BASE 65) ]
TOTAL THIS MO.   988    CLEAR  (SCALE 0-3)  11
DPTR FM NORMAL    20    PTCLDY (SCALE 4-7)  12
TOTAL FM JUL 1  7251    CLOUDY (SCALE 8-10)  3
DPTR FM NORMAL   551

[CDD (BASE 65) ]
TOTAL THIS MO.     0
DPTR FM NORMAL     0    [PRESSURE DATA]
TOTAL FM JAN 1     0    HIGHEST SLP M ON M
DPTR FM NORMAL     0    LOWEST  SLP 29.53 ON  3

[REMARKS]
