000
CXUS53 KAPX 280631
CF6APX
PRELIMINARY LOCAL CLIMATOLOGICAL DATA (WS FORM: F-6)

                                          STATION:   GAYLORD  WFO
                                          MONTH:     JULY
                                          YEAR:      2015
                                          LATITUDE:   45  4 N
                                          LONGITUDE:  84 43 W

  TEMPERATURE IN F:       :PCPN:    SNOW:  WIND      :SUNSHINE: SKY     :PK WND
================================================================================
1   2   3   4   5  6A  6B    7    8   9   10  11  12  13   14  15   16   17  18
                                     12Z  AVG MX 2MIN
DY MAX MIN AVG DEP HDD CDD  WTR  SNW DPTH SPD SPD DIR MIN PSBL S-S WX    SPD DR
================================================================================

 1  57  47  52 -14  13   0 0.01  0.0    0   M   M   M   M    M   M         M  M
 2  71  44  58  -8   7   0 0.00  0.0    0   M   M   M   M    M   M         M  M
 3  74  51  63  -3   2   0 0.00  0.0    0   M   M   M   M    M   M         M  M
 4  77  56  67   1   0   2 0.00  0.0    0   M   M   M   M    M   M         M  M
 5  82  54  68   2   0   3 0.00  0.0    0   M   M   M   M    M   M         M  M
 6  83  62  73   7   0   8 0.17  0.0    0   M   M   M   M    M   M         M  M
 7  69  49  59  -7   6   0 1.55  0.0    0   M   M   M   M    M   M         M  M
 8  74  45  60  -6   5   0 0.00  0.0    0   M   M   M   M    M   M         M  M
 9  74  51  63  -3   2   0 0.00  0.0    0   M   M   M   M    M   M         M  M
10  80  51  66   0   0   1 0.00  0.0    0   M   M   M   M    M   M         M  M
11  83  58  71   5   0   6 0.00  0.0    0   M   M   M   M    M   M         M  M
12  82  58  70   4   0   5    T  0.0    0   M   M   M   M    M   M         M  M
13  76  60  68   2   0   3 0.11  0.0    0   M   M   M   M    M   M         M  M
14  73  55  64  -3   1   0 0.20  0.0    0   M   M   M   M    M   M         M  M
15  72  49  61  -6   4   0 0.00  0.0    0   M   M   M   M    M   M         M  M
16  77  51  64  -3   1   0 0.01  0.0    0   M   M   M   M    M   M         M  M
17  72  58  65  -2   0   0 0.08  0.0    0   M   M   M   M    M   M         M  M
18  84  59  72   5   0   7 0.02  0.0    0   M   M   M   M    M   M         M  M
19  76  63  70   3   0   5 0.00  0.0    0   M   M   M   M    M   M         M  M
20  81  58  70   3   0   5 0.04  0.0    0   M   M   M   M    M   M         M  M
21  72  54  63  -4   2   0 0.00  0.0    0   M   M   M   M    M   M         M  M
22  73  51  62  -5   3   0 0.00  0.0    0   M   M   M   M    M   M         M  M
23  81  51  66  -1   0   1 0.00  0.0    0   M   M   M   M    M   M         M  M
24  85  63  74   7   0   9 0.00  0.0    0   M   M   M   M    M   M         M  M
25  80  61  71   4   0   6    T  0.0    0   M   M   M   M    M   M         M  M
26  85  54  70   3   0   5 0.00  0.0    0   M   M   M   M    M   M         M  M
27  89  62  76  10   0  11 0.00  0.0    0   M   M   M   M    M   M         M  M
================================================================================
SM 2082 1475        46  77  2.19     0.0     M          M        M
================================================================================
AV 77.1 54.6                                 M FASTST   M    M   2    MAX(MPH)
                                 MISC ---->     M   M                  M    M
================================================================================
NOTES:
# LAST OF SEVERAL OCCURRENCES

COLUMN 17 PEAK WIND IN M.P.H.

PRELIMINARY LOCAL CLIMATOLOGICAL DATA (WS FORM: F-6) , PAGE 2

                                          STATION:  GAYLORD  WFO
                                          MONTH:    JULY
                                          YEAR:     2015
                                          LATITUDE:   45  4 N
                                          LONGITUDE:  84 43 W

[TEMPERATURE DATA]      [PRECIPITATION DATA]       SYMBOLS USED IN COLUMN 16

AVERAGE MONTHLY: 65.9   TOTAL FOR MONTH:   2.19    1 = FOG OR MIST
DPTR FM NORMAL:  -0.6   DPTR FM NORMAL:   -0.52    2 = FOG REDUCING VISIBILITY
HIGHEST:    89 ON 27    GRTST 24HR  1.55 ON  7- 7      TO 1/4 MILE OR LESS
LOWEST:     44 ON  2                               3 = THUNDER
                        SNOW, ICE PELLETS, HAIL    4 = ICE PELLETS
                        TOTAL MONTH:   0.0 INCH    5 = HAIL
                        GRTST 24HR     0.0         6 = FREEZING RAIN OR DRIZZLE
                        GRTST DEPTH:   0           7 = DUSTSTORM OR SANDSTORM:
                                                       VSBY 1/2 MILE OR LESS
                                                   8 = SMOKE OR HAZE
[NO. OF DAYS WITH]      [WEATHER - DAYS WITH]      9 = BLOWING SNOW
                                                   X = TORNADO
MAX 32 OR BELOW:   0    0.01 INCH OR MORE:   9
MAX 90 OR ABOVE:   0    0.10 INCH OR MORE:   4
MIN 32 OR BELOW:   0    0.50 INCH OR MORE:   1
MIN  0 OR BELOW:   0    1.00 INCH OR MORE:   1

[HDD (BASE 65) ]
TOTAL THIS MO.    46    CLEAR  (SCALE 0-3)   0
DPTR FM NORMAL    -8    PTCLDY (SCALE 4-7)   0
TOTAL FM JUL 1    46    CLOUDY (SCALE 8-10)  0
DPTR FM NORMAL    -8

[CDD (BASE 65) ]
TOTAL THIS MO.    77
DPTR FM NORMAL    -4    [PRESSURE DATA]
TOTAL FM JAN 1   115    HIGHEST SLP M ON M
DPTR FM NORMAL   -37    LOWEST  SLP M ON M

[REMARKS]
