000
CXUS54 KEWX 270910
CF6AQO
PRELIMINARY LOCAL CLIMATOLOGICAL DATA (WS FORM: F-6)

                                          STATION:   Llano Municipal Airport
                                          MONTH:     JUNE
                                          YEAR:      2017
                                          LATITUDE:   30 47 N
                                          LONGITUDE:  98 40 W

  TEMPERATURE IN F:       :PCPN:    SNOW:  WIND      :SUNSHINE: SKY     :PK WND
================================================================================
1   2   3   4   5  6A  6B    7    8   9   10  11  12  13   14  15   16   17  18
                                     12Z  AVG MX 2MIN
DY MAX MIN AVG DEP HDD CDD  WTR  SNW DPTH SPD SPD DIR MIN PSBL S-S WX    SPD DR
================================================================================

 1  90  64  77   M   0  12 0.00    M    M  3.8  9 120   M    M   3         M  M
 2  90  72  81   M   0  16 0.44    M    M  4.2  9 140   M    M   5 3      17 150
 3  86  70  78   M   0  13 0.28    M    M  2.4 23  10   M    M   5 3      31  10
 4  90  66  78   M   0  13 0.00    M    M  1.5  8  10   M    M   3 123     M  M
 5  88  66  77   M   0  12 0.19    M    M  3.5 13 300   M    M   2         M  M
 6  90  68  79   M   0  14 0.00    M    M  5.4 13  40   M    M   1        21  30
 7  91  64  78   M   0  13 0.00    M    M  4.0 10  10   M    M   0        17  40
 8  93  64  79   M   0  14 0.00    M    M  2.0  7 120   M    M   0 1       M  M
 9  93  72  83   M   0  18 0.00    M    M  5.8 12 130   M    M   3        17 130
10  91  66  79   M   0  14 0.00    M    M  6.7 12 150   M    M   1        18 160
11  93  73  83   M   0  18 0.00    M    M  7.9 14 110   M    M   2        20 150
12  93  68  81   M   0  16 0.00    M    M  6.5 14 190   M    M   1        23 130
13  97  72  85   M   0  20 0.00    M    M  7.6 15 180   M    M   3        22 180
14  95  79  87   M   0  22 0.00    M    M  8.9 14 200   M    M   5        21 160
15  99  79  89   M   0  24 0.00    M    M  7.3 13 180   M    M   2        18 180
16 100  77  89   M   0  24 0.00    M    M  7.5 17 210   M    M   1        21 150
17 102  73  88   M   0  23 0.00    M    M  8.0 16 180   M    M   0        21 170
18 102  75  89   M   0  24 0.00    M    M  7.8 15 180   M    M   0        21 180
19  91  72  82   M   0  17 0.00    M    M  4.7  9 100   M    M   2 3       M  M
20  97  70  84   M   0  19 0.00    M    M  3.6 13  70   M    M   1         M  M
21  97  66  82   M   0  17 0.00    M    M  4.9 15  70   M    M   1        20 100
22  99  64  82   M   0  17 0.00    M    M  1.7  8 330   M    M   0         M  M
23 106  73  90   M   0  25 0.00    M    M  4.4 13 110   M    M   0 18     16 110
24  84  70  77   M   0  12 1.70    M    M  5.7 14  90   M    M   3 13     22  90
25  90  70  80   M   0  15 0.00    M    M  5.4 12  80   M    M   4 1       M  M
26  91  72  82   M   0  17 0.02  0.0    0  2.7 12 120   M    M   4 3      17 100
================================================================================
SM 2438 1825         0 449  2.63     0.0 133.9          M       52
================================================================================
AV 93.8 70.2                               5.1 FASTST   M    M   2    MAX(MPH)
                                 MISC ---->  # 23  10               # 31   10
================================================================================
NOTES:
# LAST OF SEVERAL OCCURRENCES

COLUMN 17 PEAK WIND IN M.P.H.

PRELIMINARY LOCAL CLIMATOLOGICAL DATA (WS FORM: F-6) , PAGE 2

                                          STATION:  Llano Municipal Airport
                                          MONTH:    JUNE
                                          YEAR:     2017
                                          LATITUDE:   30 47 N
                                          LONGITUDE:  98 40 W

[TEMPERATURE DATA]      [PRECIPITATION DATA]       SYMBOLS USED IN COLUMN 16

AVERAGE MONTHLY: 82.0   TOTAL FOR MONTH:   2.63    1 = FOG OR MIST
DPTR FM NORMAL:     M   DPTR FM NORMAL:       M    2 = FOG REDUCING VISIBILITY
HIGHEST:   106 ON 23    GRTST 24HR  1.70 ON 24-24      TO 1/4 MILE OR LESS
LOWEST:     64 ON 22, 8                            3 = THUNDER
                        SNOW, ICE PELLETS, HAIL    4 = ICE PELLETS
                        TOTAL MONTH:   0.0 INCH    5 = HAIL
                        GRTST 24HR     0.0         6 = FREEZING RAIN OR DRIZZLE
                        GRTST DEPTH:   0           7 = DUSTSTORM OR SANDSTORM:
                                                       VSBY 1/2 MILE OR LESS
                                                   8 = SMOKE OR HAZE
[NO. OF DAYS WITH]      [WEATHER - DAYS WITH]      9 = BLOWING SNOW
                                                   X = TORNADO
MAX 32 OR BELOW:   0    0.01 INCH OR MORE:   5
MAX 90 OR ABOVE:  23    0.10 INCH OR MORE:   4
MIN 32 OR BELOW:   0    0.50 INCH OR MORE:   1
MIN  0 OR BELOW:   0    1.00 INCH OR MORE:   1

[HDD (BASE 65) ]
TOTAL THIS MO.     0    CLEAR  (SCALE 0-3)  19
DPTR FM NORMAL     M    PTCLDY (SCALE 4-7)   7
TOTAL FM JUL 1   870    CLOUDY (SCALE 8-10)  0
DPTR FM NORMAL     M

[CDD (BASE 65) ]
TOTAL THIS MO.   449
DPTR FM NORMAL     M    [PRESSURE DATA]
TOTAL FM JAN 1  1003    HIGHEST SLP M ON M
DPTR FM NORMAL     M    LOWEST  SLP M ON M

[REMARKS]
