000
CXUS51 KBUF 191205
CF6ART
PRELIMINARY LOCAL CLIMATOLOGICAL DATA (WS FORM: F-6)

                                          STATION:   WATERTOWN NY
                                          MONTH:     APRIL
                                          YEAR:      2014
                                          LATITUDE:   43 59 N
                                          LONGITUDE:  76  2 W

  TEMPERATURE IN F:       :PCPN:    SNOW:  WIND      :SUNSHINE: SKY     :PK WND
================================================================================
1   2   3   4   5  6A  6B    7    8   9   10  11  12  13   14  15   16   17  18
                                     12Z  AVG MX 2MIN
DY MAX MIN AVG DEP HDD CDD  WTR  SNW DPTH SPD SPD DIR MIN PSBL S-S WX    SPD DR
================================================================================

 1  52  18  35  -3  30   0 0.00    M    M  6.7 16 220   M    M   0 18     25 210
 2  49  30  40   2  25   0 0.00    M    M 12.5 22 230   M    M   4        32 230
 3  41  20  31  -7  34   0 0.00    M    M  5.7 15  60   M    M   0        17  60
 4  50  32  41   2  24   0 0.46    M    M  9.5 25 170   M    M   8        38 180
 5  42  32  37  -2  28   0 0.03    M    M 19.4 30 250   M    M   9 1      43 230
 6  45  26  36  -4  29   0 0.00    M    M  7.3 17 260   M    M   2        21 260
 7  57  28  43   3  22   0 0.74    M    0  8.3 26  60   M    M   5 1      35  60
 8  52  36  44   3  21   0 0.36    M    M 10.0 30 220   M    M  10 1      37 220
 9  45  29  37  -4  28   0 0.00    M    M  8.2 18 260   M    M   3        25 320
10  68  34  51   9  14   0 0.16    M    M 12.8 31 260   M    M   4 1      40 260
11  55  30  43   1  22   0 0.04    M    M  5.0 12 250   M    M   2 128    15 250
12  58  30  44   2  21   0 0.00    M    M  6.7 14 230   M    M   4        20 230
13  79  46  63  20   2   0 0.36    M    M  6.9 17 220   M    M   6 1      22 260
14  80  50  65  22   0   0 0.56    M    M 11.7 29 260   M    M   4 13     42 270
15  61  28  45   1  20   0 0.55    M    0 11.3 23 260   M    M  10 12     32 270
16  34  22  28 -16  37   0    T    M    M  7.4 16 310   M    M   2        21 310
17  54  22  38  -7  27   0 0.00    M    M  6.2 13 170   M    M   0        21 160
18  60  40  50   5  15   0 0.01    M    M  8.1 16 160   M    M   4        27 170
================================================================================
SM  982  553       399   0  3.27    M    163.7          M       77
================================================================================
AV 54.6 30.7                               9.1 FASTST   M    M   4    MAX(MPH)
                                 MISC ---->  # 31 260               # 43  230
================================================================================
NOTES:
# LAST OF SEVERAL OCCURRENCES

COLUMN 17 PEAK WIND IN M.P.H.

PRELIMINARY LOCAL CLIMATOLOGICAL DATA (WS FORM: F-6) , PAGE 2

                                          STATION:  WATERTOWN NY
                                          MONTH:    APRIL
                                          YEAR:     2014
                                          LATITUDE:   43 59 N
                                          LONGITUDE:  76  2 W

[TEMPERATURE DATA]      [PRECIPITATION DATA]       SYMBOLS USED IN COLUMN 16

AVERAGE MONTHLY: 42.6   TOTAL FOR MONTH:   3.27    1 = FOG OR MIST
DPTR FM NORMAL:   1.3   DPTR FM NORMAL:    1.51    2 = FOG REDUCING VISIBILITY
HIGHEST:    80 ON 14    GRTST 24HR  1.11 ON 14-15      TO 1/4 MILE OR LESS
LOWEST:     18 ON  1                               3 = THUNDER
                        SNOW, ICE PELLETS, HAIL    4 = ICE PELLETS
                        TOTAL MONTH:    M          5 = HAIL
                        GRTST 24HR    M  ON   M    6 = FREEZING RAIN OR DRIZZLE
                        GRTST DEPTH:   0           7 = DUSTSTORM OR SANDSTORM:
                                                       VSBY 1/2 MILE OR LESS
                                                   8 = SMOKE OR HAZE
[NO. OF DAYS WITH]      [WEATHER - DAYS WITH]      9 = BLOWING SNOW
                                                   X = TORNADO
MAX 32 OR BELOW:   0    0.01 INCH OR MORE:  10
MAX 90 OR ABOVE:   0    0.10 INCH OR MORE:   7
MIN 32 OR BELOW:  13    0.50 INCH OR MORE:   3
MIN  0 OR BELOW:   0    1.00 INCH OR MORE:   0

[HDD (BASE 65) ]
TOTAL THIS MO.   399    CLEAR  (SCALE 0-3)   7
DPTR FM NORMAL   -26    PTCLDY (SCALE 4-7)   8
TOTAL FM JUL 1  7375    CLOUDY (SCALE 8-10)  3
DPTR FM NORMAL   443

[CDD (BASE 65) ]
TOTAL THIS MO.     0
DPTR FM NORMAL     0    [PRESSURE DATA]
TOTAL FM JAN 1     0    HIGHEST SLP M ON M
DPTR FM NORMAL     0    LOWEST  SLP 29.25 ON  8

[REMARKS]
