000
CXUS51 KBUF 301205
CF6ART
PRELIMINARY LOCAL CLIMATOLOGICAL DATA (WS FORM: F-6)

                                          STATION:   WATERTOWN NY
                                          MONTH:     APRIL
                                          YEAR:      2017
                                          LATITUDE:   43 59 N
                                          LONGITUDE:  76  2 W

  TEMPERATURE IN F:       :PCPN:    SNOW:  WIND      :SUNSHINE: SKY     :PK WND
================================================================================
1   2   3   4   5  6A  6B    7    8   9   10  11  12  13   14  15   16   17  18
                                     12Z  AVG MX 2MIN
DY MAX MIN AVG DEP HDD CDD  WTR  SNW DPTH SPD SPD DIR MIN PSBL S-S WX    SPD DR
================================================================================

 1  38  28  33  -5  32   0 0.02    M    M  5.7 10 340   M    M   8 1      13 310
 2  50  32  41   3  24   0 0.00    M    M  6.8 16 270   M    M   2 1      20 260
 3  60  28  44   6  21   0 0.00    M    M  5.3 14  70   M    M   3        17  60
 4  56  40  48   9  17   0 1.28    M    M 13.2 24 130   M    M  10 1      35 220
 5  47  38  43   4  22   0 0.03    M    M  8.2 23 230   M    M   9 1      35 220
 6  46  39  43   3  22   0 1.15    M    M 11.6 20  40   M    M   9 1      25  20
 7  39  34  37  -3  28   0 0.11    M    M 11.5 24 320   M    M  10 1      32 350
 8  45  28  37  -4  28   0 0.00    M    M 10.0 21 230   M    M   2        27 260
 9  66  34  50   9  15   0 0.00    M    M  8.4 18 230   M    M   0        25 180
10  78  59  69  27   0   4 0.00  0.0    0 10.6 25 220   M    M   2 1      35 230
11  68  51  60  18   5   0 0.18    M    M  4.7 20 230   M    M   4 1      28 230
12  60  39  50   8  15   0    T    M    M 13.2 25 230   M    M   8 1      35 230
13  50  29  40  -3  25   0 0.00    M    M  7.7 16 260   M    M   2        21 260
14  59  24  42  -1  23   0 0.00    M    M  4.3 13 220   M    M   0 8      16 280
15  68  29  49   5  16   0 0.26  0.0    0  8.7 20 170   M    M   4 1      32 190
16  76  50  63  19   2   0    T    M    M 11.8 25 240   M    M   6 8      38 260
17  54  35  45   0  20   0 0.00    M    M 11.0 18  40   M    M   8        27 260
18  56  25  41  -4  24   0 0.00    M    M  4.8 13  40   M    M   1        18  50
19  54  37  46   1  19   0 0.14    M    M 11.7 25 180   M    M   8 18     41 170
20  51  43  47   1  18   0 0.24    M    M 12.6 18  60   M    M  10 1      23  40
21  57  43  50   4  15   0 0.10    M    M 10.7 22 220   M    M  10 1      29 220
22  50  31  41  -6  24   0    T    M    M  7.0 16 280   M    M   8 18     19 280
23  59  26  43  -4  22   0 0.00    M    M  6.5 16 360   M    M   0        20 220
24  60  35  48   1  17   0 0.00    M    M 12.2 20  30   M    M   0        24  20
25  57  37  47  -1  18   0 0.17    M    0  6.4 13  50   M    M   6 1      16  50
26  75  50  63  15   2   0 0.00  0.0    0  5.4 13 260   M    M   6 8      15 260
27  86  50  68  20   0   3 0.30    M    M  7.1 21 230   M    M   1 13     29 160
28  61  50  56   7   9   0 0.01    M    M  7.6 17 220   M    M   7 1      24 230
29  61  39  50   1  15   0    T    M    M  9.3 22 230   M    M   6        31 220
================================================================================
SM 1687 1083       498   7  3.99     0.0 254.0          M      150
================================================================================
AV 58.2 37.3                               8.8 FASTST   M    M   5    MAX(MPH)
                                 MISC ---->  # 25 220               # 41  170
================================================================================
NOTES:
# LAST OF SEVERAL OCCURRENCES

COLUMN 17 PEAK WIND IN M.P.H.

PRELIMINARY LOCAL CLIMATOLOGICAL DATA (WS FORM: F-6) , PAGE 2

                                          STATION:  WATERTOWN NY
                                          MONTH:    APRIL
                                          YEAR:     2017
                                          LATITUDE:   43 59 N
                                          LONGITUDE:  76  2 W

[TEMPERATURE DATA]      [PRECIPITATION DATA]       SYMBOLS USED IN COLUMN 16

AVERAGE MONTHLY: 47.8   TOTAL FOR MONTH:   3.99    1 = FOG OR MIST
DPTR FM NORMAL:   4.2   DPTR FM NORMAL:    1.19    2 = FOG REDUCING VISIBILITY
HIGHEST:    86 ON 27    GRTST 24HR  1.30 ON  4- 5      TO 1/4 MILE OR LESS
LOWEST:     24 ON 14                               3 = THUNDER
                        SNOW, ICE PELLETS, HAIL    4 = ICE PELLETS
                        TOTAL MONTH:   0.0 INCH    5 = HAIL
                        GRTST 24HR     0.0         6 = FREEZING RAIN OR DRIZZLE
                        GRTST DEPTH:   0           7 = DUSTSTORM OR SANDSTORM:
                                                       VSBY 1/2 MILE OR LESS
                                                   8 = SMOKE OR HAZE
[NO. OF DAYS WITH]      [WEATHER - DAYS WITH]      9 = BLOWING SNOW
                                                   X = TORNADO
MAX 32 OR BELOW:   0    0.01 INCH OR MORE:  13
MAX 90 OR ABOVE:   0    0.10 INCH OR MORE:  10
MIN 32 OR BELOW:  10    0.50 INCH OR MORE:   2
MIN  0 OR BELOW:   0    1.00 INCH OR MORE:   2

[HDD (BASE 65) ]
TOTAL THIS MO.   498    CLEAR  (SCALE 0-3)  11
DPTR FM NORMAL  -122    PTCLDY (SCALE 4-7)  11
TOTAL FM JUL 1  6283    CLOUDY (SCALE 8-10)  7
DPTR FM NORMAL  -844

[CDD (BASE 65) ]
TOTAL THIS MO.     7
DPTR FM NORMAL     7    [PRESSURE DATA]
TOTAL FM JAN 1     7    HIGHEST SLP M ON M
DPTR FM NORMAL     7    LOWEST  SLP 29.19 ON  6

[REMARKS]
