000
CXUS53 KARX 240930
CF6ARX
PRELIMINARY LOCAL CLIMATOLOGICAL DATA (WS FORM: F-6)

                                          STATION:   La Crosse Weather Office WI
                                          MONTH:     NOVEMBER
                                          YEAR:      2017
                                          LATITUDE:   43 49 N
                                          LONGITUDE:  91 12 W

  TEMPERATURE IN F:       :PCPN:    SNOW:  WIND      :SUNSHINE: SKY     :PK WND
================================================================================
1   2   3   4   5  6A  6B    7    8   9   10  11  12  13   14  15   16   17  18
                                     12Z  AVG MX 2MIN
DY MAX MIN AVG DEP HDD CDD  WTR  SNW DPTH SPD SPD DIR MIN PSBL S-S WX    SPD DR
================================================================================

 1  39  25  32 -10  33   0 0.11  0.5    0   M   M   M   M    M   M 1      25  M
 2  43  33  38  -3  27   0 0.01  0.0    0   M   M   M   M    M   M 12     19  M
 3  36  27  32  -8  33   0    T    T    0   M   M   M   M    M   M 4      21  M
 4  41  33  37  -3  28   0 0.06    T    0   M   M   M   M    M   M 1      25  M
 5  42  27  35  -5  30   0 0.01  0.0    0   M   M   M   M    M   M 1      25  M
 6  34  22  28 -11  37   0    T    T    0   M   M   M   M    M   M        14 280
 7  39  25  32  -6  33   0 0.00  0.0    0   M   M   M   M    M   M        16 290
 8  42  23  33  -5  32   0 0.00  0.0    0   M   M   M   M    M   M 1       M  M
 9  37  11  24 -13  41   0    T    T    0   M   M   M   M    M   M        29  M
10  25   8  17 -20  48   0    T    T    0   M   M   M   M    M   M        28  M
11  32  25  29  -7  36   0    T    T    0   M   M   M   M    M   M 46     27  M
12  42  27  35  -1  30   0 0.00  0.0    0   M   M   M   M    M   M        11  M
13  43  24  34  -1  31   0 0.00  0.0    0   M   M   M   M    M   M        23  M
14  41  35  38   3  27   0    T  0.0    0   M   M   M   M    M   M 1      23  M
15  44  27  36   2  29   0    T  0.0    0   M   M   M   M    M   M 12     31  M
16  35  26  31  -3  34   0 0.00  0.0    0   M   M   M   M    M   M        23  M
17  35  30  33   0  32   0 0.12  0.0    0   M   M   M   M    M   M 12      M  M
18  40  24  32   0  33   0 0.00  0.0    0   M   M   M   M    M   M 1       M  M
19  35  15  25  -7  40   0 0.00  0.0    0   M   M   M   M    M   M         M  M
20  50  31  41  10  24   0 0.00  0.0    0   M   M   M   M    M   M         M  M
21  42  20  31   0  34   0 0.00  0.0    0   M   M   M   M    M   M         M  M
22  30  12  21  -9  44   0    T    T    0   M   M   M   M    M   M         M  M
23  43  26  35   5  30   0 0.00  0.0    0   M   M   M   M    M   M        25 180
================================================================================
SM  890  556       766   0  0.31     0.5     M          M        M
================================================================================
AV 38.7 24.2                                 M FASTST   M    M   6    MAX(MPH)
                                 MISC ---->     M   M                 31    M
================================================================================
NOTES:
# LAST OF SEVERAL OCCURRENCES

COLUMN 17 PEAK WIND IN M.P.H.

PRELIMINARY LOCAL CLIMATOLOGICAL DATA (WS FORM: F-6) , PAGE 2

                                          STATION:  La Crosse Weather Office WI
                                          MONTH:    NOVEMBER
                                          YEAR:     2017
                                          LATITUDE:   43 49 N
                                          LONGITUDE:  91 12 W

[TEMPERATURE DATA]      [PRECIPITATION DATA]       SYMBOLS USED IN COLUMN 16

AVERAGE MONTHLY: 31.4   TOTAL FOR MONTH:   0.31    1 = FOG OR MIST
DPTR FM NORMAL:  -4.3   DPTR FM NORMAL:   -1.40    2 = FOG REDUCING VISIBILITY
HIGHEST:    50 ON 20    GRTST 24HR  0.12 ON 17-17      TO 1/4 MILE OR LESS
LOWEST:      8 ON 10                               3 = THUNDER
                        SNOW, ICE PELLETS, HAIL    4 = ICE PELLETS
                        TOTAL MONTH:   0.5 INCH    5 = HAIL
                        GRTST 24HR   0.5 ON  1- 1  6 = FREEZING RAIN OR DRIZZLE
                        GRTST DEPTH:   0           7 = DUSTSTORM OR SANDSTORM:
                                                       VSBY 1/2 MILE OR LESS
                                                   8 = SMOKE OR HAZE
[NO. OF DAYS WITH]      [WEATHER - DAYS WITH]      9 = BLOWING SNOW
                                                   X = TORNADO
MAX 32 OR BELOW:   3    0.01 INCH OR MORE:   5
MAX 90 OR ABOVE:   0    0.10 INCH OR MORE:   2
MIN 32 OR BELOW:  20    0.50 INCH OR MORE:   0
MIN  0 OR BELOW:   0    1.00 INCH OR MORE:   0

[HDD (BASE 65) ]
TOTAL THIS MO.   766    CLEAR  (SCALE 0-3)   0
DPTR FM NORMAL    90    PTCLDY (SCALE 4-7)   0
TOTAL FM JUL 1  1337    CLOUDY (SCALE 8-10)  0
DPTR FM NORMAL   -64

[CDD (BASE 65) ]
TOTAL THIS MO.     0
DPTR FM NORMAL     0    [PRESSURE DATA]
TOTAL FM JAN 1   511    HIGHEST SLP M ON M
DPTR FM NORMAL     2    LOWEST  SLP M ON M

[REMARKS]
