000
CXUS53 KARX 010930
CF6ARX
PRELIMINARY LOCAL CLIMATOLOGICAL DATA (WS FORM: F-6)

                                          STATION:   La Crosse Weather Office WI
                                          MONTH:     APRIL
                                          YEAR:      2016
                                          LATITUDE:   43 49 N
                                          LONGITUDE:  91 12 W

  TEMPERATURE IN F:       :PCPN:    SNOW:  WIND      :SUNSHINE: SKY     :PK WND
================================================================================
1   2   3   4   5  6A  6B    7    8   9   10  11  12  13   14  15   16   17  18
                                     12Z  AVG MX 2MIN
DY MAX MIN AVG DEP HDD CDD  WTR  SNW DPTH SPD SPD DIR MIN PSBL S-S WX    SPD DR
================================================================================

 1  42  27  35  -5  30   0 0.02    T    0   M   M   M   M    M   M 12     30  M
 2  33  27  30 -10  35   0 0.05  1.0    1   M   M   M   M    M   M 9      46  M
 3  72  29  51  10  14   0    T  0.0    0   M   M   M   M    M   M        32  M
 4  39  26  33  -8  32   0    T    T    0   M   M   M   M    M   M        19  M
 5  36  26  31 -11  34   0 0.08    T    0   M   M   M   M    M   M 4      31  M
 6  42  32  37  -5  28   0 0.11    T    0   M   M   M   M    M   M        29  M
 7  41  30  36  -7  29   0 0.01    T    0   M   M   M   M    M   M        24  M
 8  37  22  30 -13  35   0 0.02    T    0   M   M   M   M    M   M        33  M
 9  38  18  28 -16  37   0    T  0.1    0   M   M   M   M    M   M        33  M
10  59  33  46   2  19   0 0.00  0.0    0   M   M   M   M    M   M        34  M
11  42  30  36  -8  29   0 0.00  0.0    0   M   M   M   M    M   M        31  M
12  50  26  38  -7  27   0 0.00  0.0    0   M   M   M   M    M   M        22  M
13  60  39  50   4  15   0 0.08  0.0    0   M   M   M   M    M   M        30  M
14  67  44  56  10   9   0 0.00  0.0    0   M   M   M   M    M   M        29 170
15  74  46  60  14   5   0 0.00  0.0    0   M   M   M   M    M   M        26 160
16  79  53  66  19   0   1 0.00  0.0    0   M   M   M   M    M   M        27 170
17  79  60  70  23   0   5 0.00  0.0    0   M   M   M   M    M   M        24 170
18  79  57  68  20   0   3 0.01  0.0    0   M   M   M   M    M   M        24  M
19  57  45  51   3  14   0 0.11  0.0    0   M   M   M   M    M   M        21  M
20  69  43  56   8   9   0 0.12  0.0    0   M   M   M   M    M   M        22  M
21  68  49  59  10   6   0 0.22  0.0    0   M   M   M   M    M   M 13     23  M
22  59  42  51   2  14   0 0.00  0.0    0   M   M   M   M    M   M        16  M
23  66  43  55   5  10   0 0.00  0.0    0   M   M   M   M    M   M        22  M
24  66  49  58   8   7   0 0.02  0.0    0   M   M   M   M    M   M        27  M
25  75  47  61  11   4   0 0.08  0.0    0   M   M   M   M    M   M        28  M
26  47  40  44  -7  21   0    T  0.0    0   M   M   M   M    M   M        25  M
27  53  36  45  -6  20   0 0.22  0.0    0   M   M   M   M    M   M        31  M
28  41  35  38 -14  27   0 0.17  0.0    0   M   M   M   M    M   M 1      25  M
29  50  35  43  -9  22   0 0.00  0.0    0   M   M   M   M    M   M 1      19  M
30  47  38  43  -9  22   0 0.33  0.0    0   M   M   M   M    M   M        34  M
================================================================================
SM 1667 1127       554   9  1.65     1.1     M          M        M
================================================================================
AV 55.6 37.6                                 M FASTST   M    M   5    MAX(MPH)
                                 MISC ---->     M   M                 46    M
================================================================================
NOTES:
# LAST OF SEVERAL OCCURRENCES

COLUMN 17 PEAK WIND IN M.P.H.

PRELIMINARY LOCAL CLIMATOLOGICAL DATA (WS FORM: F-6) , PAGE 2

                                          STATION:  La Crosse Weather Office WI
                                          MONTH:    APRIL
                                          YEAR:     2016
                                          LATITUDE:   43 49 N
                                          LONGITUDE:  91 12 W

[TEMPERATURE DATA]      [PRECIPITATION DATA]       SYMBOLS USED IN COLUMN 16

AVERAGE MONTHLY: 46.6   TOTAL FOR MONTH:   1.65    1 = FOG OR MIST
DPTR FM NORMAL:   0.2   DPTR FM NORMAL:   -1.82    2 = FOG REDUCING VISIBILITY
HIGHEST:    79 ON 18,17 GRTST 24HR  0.33 ON 30-30      TO 1/4 MILE OR LESS
LOWEST:     18 ON  9                               3 = THUNDER
                        SNOW, ICE PELLETS, HAIL    4 = ICE PELLETS
                        TOTAL MONTH:   1.1 INCHES  5 = HAIL
                        GRTST 24HR   1.0 ON  2- 2  6 = FREEZING RAIN OR DRIZZLE
                        GRTST DEPTH:   1 ON  2     7 = DUSTSTORM OR SANDSTORM:
                                                       VSBY 1/2 MILE OR LESS
                                                   8 = SMOKE OR HAZE
[NO. OF DAYS WITH]      [WEATHER - DAYS WITH]      9 = BLOWING SNOW
                                                   X = TORNADO
MAX 32 OR BELOW:   0    0.01 INCH OR MORE:  16
MAX 90 OR ABOVE:   0    0.10 INCH OR MORE:   7
MIN 32 OR BELOW:  11    0.50 INCH OR MORE:   0
MIN  0 OR BELOW:   0    1.00 INCH OR MORE:   0

[HDD (BASE 65) ]
TOTAL THIS MO.   554    CLEAR  (SCALE 0-3)   0
DPTR FM NORMAL    -7    PTCLDY (SCALE 4-7)   0
TOTAL FM JUL 1  6330    CLOUDY (SCALE 8-10)  0
DPTR FM NORMAL -1061

[CDD (BASE 65) ]
TOTAL THIS MO.     9
DPTR FM NORMAL     8    [PRESSURE DATA]
TOTAL FM JAN 1     9    HIGHEST SLP M ON M
DPTR FM NORMAL     8    LOWEST  SLP M ON M

[REMARKS]
#FINAL-04-16#
