000
CXUS55 KGJT 291000
CF6ASE
PRELIMINARY LOCAL CLIMATOLOGICAL DATA (WS FORM: F-6)

                                          STATION:   ASPEN CO
                                          MONTH:     MAY
                                          YEAR:      2015
                                          LATITUDE:   39 13 N
                                          LONGITUDE: 106 52 W

  TEMPERATURE IN F:       :PCPN:    SNOW:  WIND      :SUNSHINE: SKY     :PK WND
================================================================================
1   2   3   4   5  6A  6B    7    8   9   10  11  12  13   14  15   16   17  18
                                     12Z  AVG MX 2MIN
DY MAX MIN AVG DEP HDD CDD  WTR  SNW DPTH SPD SPD DIR MIN PSBL S-S WX    SPD DR
================================================================================

 1  65  35  50   6  15   0 0.01    M    M  8.0 23 230   M    M   5 3      35 240
 2  65  34  50   6  15   0 0.02    M    M  8.4 22 260   M    M   5        33 240
 3  66  35  51   6  14   0 0.07    M    M  6.5 28 180   M    M   6        34 250
 4  61  37  49   4  16   0 0.04    M    M  4.8 25 180   M    M   8 3      31 180
 5  58  36  47   2  18   0 0.60    M    M  3.5 20  80   M    M   7 13     25  80
 6  52  37  45  -1  20   0 0.31    M    M  3.3 15 140   M    M   9 8      21 140
 7  59  36  48   2  17   0 0.00    M    M  8.5 31 240   M    M   5        41 240
 8  60  37  49   3  16   0 0.07    M    M  7.5 32 160   M    M   7 18     39 170
 9  46  32  39  -7  26   0 0.41    M    M  5.0 16 250   M    M   9 1      22 220
10  44  30  37 -10  28   0 0.12    M    M  6.1 15 330   M    M  10 1      21 320
11  57  29  43  -4  22   0 0.00    M    M  5.2 13 120   M    M   2        16 180
12  66  34  50   3  15   0 0.00    M    M  9.3 26 160   M    M   4        32 180
13  60  39  50   2  15   0    T    M    M  5.4 22 330   M    M   6 8      29 340
14  62  37  50   2  15   0    T    M    M  8.5 35 170   M    M   3 8      40 170
15  54  31  43  -5  22   0 0.18    M    M  5.5 24 320   M    M   6 18     31 330
16  52  26  39  -9  26   0 0.07    M    M  4.7 23 320   M    M   4 1      34 310
17  56  34  45  -4  20   0 0.18    M    M  5.8 22 310   M    M   7 1      29 330
18  63  33  48  -1  17   0    T    M    M  8.2 29 160   M    M   5        39 160
19  52  35  44  -5  21   0 0.36    M    M  5.1 20 330   M    M   7 13     26 340
20  60  31  46  -4  19   0 0.00    M    M  4.7 17 340   M    M   3        24 320
21  64  33  49  -1  16   0 0.06    M    M  5.8 28 180   M    M   4        34 200
22  59  39  49  -1  16   0 0.19    M    M  7.4 40 180   M    M   7 1      50 170
23  56  35  46  -4  19   0 0.10    M    M  7.3 30 160   M    M   5 3      37 240
24  51  34  43  -8  22   0 0.31    M    M  4.9 20 320   M    M   9 1      25 320
25  53  34  44  -7  21   0 0.30    M    M  3.5 20 290   M    M   9 1      25 290
26  61  39  50  -1  15   0 0.02    M    M  4.1 22 320   M    M   8        29 320
27  63  38  51  -1  14   0    T    M    M  7.2 24 190   M    M   6        33 210
28  60  35  48  -4  17   0 0.08    M    M  6.1 23 330   M    M   5 3      32 330
================================================================================
SM 1625  965       517   0  3.50    M    170.3          M      171
================================================================================
AV 58.0 34.5                               6.1 FASTST   M    M   6    MAX(MPH)
                                 MISC ---->  # 40 180               # 50  170
================================================================================
NOTES:
# LAST OF SEVERAL OCCURRENCES

COLUMN 17 PEAK WIND IN M.P.H.

PRELIMINARY LOCAL CLIMATOLOGICAL DATA (WS FORM: F-6) , PAGE 2

                                          STATION:  ASPEN CO
                                          MONTH:    MAY
                                          YEAR:     2015
                                          LATITUDE:   39 13 N
                                          LONGITUDE: 106 52 W

[TEMPERATURE DATA]      [PRECIPITATION DATA]       SYMBOLS USED IN COLUMN 16

AVERAGE MONTHLY: 46.2   TOTAL FOR MONTH:   3.50    1 = FOG OR MIST
DPTR FM NORMAL:  -1.8   DPTR FM NORMAL:    2.08    2 = FOG REDUCING VISIBILITY
HIGHEST:    66 ON 12, 3 GRTST 24HR  0.60 ON  5- 5      TO 1/4 MILE OR LESS
LOWEST:     26 ON 16                               3 = THUNDER
                        SNOW, ICE PELLETS, HAIL    4 = ICE PELLETS
                        TOTAL MONTH:    M          5 = HAIL
                        GRTST 24HR    M  ON   M    6 = FREEZING RAIN OR DRIZZLE
                        GRTST DEPTH:  M  ON   M    7 = DUSTSTORM OR SANDSTORM:
                                                       VSBY 1/2 MILE OR LESS
                                                   8 = SMOKE OR HAZE
[NO. OF DAYS WITH]      [WEATHER - DAYS WITH]      9 = BLOWING SNOW
                                                   X = TORNADO
MAX 32 OR BELOW:   0    0.01 INCH OR MORE:  20
MAX 90 OR ABOVE:   0    0.10 INCH OR MORE:  11
MIN 32 OR BELOW:   6    0.50 INCH OR MORE:   1
MIN  0 OR BELOW:   0    1.00 INCH OR MORE:   0

[HDD (BASE 65) ]
TOTAL THIS MO.   517    CLEAR  (SCALE 0-3)   1
DPTR FM NORMAL    40    PTCLDY (SCALE 4-7)  22
TOTAL FM JUL 1  7583    CLOUDY (SCALE 8-10)  5
DPTR FM NORMAL -1024

[CDD (BASE 65) ]
TOTAL THIS MO.     0
DPTR FM NORMAL     0    [PRESSURE DATA]
TOTAL FM JAN 1     0    HIGHEST SLP M ON M
DPTR FM NORMAL     0    LOWEST  SLP 29.53 ON 15

[REMARKS]
