000
CXUS52 KFFC 301110
CF6ATL
PRELIMINARY LOCAL CLIMATOLOGICAL DATA (WS FORM: F-6)

                                          STATION:   ATLANTA
                                          MONTH:     SEPTEMBER
                                          YEAR:      2014
                                          LATITUDE:   33 39 N
                                          LONGITUDE:  84 26 W

  TEMPERATURE IN F:       :PCPN:    SNOW:  WIND      :SUNSHINE: SKY     :PK WND
================================================================================
1   2   3   4   5  6A  6B    7    8   9   10  11  12  13   14  15   16   17  18
                                     12Z  AVG MX 2MIN
DY MAX MIN AVG DEP HDD CDD  WTR  SNW DPTH SPD SPD DIR MIN PSBL S-S WX    SPD DR
================================================================================

 1  90  74  82   4   0  17 0.12  0.0    0  2.6 14 310   M    M   8        15 170
 2  90  72  81   3   0  16 0.17  0.0    0  5.0 24 340   M    M   5 13     26 340
 3  92  72  82   5   0  17 0.03  0.0    0  4.2 16  70   M    M   7 3      20  70
 4  82  72  77   0   0  12 0.11  0.0    0  4.6 17  70   M    M   9 13     22  60
 5  89  72  81   4   0  16 0.00  0.0    0  4.4 10 110   M    M   5 1      13  60
 6  91  73  82   6   0  17    T  0.0    0  3.8 13 340   M    M   6 3      18 340
 7  90  73  82   6   0  17 0.10  0.0    0  3.8 23  90   M    M   7 3      26  80
 8  84  72  78   2   0  13    T  0.0    0  7.2 14 100   M    M   8 13     17 110
 9  84  69  77   1   0  12 0.00  0.0    0  6.9 14  90   M    M   6        17 120
10  86  72  79   3   0  14 0.00  0.0    0  7.0 12 190   M    M   8        16 160
11  90  72  81   6   0  16 0.00  0.0    0  4.0 13 200   M    M   6        16 230
12  92  74  83   8   0  18 0.05  0.0    0  3.6 17 180   M    M   8 3      23 240
13  86  69  78   4   0  13    T  0.0    0  7.9 16 330   M    M   8 12     21 340
14  78  66  72  -2   0   7 0.00  0.0    0  7.7 16  50   M    M   9 1      24  30
15  80  65  73  -1   0   8 0.02  0.0    0  4.6 10  90   M    M  10 18     14  60
16  86  71  79   5   0  14    T  0.0    0  4.9 12 330   M    M   7 1      16 340
17  86  67  77   4   0  12 0.00  0.0    0  8.8 15 320   M    M   3        21 340
18  85  63  74   1   0   9 0.00  0.0    0  4.1 10  40   M    M   7 18     14  40
19  84  69  77   5   0  12 0.00  0.0    0  8.7 17  80   M    M   6        23  50
20  83  66  75   3   0  10 0.00  0.0    0  9.5 18  80   M    M   4        23  70
21  87  62  75   3   0  10 0.00  0.0    0  6.8 15 330   M    M   3        21 290
22  82  64  73   2   0   8 0.06  0.0    0  8.9 17 350   M    M   5        23 310
23  77  60  69  -2   0   4 0.00  0.0    0 12.6 22  70   M    M   3        25  80
24  78  56  67  -4   0   2 0.00  0.0    0 10.9 22  60   M    M   3        28  60
25  77  64  71   1   0   6 0.00  0.0    0  9.0 16  60   M    M   8        20  40
26  74  65  70   0   0   5    T  0.0    0 11.4 21  60   M    M   9 1      26  60
27  78  65  72   2   0   7    T  0.0    0  8.5 15 100   M    M   8 1      21  40
28  74  66  70   1   0   5 0.01  0.0    0  9.2 15  70   M    M  10 18     22  30
29  71  67  69   0   0   4 0.08  0.0    0  8.3 14  40   M    M  10 18     18  20
================================================================================
SM 2426 1972         0 321  0.75     0.0 198.9          M      196
================================================================================
AV 83.7 68.0                               6.9 FASTST   M    M   7    MAX(MPH)
                                 MISC ---->  # 24 340               # 28   60
================================================================================
NOTES:
# LAST OF SEVERAL OCCURRENCES

COLUMN 17 PEAK WIND IN M.P.H.

PRELIMINARY LOCAL CLIMATOLOGICAL DATA (WS FORM: F-6) , PAGE 2

                                          STATION:  ATLANTA
                                          MONTH:    SEPTEMBER
                                          YEAR:     2014
                                          LATITUDE:   33 39 N
                                          LONGITUDE:  84 26 W

[TEMPERATURE DATA]      [PRECIPITATION DATA]       SYMBOLS USED IN COLUMN 16

AVERAGE MONTHLY: 75.8   TOTAL FOR MONTH:   0.75    1 = FOG OR MIST
DPTR FM NORMAL:   2.2   DPTR FM NORMAL:   -3.56    2 = FOG REDUCING VISIBILITY
HIGHEST:    92 ON 12, 3 GRTST 24HR  0.18 ON  1- 2      TO 1/4 MILE OR LESS
LOWEST:     56 ON 24                               3 = THUNDER
                        SNOW, ICE PELLETS, HAIL    4 = ICE PELLETS
                        TOTAL MONTH:   0.0 INCH    5 = HAIL
                        GRTST 24HR     0.0         6 = FREEZING RAIN OR DRIZZLE
                        GRTST DEPTH:   0           7 = DUSTSTORM OR SANDSTORM:
                                                       VSBY 1/2 MILE OR LESS
                                                   8 = SMOKE OR HAZE
[NO. OF DAYS WITH]      [WEATHER - DAYS WITH]      9 = BLOWING SNOW
                                                   X = TORNADO
MAX 32 OR BELOW:   0    0.01 INCH OR MORE:  10
MAX 90 OR ABOVE:   7    0.10 INCH OR MORE:   4
MIN 32 OR BELOW:   0    0.50 INCH OR MORE:   0
MIN  0 OR BELOW:   0    1.00 INCH OR MORE:   0

[HDD (BASE 65) ]
TOTAL THIS MO.     0    CLEAR  (SCALE 0-3)   2
DPTR FM NORMAL    -9    PTCLDY (SCALE 4-7)  19
TOTAL FM JUL 1     0    CLOUDY (SCALE 8-10)  8
DPTR FM NORMAL    -9

[CDD (BASE 65) ]
TOTAL THIS MO.   321
DPTR FM NORMAL    60    [PRESSURE DATA]
TOTAL FM JAN 1  1859    HIGHEST SLP M ON M
DPTR FM NORMAL    59    LOWEST  SLP 29.85 ON 17

[REMARKS]
