000
CXUS52 KFFC 181110
CF6ATL
PRELIMINARY LOCAL CLIMATOLOGICAL DATA (WS FORM: F-6)

                                          STATION:   ATLANTA
                                          MONTH:     OCTOBER
                                          YEAR:      2017
                                          LATITUDE:   33 39 N
                                          LONGITUDE:  84 26 W

  TEMPERATURE IN F:       :PCPN:    SNOW:  WIND      :SUNSHINE: SKY     :PK WND
================================================================================
1   2   3   4   5  6A  6B    7    8   9   10  11  12  13   14  15   16   17  18
                                     12Z  AVG MX 2MIN
DY MAX MIN AVG DEP HDD CDD  WTR  SNW DPTH SPD SPD DIR MIN PSBL S-S WX    SPD DR
================================================================================

 1  74  58  66  -2   0   1 0.00  0.0    0 15.5 26  80   M    M   4        33  80
 2  77  58  68   0   0   3 0.00  0.0    0 12.9 21  90   M    M   7        25  80
 3  80  61  71   4   0   6 0.00  0.0    0 12.1 21  70   M    M   2        29  80
 4  80  61  71   4   0   6 0.00  0.0    0 10.4 20  70   M    M   2        25  70
 5  82  60  71   4   0   6 0.00  0.0    0  8.0 15  80   M    M   2        19  90
 6  84  63  74   8   0   9 0.00  0.0    0  8.1 15  90   M    M   5 1      20  80
 7  82  71  77  11   0  12    T  0.0    0  8.0 14 120   M    M   9 1      21 120
 8  76  73  75   9   0  10 1.48  0.0    0 13.1 25 190   M    M  10 1      35 160
 9  77  73  75  10   0  10 0.42  0.0    0  5.6 14 180   M    M   9 13     19 180
10  87  72  80  15   0  15 0.00  0.0    0  3.7 13 210   M    M   7 1      17 200
11  88  70  79  14   0  14    T  0.0    0  4.6 15 320   M    M   5        19 340
12  87  67  77  13   0  12 0.00  0.0    0  6.2 12 310   M    M   1 1      15 320
13  84  67  76  12   0  11 0.00  0.0    0  8.8 17  80   M    M   6 1      20  80
14  74  66  70   6   0   5 0.00  0.0    0  6.3 13  80   M    M   8        17 110
15  83  65  74  10   0   9 0.00  0.0    0  4.9 13 190   M    M   7 1      15 190
16  73  55  64   1   1   0 0.08  0.0    0 14.2 25 360   M    M   7 1      32  10
17  69  51  60  -3   5   0 0.00  0.0    0 10.4 23  80   M    M   2        29  50
================================================================================
SM 1357 1091         6 129  1.98     0.0 152.8          M       93
================================================================================
AV 79.8 64.2                               9.0 FASTST   M    M   5    MAX(MPH)
                                 MISC ---->  # 26  80               # 35  160
================================================================================
NOTES:
# LAST OF SEVERAL OCCURRENCES

COLUMN 17 PEAK WIND IN M.P.H.

PRELIMINARY LOCAL CLIMATOLOGICAL DATA (WS FORM: F-6) , PAGE 2

                                          STATION:  ATLANTA
                                          MONTH:    OCTOBER
                                          YEAR:     2017
                                          LATITUDE:   33 39 N
                                          LONGITUDE:  84 26 W

[TEMPERATURE DATA]      [PRECIPITATION DATA]       SYMBOLS USED IN COLUMN 16

AVERAGE MONTHLY: 72.0   TOTAL FOR MONTH:   1.98    1 = FOG OR MIST
DPTR FM NORMAL:   6.6   DPTR FM NORMAL:   -0.04    2 = FOG REDUCING VISIBILITY
HIGHEST:    88 ON 11    GRTST 24HR  1.48 ON  8- 8      TO 1/4 MILE OR LESS
LOWEST:     51 ON 17                               3 = THUNDER
                        SNOW, ICE PELLETS, HAIL    4 = ICE PELLETS
                        TOTAL MONTH:   0.0 INCH    5 = HAIL
                        GRTST 24HR     0.0         6 = FREEZING RAIN OR DRIZZLE
                        GRTST DEPTH:   0           7 = DUSTSTORM OR SANDSTORM:
                                                       VSBY 1/2 MILE OR LESS
                                                   8 = SMOKE OR HAZE
[NO. OF DAYS WITH]      [WEATHER - DAYS WITH]      9 = BLOWING SNOW
                                                   X = TORNADO
MAX 32 OR BELOW:   0    0.01 INCH OR MORE:   3
MAX 90 OR ABOVE:   0    0.10 INCH OR MORE:   2
MIN 32 OR BELOW:   0    0.50 INCH OR MORE:   1
MIN  0 OR BELOW:   0    1.00 INCH OR MORE:   1

[HDD (BASE 65) ]
TOTAL THIS MO.     6    CLEAR  (SCALE 0-3)   5
DPTR FM NORMAL   -35    PTCLDY (SCALE 4-7)   9
TOTAL FM JUL 1    13    CLOUDY (SCALE 8-10)  3
DPTR FM NORMAL   -39

[CDD (BASE 65) ]
TOTAL THIS MO.   129
DPTR FM NORMAL    79    [PRESSURE DATA]
TOTAL FM JAN 1  2132    HIGHEST SLP M ON M
DPTR FM NORMAL   277    LOWEST  SLP 29.76 ON  8

[REMARKS]
