000
CXUS54 KMAF 221100
CF6ATS
PRELIMINARY LOCAL CLIMATOLOGICAL DATA (WS FORM: F-6)

                                          STATION:   Artesia
                                          MONTH:     FEBRUARY
                                          YEAR:      2018
                                          LATITUDE:   32 54 N
                                          LONGITUDE: 104 30 W

  TEMPERATURE IN F:       :PCPN:    SNOW:  WIND      :SUNSHINE: SKY     :PK WND
================================================================================
1   2   3   4   5  6A  6B    7    8   9   10  11  12  13   14  15   16   17  18
                                     12Z  AVG MX 2MIN
DY MAX MIN AVG DEP HDD CDD  WTR  SNW DPTH SPD SPD DIR MIN PSBL S-S WX    SPD DR
================================================================================

 1  61  36  49   M  16   0 0.00  0.0    0 10.9 18 260   M    M   0        27  10
 2  54  28  41   M  24   0 0.00  0.0    0 11.1 18 150   M    M   0        23 160
 3  79  32  56   M   9   0 0.00  0.0    0  9.2 17 320   M    M   0        24 280
 4  75  36  56   M   9   0 0.00  0.0    0  8.8 16 120   M    M   0        23 120
 5  70  25  48   M  17   0 0.00  0.0    0  7.6 14 160   M    M   0        12   0
 6  57  32  45   M  20   0 0.00  0.0    0  9.8 18 340   M    M   1        27 330
 7  55  30  43   M  22   0 0.00  0.0    0  6.6 14 150   M    M   1        16  50
 8  72  27  50   M  15   0 0.03    M    0  9.2 15 190   M    M   0        21 170
 9  77  32  55   M  10   0 0.00  0.0    0  8.0 17 260   M    M   0        13 120
10  52  28  40   M  25   0 0.00  0.0    0 11.4 21 160   M    M   0        27 160
11  45  23  34   M  31   0 0.00  0.0    0  8.0 28 360   M    M   1        37 360
12  52  27  40   M  25   0 0.00  0.0    0 11.7 23 150   M    M   0        29 160
13  64  25  45   M  20   0 0.00  0.0    0  7.2 17 160   M    M   0         M  M
14  79  45  62   M   3   0 0.00  0.0    0 10.1 25 200   M    M   1        31 230
15  75  55  65   M   0   0 0.00  0.0    0 15.1 32 250   M    M   3        36 260
16  61  43  52   M  13   0 0.22    M    0  7.3 21 360   M    M   8         M  M
17  63  39  51   M  14   0 0.00  0.0    0  6.7 12 150   M    M   1 1      17 160
18  73  41  57   M   8   0 0.00  0.0    0 13.9 33 230   M    M   1        41 230
19  72  55  64   M   1   0 0.00  0.0    0 18.7 35 220   M    M   0        44 220
20  68  46  57   M   8   0 0.00  0.0    0 13.8 29 250   M    M   1        38 250
21  45  27  36   M  29   0 0.00  0.0    0  7.9 14  30   M    M   1        16  40
================================================================================
SM 1349  732       319   0  0.25     0.0 213.0          M       19
================================================================================
AV 64.2 34.9                              10.1 FASTST   M    M   1    MAX(MPH)
                                 MISC ---->  # 35 220               # 44  220
================================================================================
NOTES:
# LAST OF SEVERAL OCCURRENCES

COLUMN 17 PEAK WIND IN M.P.H.

PRELIMINARY LOCAL CLIMATOLOGICAL DATA (WS FORM: F-6) , PAGE 2

                                          STATION:  Artesia
                                          MONTH:    FEBRUARY
                                          YEAR:     2018
                                          LATITUDE:   32 54 N
                                          LONGITUDE: 104 30 W

[TEMPERATURE DATA]      [PRECIPITATION DATA]       SYMBOLS USED IN COLUMN 16

AVERAGE MONTHLY: 49.6   TOTAL FOR MONTH:   0.25    1 = FOG OR MIST
DPTR FM NORMAL:     M   DPTR FM NORMAL:       M    2 = FOG REDUCING VISIBILITY
HIGHEST:    79 ON 14, 3 GRTST 24HR  0.22 ON 16-16      TO 1/4 MILE OR LESS
LOWEST:     23 ON 11                               3 = THUNDER
                        SNOW, ICE PELLETS, HAIL    4 = ICE PELLETS
                        TOTAL MONTH:   0.0 INCH    5 = HAIL
                        GRTST 24HR     0.0         6 = FREEZING RAIN OR DRIZZLE
                        GRTST DEPTH:   0           7 = DUSTSTORM OR SANDSTORM:
                                                       VSBY 1/2 MILE OR LESS
                                                   8 = SMOKE OR HAZE
[NO. OF DAYS WITH]      [WEATHER - DAYS WITH]      9 = BLOWING SNOW
                                                   X = TORNADO
MAX 32 OR BELOW:   0    0.01 INCH OR MORE:   2
MAX 90 OR ABOVE:   0    0.10 INCH OR MORE:   1
MIN 32 OR BELOW:  12    0.50 INCH OR MORE:   0
MIN  0 OR BELOW:   0    1.00 INCH OR MORE:   0

[HDD (BASE 65) ]
TOTAL THIS MO.   319    CLEAR  (SCALE 0-3)  19
DPTR FM NORMAL     M    PTCLDY (SCALE 4-7)   2
TOTAL FM JUL 1  2099    CLOUDY (SCALE 8-10)  0
DPTR FM NORMAL     M

[CDD (BASE 65) ]
TOTAL THIS MO.     0
DPTR FM NORMAL     M    [PRESSURE DATA]
TOTAL FM JAN 1     0    HIGHEST SLP M ON M
DPTR FM NORMAL     M    LOWEST  SLP M ON M

[REMARKS]
