000
CXUS51 KGYX 250900
CF6AUG
PRELIMINARY LOCAL CLIMATOLOGICAL DATA (WS FORM: F-6)

                                          STATION:   AUGUSTA
                                          MONTH:     AUGUST
                                          YEAR:      2016
                                          LATITUDE:   44 18 N
                                          LONGITUDE:  69 48 W

  TEMPERATURE IN F:       :PCPN:    SNOW:  WIND      :SUNSHINE: SKY     :PK WND
================================================================================
1   2   3   4   5  6A  6B    7    8   9   10  11  12  13   14  15   16   17  18
                                     12Z  AVG MX 2MIN
DY MAX MIN AVG DEP HDD CDD  WTR  SNW DPTH SPD SPD DIR MIN PSBL S-S WX    SPD DR
================================================================================

 1  79  63  71   1   0   6 0.05  0.0    0  3.9 10 160   M    M   6 1      14 210
 2  81  60  71   1   0   6 0.00  0.0    0  5.0 13  40   M    M   5 1      17  20
 3  85  57  71   1   0   6 0.00  0.0    0  3.6 15 160   M    M   0        20 140
 4  87  60  74   4   0   9 0.00  0.0    0  6.7 14 190   M    M   0        25 190
 5  88  62  75   5   0  10 0.00  0.0    0  7.0 16 190   M    M   1 12     26 190
 6  89  65  77   7   0  12 0.17  0.0    0  6.2 22 290   M    M   4 3      30 240
 7  82  63  73   3   0   8 0.00  0.0    0  8.8 18 290   M    M   2        30 300
 8  81  59  70   0   0   5    T  0.0    0  8.0 23 320   M    M   2        34 330
 9  81  56  69   0   0   4 0.00  0.0    0  4.5 10 190   M    M   0        15 170
10  73  56  65  -4   0   0 0.02  0.0    0  4.1 10 180   M    M   6 12     17 200
11  94  67  81  12   0  16 0.00  0.0    0  4.2 14 300   M    M   3 12     21 270
12  90  64  77   8   0  12 0.36  0.0    0  6.3 23 350   M    M   4 1      27 340
13  65  59  62  -7   3   0 0.04  0.0    0  5.9 12  10   M    M   9 1      15  40
14  90  61  76   7   0  11 0.01  0.0    0  5.1 14 250   M    M   4 123    20 250
15  83  63  73   4   0   8 0.00  0.0    0  5.7 18 340   M    M   3        23 320
16  79  59  69   0   0   4 0.53  0.0    0  4.9 13 140   M    M   4 12     17 150
17  79  65  72   4   0   7    T  0.0    0  9.2 26 340   M    M   6 12     35 350
18  85  63  74   6   0   9 0.00  0.0    0  5.4 14 270   M    M   2        18 240
19  84  62  73   5   0   8 0.00  0.0    0  6.0 17 330   M    M   0        22 340
20  79  57  68   0   0   3 0.00  0.0    0  6.9 17 160   M    M   2        23 160
21  79  62  71   3   0   6 0.00  0.0    0  9.0 17 150   M    M   5 1      24 160
22  72  56  64  -4   1   0 1.13  0.0    0 10.2 22 310   M    M   6 12     33 330
23  78  54  66  -1   0   1 0.00  0.0    0  5.9 15 240   M    M   0        23 240
24  84  59  72   5   0   7 0.00  0.0    0  5.3 12 170   M    M   0        18 170
================================================================================
SM 1967 1452         4 158  2.31     0.0 147.8          M       74
================================================================================
AV 82.0 60.5                               6.2 FASTST   M    M   3    MAX(MPH)
                                 MISC ---->  # 26 340               # 35  350
================================================================================
NOTES:
# LAST OF SEVERAL OCCURRENCES

COLUMN 17 PEAK WIND IN M.P.H.

PRELIMINARY LOCAL CLIMATOLOGICAL DATA (WS FORM: F-6) , PAGE 2

                                          STATION:  AUGUSTA
                                          MONTH:    AUGUST
                                          YEAR:     2016
                                          LATITUDE:   44 18 N
                                          LONGITUDE:  69 48 W

[TEMPERATURE DATA]      [PRECIPITATION DATA]       SYMBOLS USED IN COLUMN 16

AVERAGE MONTHLY: 71.2   TOTAL FOR MONTH:   2.31    1 = FOG OR MIST
DPTR FM NORMAL:   2.3   DPTR FM NORMAL:   -0.30    2 = FOG REDUCING VISIBILITY
HIGHEST:    94 ON 11    GRTST 24HR  1.13 ON 22-22      TO 1/4 MILE OR LESS
LOWEST:     54 ON 23                               3 = THUNDER
                        SNOW, ICE PELLETS, HAIL    4 = ICE PELLETS
                        TOTAL MONTH:   0.0 INCH    5 = HAIL
                        GRTST 24HR     0.0         6 = FREEZING RAIN OR DRIZZLE
                        GRTST DEPTH:   0           7 = DUSTSTORM OR SANDSTORM:
                                                       VSBY 1/2 MILE OR LESS
                                                   8 = SMOKE OR HAZE
[NO. OF DAYS WITH]      [WEATHER - DAYS WITH]      9 = BLOWING SNOW
                                                   X = TORNADO
MAX 32 OR BELOW:   0    0.01 INCH OR MORE:   8
MAX 90 OR ABOVE:   3    0.10 INCH OR MORE:   4
MIN 32 OR BELOW:   0    0.50 INCH OR MORE:   2
MIN  0 OR BELOW:   0    1.00 INCH OR MORE:   1

[HDD (BASE 65) ]
TOTAL THIS MO.     4    CLEAR  (SCALE 0-3)  12
DPTR FM NORMAL    -9    PTCLDY (SCALE 4-7)  11
TOTAL FM JUL 1    25    CLOUDY (SCALE 8-10)  1
DPTR FM NORMAL    -4

[CDD (BASE 65) ]
TOTAL THIS MO.   158
DPTR FM NORMAL    52    [PRESSURE DATA]
TOTAL FM JAN 1   414    HIGHEST SLP M ON M
DPTR FM NORMAL    78    LOWEST  SLP 29.57 ON  6

[REMARKS]
