000
CXUS51 KGYX 251100
CF6AUG
PRELIMINARY LOCAL CLIMATOLOGICAL DATA (WS FORM: F-6)

                                          STATION:   AUGUSTA
                                          MONTH:     DECEMBER
                                          YEAR:      2014
                                          LATITUDE:   44 18 N
                                          LONGITUDE:  69 48 W

  TEMPERATURE IN F:       :PCPN:    SNOW:  WIND      :SUNSHINE: SKY     :PK WND
================================================================================
1   2   3   4   5  6A  6B    7    8   9   10  11  12  13   14  15   16   17  18
                                     12Z  AVG MX 2MIN
DY MAX MIN AVG DEP HDD CDD  WTR  SNW DPTH SPD SPD DIR MIN PSBL S-S WX    SPD DR
================================================================================

 1  53  29  41   9  24   0    T    M    M  9.8 24 320   M    M   5        36 310
 2  29  19  24  -8  41   0    T    M    M  7.8 18 330   M    M   2        24 330
 3  36  17  27  -4  38   0 0.25    M    M  7.9 15 330   M    M  10 126    20 250
 4  37  15  26  -5  39   0 0.00  0.0    M  9.6 21 300   M    M   2        38 300
 5  24   8  16 -14  49   0    T    M    M  3.6  9  30   M    M   4 1      11  20
 6  34  21  28  -2  37   0 0.56    M    M  8.1 15 340   M    M  10 16     19 320
 7  33   8  21  -8  44   0 0.00  0.0    M 13.9 30 350   M    M   0        36 340
 8  16   3  10 -19  55   0 0.00  0.0    M  7.0 15 360   M    M   3        21  10
 9  34  15  25  -4  40   0 0.88    M    M 13.9 25  20   M    M  10 16     35  40
10  36  33  35   7  30   0 0.47    M    0 17.9 26  20   M    M  10 1      36  20
11  39  32  36   8  29   0 0.19    M    0  6.1 15 160   M    M  10 12     23 150
12  34  30  32   5  33   0 0.03    M    0  4.6 10 340   M    M  10 1      14 340
13  33  30  32   5  33   0 0.15    M    0  7.0 12 310   M    M  10 1      15 300
14  38  27  33   6  32   0 0.00  0.0    0  5.2 12 360   M    M   6        13  20
15  34  23  29   3  36   0 0.00  0.0    0  6.0 16 350   M    M   2        20 350
16  33  28  31   5  34   0    T    M    0  1.6  6 130   M    M  10 12      7 120
17  37  32  35  10  30   0 0.64    M    0  9.4 17 350   M    M  10 12     22  10
18  35  30  33   8  32   0 0.15    M    0  8.0 16 300   M    M   8 1      24 300
19  33  22  28   3  37   0 0.00  0.0    0  7.9 20 330   M    M   3        23 330
20  26  18  22  -2  43   0 0.00  0.0    0  8.2 17  40   M    M   4        22  30
21  30  20  25   1  40   0 0.00  0.0    0  6.0 10 340   M    M   8        12 340
22  36  25  31   7  34   0 0.02    M    M  4.5  9  60   M    M   9 1      11  50
23  34  31  33  10  32   0 0.13    M    M  5.8 13  10   M    M  10 16     14  20
24  34  33  34  11  31   0 0.56    M    0  7.3 12  30   M    M  10 12     14  30
================================================================================
SM  808  549       873   0  4.03     0.0 187.1          M      166
================================================================================
AV 33.7 22.9                               7.8 FASTST   M    M   7    MAX(MPH)
                                 MISC ---->  # 30 350               # 38  300
================================================================================
NOTES:
# LAST OF SEVERAL OCCURRENCES

COLUMN 17 PEAK WIND IN M.P.H.

PRELIMINARY LOCAL CLIMATOLOGICAL DATA (WS FORM: F-6) , PAGE 2

                                          STATION:  AUGUSTA
                                          MONTH:    DECEMBER
                                          YEAR:     2014
                                          LATITUDE:   44 18 N
                                          LONGITUDE:  69 48 W

[TEMPERATURE DATA]      [PRECIPITATION DATA]       SYMBOLS USED IN COLUMN 16

AVERAGE MONTHLY: 28.3   TOTAL FOR MONTH:   4.03    1 = FOG OR MIST
DPTR FM NORMAL:   1.0   DPTR FM NORMAL:    1.41    2 = FOG REDUCING VISIBILITY
HIGHEST:    53 ON  1    GRTST 24HR  1.12 ON  9-10      TO 1/4 MILE OR LESS
LOWEST:      3 ON  8                               3 = THUNDER
                        SNOW, ICE PELLETS, HAIL    4 = ICE PELLETS
                        TOTAL MONTH:   0.0 INCH    5 = HAIL
                        GRTST 24HR     0.0         6 = FREEZING RAIN OR DRIZZLE
                        GRTST DEPTH:   0           7 = DUSTSTORM OR SANDSTORM:
                                                       VSBY 1/2 MILE OR LESS
                                                   8 = SMOKE OR HAZE
[NO. OF DAYS WITH]      [WEATHER - DAYS WITH]      9 = BLOWING SNOW
                                                   X = TORNADO
MAX 32 OR BELOW:   5    0.01 INCH OR MORE:  12
MAX 90 OR ABOVE:   0    0.10 INCH OR MORE:  10
MIN 32 OR BELOW:  22    0.50 INCH OR MORE:   4
MIN  0 OR BELOW:   0    1.00 INCH OR MORE:   0

[HDD (BASE 65) ]
TOTAL THIS MO.   873    CLEAR  (SCALE 0-3)   4
DPTR FM NORMAL   -33    PTCLDY (SCALE 4-7)   6
TOTAL FM JUL 1  2362    CLOUDY (SCALE 8-10) 14
DPTR FM NORMAL   -92

[CDD (BASE 65) ]
TOTAL THIS MO.     0
DPTR FM NORMAL     0    [PRESSURE DATA]
TOTAL FM JAN 1   371    HIGHEST SLP M ON M
DPTR FM NORMAL   -17    LOWEST  SLP 29.45 ON 10

[REMARKS]
