000
CXUS53 KARX 180930
CF6AUM
PRELIMINARY LOCAL CLIMATOLOGICAL DATA (WS FORM: F-6)

                                          STATION:   AUSTIN_MUNI MN
                                          MONTH:     JANUARY
                                          YEAR:      2017
                                          LATITUDE:   43 40 N
                                          LONGITUDE:  92 56 W

  TEMPERATURE IN F:       :PCPN:    SNOW:  WIND      :SUNSHINE: SKY     :PK WND
================================================================================
1   2   3   4   5  6A  6B    7    8   9   10  11  12  13   14  15   16   17  18
                                     12Z  AVG MX 2MIN
DY MAX MIN AVG DEP HDD CDD  WTR  SNW DPTH SPD SPD DIR MIN PSBL S-S WX    SPD DR
================================================================================

 1  28  10  19   M  46   0 0.00  0.0    2  5.9  9  90   M    M   3         M  M
 2  34  28  31   M  34   0    M    T    2 10.4 18 100   M    M  10 1       M  M
 3  32   1  17   M  48   0 0.00  0.0    2 17.3 23 300   M    M   6 1      35 310
 4   1  -6  -2   M  67   0 0.00  0.0    2 16.6 23 290   M    M   0        30 290
 5   0  -8  -4   M  69   0    T    T    2  9.7 14 310   M    M   2 8      17 300
 6   3 -11  -4   M  69   0 0.00  0.0    2  4.5 10 290   M    M   2         M  M
 7   9  -2   4   M  61   0 0.00  0.0    2  7.7 16 310   M    M   2        17 310
 8  18 -11   4   M  61   0    T    T    2  7.1 16 190   M    M   4        21 160
 9  27  16  22   M  43   0    M    M    2  8.2 17 140   M    M   6 6      24 140
10  34   9  22   M  43   0    M    M    2 12.7 28 290   M    M   8 8      36 300
11  14   7  11   M  54   0 0.00  0.0    M  9.5 16  10   M    M   7        22  10
12  18  -2   8   M  57   0 0.00  0.0    M 10.9 17 280   M    M   4        25 280
13  10  -6   2   M  63   0 0.00  0.0    M  4.8  8  60   M    M   5         M  M
14  25   3  14   M  51   0 0.00  0.0    M  3.1  7 180   M    M   1         M  M
15  25   1  13   M  52   0 0.00  0.0    M  2.0  8 170   M    M   3 128     M  M
16  32  18  25   M  40   0    M    T    M  5.7 10 100   M    M   8 16      M  M
17  34  28  31   M  34   0    M    M    M  4.9 12 310   M    M  10 12      M  M
================================================================================
SM  344   75       892   0    T     T    141.0          M       81
================================================================================
AV 20.2  4.4                               8.3 FASTST   M    M   5    MAX(MPH)
                                 MISC ---->    28   M                 36    M
================================================================================
NOTES:
# LAST OF SEVERAL OCCURRENCES

COLUMN 17 PEAK WIND IN M.P.H.

PRELIMINARY LOCAL CLIMATOLOGICAL DATA (WS FORM: F-6) , PAGE 2

                                          STATION:  AUSTIN_MUNI MN
                                          MONTH:    JANUARY
                                          YEAR:     2017
                                          LATITUDE:   43 40 N
                                          LONGITUDE:  92 56 W

[TEMPERATURE DATA]      [PRECIPITATION DATA]       SYMBOLS USED IN COLUMN 16

AVERAGE MONTHLY: 12.3   TOTAL FOR MONTH:      T    1 = FOG OR MIST
DPTR FM NORMAL:     M   DPTR FM NORMAL:       M    2 = FOG REDUCING VISIBILITY
HIGHEST:    34 ON 17,10 GRTST 24HR    T  ON  8- 8      TO 1/4 MILE OR LESS
LOWEST:    -11 ON  8, 6                            3 = THUNDER
                        SNOW, ICE PELLETS, HAIL    4 = ICE PELLETS
                        TOTAL MONTH:    T          5 = HAIL
                        GRTST 24HR    T  ON 16-16  6 = FREEZING RAIN OR DRIZZLE
                        GRTST DEPTH:   2 ON 10, 9  7 = DUSTSTORM OR SANDSTORM:
                                                       VSBY 1/2 MILE OR LESS
                                                   8 = SMOKE OR HAZE
[NO. OF DAYS WITH]      [WEATHER - DAYS WITH]      9 = BLOWING SNOW
                                                   X = TORNADO
MAX 32 OR BELOW:  14    0.01 INCH OR MORE:   0
MAX 90 OR ABOVE:   0    0.10 INCH OR MORE:   0
MIN 32 OR BELOW:  17    0.50 INCH OR MORE:   0
MIN  0 OR BELOW:   7    1.00 INCH OR MORE:   0

[HDD (BASE 65) ]
TOTAL THIS MO.   892    CLEAR  (SCALE 0-3)   7
DPTR FM NORMAL     M    PTCLDY (SCALE 4-7)   6
TOTAL FM JUL 1  3456    CLOUDY (SCALE 8-10)  4
DPTR FM NORMAL     M

[CDD (BASE 65) ]
TOTAL THIS MO.     0
DPTR FM NORMAL     M    [PRESSURE DATA]
TOTAL FM JAN 1     0    HIGHEST SLP M ON M
DPTR FM NORMAL     M    LOWEST  SLP M ON M

[REMARKS]
