000
CXUS54 KBMX 221216
CF6AUO
PRELIMINARY LOCAL CLIMATOLOGICAL DATA (WS FORM: F-6)

                                          STATION:   AUBURN    AWOS
                                          MONTH:     FEBRUARY
                                          YEAR:      2017
                                          LATITUDE:   32 34 N
                                          LONGITUDE:  85 30 W

  TEMPERATURE IN F:       :PCPN:    SNOW:  WIND      :SUNSHINE: SKY     :PK WND
================================================================================
1   2   3   4   5  6A  6B    7    8   9   10  11  12  13   14  15   16   17  18
                                     12Z  AVG MX 2MIN
DY MAX MIN AVG DEP HDD CDD  WTR  SNW DPTH SPD SPD DIR MIN PSBL S-S WX    SPD DR
================================================================================

 1  70  47  59   M   6   0    T    M    0  6.6 15 270   M    M   3 1      20 220
 2  71  50  61   M   4   0 0.00  0.0    0  5.1 13 310   M    M   3 1       M  M
 3  56  36  46   M  19   0 0.00  0.0    0  7.6 16 360   M    M   7 1      23 360
 4  54  30  42   M  23   0 0.00  0.0    0  8.1 13  60   M    M   0        18  80
 5  51  39  45   M  20   0 0.06  0.0    0  3.5 10 160   M    M   9 1       M  M
 6  66  48  57   M   8   0    T  0.0    0  4.6 10 170   M    M   5 1       M  M
 7  65  54  60   M   5   0 1.10  0.0    0  6.7 10 180   M    M   8 13      M  M
 8  72  55  64   M   1   0 0.14  0.0    0  7.4 17 220   M    M   7 12     17 210
 9  65  37  51   M  14   0 0.01    M    0 12.1 23 320   M    M   2 1      32 320
10  66  34  50   M  15   0 0.00  0.0    0  7.1 12 190   M    M   0         M  M
11  73  44  59   M   6   0 0.00  0.0    0  6.9 12 200   M    M   5         M  M
12  73  60  67   M   0   2    T  0.0    0  9.2 17 350   M    M   9 1      23 260
13  71  45  58   M   7   0 0.00  0.0    0  8.2 17 350   M    M   0        25 350
14  73  42  58   M   7   0 0.00  0.0    0  5.8 13  40   M    M   0         M  M
15  63  42  53   M  12   0 0.41  0.0    0 12.5 18 290   M    M   6 1      32 270
16  60  35  48   M  17   0 0.00  0.0    0  6.7 12 340   M    M   0         M  M
17  66  37  52   M  13   0 0.00  0.0    0  4.3 10 230   M    M   0         M  M
18  62  49  56   M   9   0 0.01  0.0    0  6.0 13 170   M    M   6         M  M
19  74  52  63   M   2   0 0.00  0.0    0  5.9 15 300   M    M   4 12      M  M
20  75  49  62   M   3   0 0.00  0.0    0  6.0 10 140   M    M   0         M  M
21  64  57  61   M   4   0 1.40  0.0    0  5.8 10 110   M    M   7 1       M  M
================================================================================
SM 1390  942       195   2  3.13     0.0 146.1          M       81
================================================================================
AV 66.2 44.9                               7.0 FASTST   M    M   4    MAX(MPH)
                                 MISC ---->  # 23 320                 32    M
================================================================================
NOTES:
# LAST OF SEVERAL OCCURRENCES

COLUMN 17 PEAK WIND IN M.P.H.

PRELIMINARY LOCAL CLIMATOLOGICAL DATA (WS FORM: F-6) , PAGE 2

                                          STATION:  AUBURN    AWOS
                                          MONTH:    FEBRUARY
                                          YEAR:     2017
                                          LATITUDE:   32 34 N
                                          LONGITUDE:  85 30 W

[TEMPERATURE DATA]      [PRECIPITATION DATA]       SYMBOLS USED IN COLUMN 16

AVERAGE MONTHLY: 55.5   TOTAL FOR MONTH:   3.13    1 = FOG OR MIST
DPTR FM NORMAL:     M   DPTR FM NORMAL:       M    2 = FOG REDUCING VISIBILITY
HIGHEST:    75 ON 20    GRTST 24HR  1.40 ON 21-21      TO 1/4 MILE OR LESS
LOWEST:     30 ON  4                               3 = THUNDER
                        SNOW, ICE PELLETS, HAIL    4 = ICE PELLETS
                        TOTAL MONTH:   0.0 INCH    5 = HAIL
                        GRTST 24HR     0.0         6 = FREEZING RAIN OR DRIZZLE
                        GRTST DEPTH:   0           7 = DUSTSTORM OR SANDSTORM:
                                                       VSBY 1/2 MILE OR LESS
                                                   8 = SMOKE OR HAZE
[NO. OF DAYS WITH]      [WEATHER - DAYS WITH]      9 = BLOWING SNOW
                                                   X = TORNADO
MAX 32 OR BELOW:   0    0.01 INCH OR MORE:   7
MAX 90 OR ABOVE:   0    0.10 INCH OR MORE:   4
MIN 32 OR BELOW:   1    0.50 INCH OR MORE:   2
MIN  0 OR BELOW:   0    1.00 INCH OR MORE:   2

[HDD (BASE 65) ]
TOTAL THIS MO.   195    CLEAR  (SCALE 0-3)  10
DPTR FM NORMAL     M    PTCLDY (SCALE 4-7)   9
TOTAL FM JUL 1  1162    CLOUDY (SCALE 8-10)  2
DPTR FM NORMAL     M

[CDD (BASE 65) ]
TOTAL THIS MO.     2
DPTR FM NORMAL     M    [PRESSURE DATA]
TOTAL FM JAN 1    11    HIGHEST SLP M ON M
DPTR FM NORMAL     M    LOWEST  SLP M ON M

[REMARKS]
