000
CXUS52 KGSP 260817
CF6AVL
PRELIMINARY LOCAL CLIMATOLOGICAL DATA (WS FORM: F-6)

                                          STATION:   ASHEVILLE NC
                                          MONTH:     JULY
                                          YEAR:      2014
                                          LATITUDE:   35 25 N
                                          LONGITUDE:  82 33 W

  TEMPERATURE IN F:       :PCPN:    SNOW:  WIND      :SUNSHINE: SKY     :PK WND
================================================================================
1   2   3   4   5  6A  6B    7    8   9   10  11  12  13   14  15   16   17  18
                                     12Z  AVG MX 2MIN
DY MAX MIN AVG DEP HDD CDD  WTR  SNW DPTH SPD SPD DIR MIN PSBL S-S WX    SPD DR
================================================================================

 1  86  66  76   3   0  11 0.00  0.0    0  4.0 12 180   M    M   4 1      15 190
 2  88  66  77   4   0  12 0.00  0.0    0  4.2 14 190   M    M   2 3      18 190
 3  84  65  75   2   0  10    T  0.0    0 10.7 24 340   M    M   2 3      31 330
 4  78  61  70  -4   0   5 0.00  0.0    0 12.9 25 340   M    M   1        31 320
 5  78  53  66  -8   0   1 0.00  0.0    0  2.8 12 170   M    M   0        16 150
 6  80  54  67  -7   0   2 0.00  0.0    0  2.6 12 180   M    M   1        16 170
 7  85  58  72  -2   0   7 0.00  0.0    0  4.9 17 200   M    M   2        24 200
 8  88  58  73  -1   0   8 0.11  0.0    0  3.3 16 350   M    M   3        23 250
 9  80  64  72  -2   0   7 0.78  0.0    0  3.4 26 330   M    M   6 3      33 330
10  80  65  73  -1   0   8 0.32  0.0    0  3.8 21 360   M    M   5 138    26 350
11  84  64  74   0   0   9 0.00  0.0    0  4.2 12 150   M    M   7 128    18 130
12  84  67  76   2   0  11 0.00  0.0    0  3.1 14 170   M    M   5 12     18 170
13  85  67  76   2   0  11 0.00  0.0    0  3.1 13 190   M    M   5 1      20 230
14  86  65  76   2   0  11 0.00  0.0    0  3.7 20 210   M    M   4 12     24 220
15  80  66  73  -1   0   8 0.01  0.0    0  8.9 26 340   M    M   4 3      32 340
16  78  60  69  -5   0   4 0.00  0.0    0  9.8 17 330   M    M   1        23 340
17  77  60  69  -5   0   4 0.00  0.0    0  4.5 12 180   M    M   5        17 170
18  68  62  65  -9   0   0 1.31  0.0    0  2.4  8 190   M    M   9 1      12 130
19  66  61  64 -10   1   0 0.54  0.0    0  5.4 12 150   M    M  10 1      16 160
20  78  61  70  -4   0   5 0.01  0.0    0  3.2 14 160   M    M   9 1      17 170
21  76  66  71  -3   0   6 0.37  0.0    0  1.8 14 210   M    M   7 13     17 210
22  81  66  74   0   0   9 0.01  0.0    0  2.0  9 180   M    M   8 1      13 170
23  83  66  75   1   0  10    T  0.0    0  4.7 15 320   M    M   8 1238   19 330
24  83  67  75   1   0  10 0.52  0.0    0  3.4 28 320   M    M   7 13     43 320
25  81  65  73  -1   0   8    T  0.0    0  3.9 14 170   M    M   6        18 170
================================================================================
SM 2017 1573         1 177  3.98     0.0 116.7          M      121
================================================================================
AV 80.7 62.9                               4.7 FASTST   M    M   5    MAX(MPH)
                                 MISC ---->  # 28 320               # 43  320
================================================================================
NOTES:
# LAST OF SEVERAL OCCURRENCES

COLUMN 17 PEAK WIND IN M.P.H.

PRELIMINARY LOCAL CLIMATOLOGICAL DATA (WS FORM: F-6) , PAGE 2

                                          STATION:  ASHEVILLE NC
                                          MONTH:    JULY
                                          YEAR:     2014
                                          LATITUDE:   35 25 N
                                          LONGITUDE:  82 33 W

[TEMPERATURE DATA]      [PRECIPITATION DATA]       SYMBOLS USED IN COLUMN 16

AVERAGE MONTHLY: 71.8   TOTAL FOR MONTH:   3.98    1 = FOG OR MIST
DPTR FM NORMAL:  -2.1   DPTR FM NORMAL:    0.49    2 = FOG REDUCING VISIBILITY
HIGHEST:    88 ON  8, 2 GRTST 24HR  1.34 ON 18-19      TO 1/4 MILE OR LESS
LOWEST:     53 ON  5                               3 = THUNDER
                        SNOW, ICE PELLETS, HAIL    4 = ICE PELLETS
                        TOTAL MONTH:   0.0 INCH    5 = HAIL
                        GRTST 24HR     0.0         6 = FREEZING RAIN OR DRIZZLE
                        GRTST DEPTH:   0           7 = DUSTSTORM OR SANDSTORM:
                                                       VSBY 1/2 MILE OR LESS
                                                   8 = SMOKE OR HAZE
[NO. OF DAYS WITH]      [WEATHER - DAYS WITH]      9 = BLOWING SNOW
                                                   X = TORNADO
MAX 32 OR BELOW:   0    0.01 INCH OR MORE:  10
MAX 90 OR ABOVE:   0    0.10 INCH OR MORE:   7
MIN 32 OR BELOW:   0    0.50 INCH OR MORE:   4
MIN  0 OR BELOW:   0    1.00 INCH OR MORE:   1

[HDD (BASE 65) ]
TOTAL THIS MO.     1    CLEAR  (SCALE 0-3)   8
DPTR FM NORMAL     1    PTCLDY (SCALE 4-7)  14
TOTAL FM JUL 1     1    CLOUDY (SCALE 8-10)  3
DPTR FM NORMAL     1

[CDD (BASE 65) ]
TOTAL THIS MO.   177
DPTR FM NORMAL   -44    [PRESSURE DATA]
TOTAL FM JAN 1   484    HIGHEST SLP M ON M
DPTR FM NORMAL    28    LOWEST  SLP 29.73 ON 15

[REMARKS]
