000
CXUS53 KGRR 171017
CF6AZO
PRELIMINARY LOCAL CLIMATOLOGICAL DATA (WS FORM: F-6)

                                          STATION:   KALAMAZOO
                                          MONTH:     NOVEMBER
                                          YEAR:      2017
                                          LATITUDE:   42 13 N
                                          LONGITUDE:  85 33 W

  TEMPERATURE IN F:       :PCPN:    SNOW:  WIND      :SUNSHINE: SKY     :PK WND
================================================================================
1   2   3   4   5  6A  6B    7    8   9   10  11  12  13   14  15   16   17  18
                                     12Z  AVG MX 2MIN
DY MAX MIN AVG DEP HDD CDD  WTR  SNW DPTH SPD SPD DIR MIN PSBL S-S WX    SPD DR
================================================================================

 1  44  33  39  -7  26   0 0.58    M    M  6.0 13 180   M    M   9 1      16 120
 2  53  42  48   2  17   0 0.18    M    M  4.5 16 350   M    M  10 12     18 340
 3  50  40  45   0  20   0 0.00    M    M  6.9 16 360   M    M   4 18     21 360
 4  48  37  43  -2  22   0 0.44    M    M  6.3 15  90   M    M   6 13     23  80
 5  58  46  52   7  13   0 0.15    M    M  6.0 16 330   M    M  10 128    20 320
 6  46  35  41  -3  24   0 0.00    M    M  7.1 16 330   M    M   5        20 330
 7  48  31  40  -4  25   0 0.00    M    M  5.6 16 360   M    M   3        22 360
 8  47  24  36  -8  29   0 0.00    M    M  4.0 14 240   M    M   1 1      17 240
 9  44  26  35  -8  30   0    T    M    M 13.8 25 310   M    M   7        33 320
10  29  19  24 -19  41   0 0.00    M    M  7.5 21 360   M    M   2        26 360
11  35  20  28 -14  37   0 0.00    M    M  6.3 12 180   M    M   5        17 130
12  38  33  36  -6  29   0 0.17    M    M  1.2  8 190   M    M  10 148    10 180
13  44  32  38  -4  27   0 0.00    M    M  4.3 14 270   M    M   9 18     18 300
14  48  26  37  -4  28   0    T    M    M  6.2 15 190   M    M   5 128    19 160
15  48  41  45   4  20   0 0.49    M    0 11.0 23 300   M    M  10 1      29 310
16  42  34  38  -2  27   0 0.02    M    0 11.3 31 300   M    M  10 18     42 300
================================================================================
SM  722  519       415   0  2.03    M    108.0          M      106
================================================================================
AV 45.1 32.4                               6.8 FASTST   M    M   7    MAX(MPH)
                                 MISC ---->  # 31 300               # 42  300
================================================================================
NOTES:
# LAST OF SEVERAL OCCURRENCES

COLUMN 17 PEAK WIND IN M.P.H.

PRELIMINARY LOCAL CLIMATOLOGICAL DATA (WS FORM: F-6) , PAGE 2

                                          STATION:  KALAMAZOO
                                          MONTH:    NOVEMBER
                                          YEAR:     2017
                                          LATITUDE:   42 13 N
                                          LONGITUDE:  85 33 W

[TEMPERATURE DATA]      [PRECIPITATION DATA]       SYMBOLS USED IN COLUMN 16

AVERAGE MONTHLY: 38.8   TOTAL FOR MONTH:   2.03    1 = FOG OR MIST
DPTR FM NORMAL:  -4.5   DPTR FM NORMAL:    0.29    2 = FOG REDUCING VISIBILITY
HIGHEST:    58 ON  5    GRTST 24HR  0.58 ON  1- 1      TO 1/4 MILE OR LESS
LOWEST:     19 ON 10                               3 = THUNDER
                        SNOW, ICE PELLETS, HAIL    4 = ICE PELLETS
                        TOTAL MONTH:    M          5 = HAIL
                        GRTST 24HR    M  ON   M    6 = FREEZING RAIN OR DRIZZLE
                        GRTST DEPTH:   0           7 = DUSTSTORM OR SANDSTORM:
                                                       VSBY 1/2 MILE OR LESS
                                                   8 = SMOKE OR HAZE
[NO. OF DAYS WITH]      [WEATHER - DAYS WITH]      9 = BLOWING SNOW
                                                   X = TORNADO
MAX 32 OR BELOW:   1    0.01 INCH OR MORE:   7
MAX 90 OR ABOVE:   0    0.10 INCH OR MORE:   6
MIN 32 OR BELOW:   7    0.50 INCH OR MORE:   1
MIN  0 OR BELOW:   0    1.00 INCH OR MORE:   0

[HDD (BASE 65) ]
TOTAL THIS MO.   415    CLEAR  (SCALE 0-3)   2
DPTR FM NORMAL    69    PTCLDY (SCALE 4-7)   7
TOTAL FM JUL 1   813    CLOUDY (SCALE 8-10)  7
DPTR FM NORMAL  -125

[CDD (BASE 65) ]
TOTAL THIS MO.     0
DPTR FM NORMAL     0    [PRESSURE DATA]
TOTAL FM JAN 1   768    HIGHEST SLP M ON M
DPTR FM NORMAL    93    LOWEST  SLP 29.66 ON 15

[REMARKS]
