000
CXUS53 KGRR 251017
CF6AZO
PRELIMINARY LOCAL CLIMATOLOGICAL DATA (WS FORM: F-6)

                                          STATION:   KALAMAZOO
                                          MONTH:     MAY
                                          YEAR:      2017
                                          LATITUDE:   42 13 N
                                          LONGITUDE:  85 33 W

  TEMPERATURE IN F:       :PCPN:    SNOW:  WIND      :SUNSHINE: SKY     :PK WND
================================================================================
1   2   3   4   5  6A  6B    7    8   9   10  11  12  13   14  15   16   17  18
                                     12Z  AVG MX 2MIN
DY MAX MIN AVG DEP HDD CDD  WTR  SNW DPTH SPD SPD DIR MIN PSBL S-S WX    SPD DR
================================================================================

 1  64  48  56   2   9   0 0.74    M    M 13.9 26 230   M    M   9 138    35 240
 2  49  41  45 -10  20   0 0.06    M    M 13.8 24 260   M    M   8 8      31 270
 3  60  33  47  -8  18   0 0.00    M    M  2.9  9 160   M    M   1        13  40
 4  50  43  47  -8  18   0 0.36    M    M  8.5 15  20   M    M  10 1      23  60
 5  63  41  52  -4  13   0 0.00    M    M 12.5 24 360   M    M   5        33  10
 6  60  38  49  -7  16   0 0.00    M    M 13.2 25 340   M    M   2        32 310
 7  52  35  44 -12  21   0 0.00    M    M 13.1 25 310   M    M   0        34 320
 8  58  28  43 -14  22   0 0.00    M    M  7.1 17 260   M    M   0        23 340
 9  63  33  48  -9  17   0 0.00    M    M  2.6  9 180   M    M   3        13 200
10  71  48  60   3   5   0 0.39    M    M  4.1 12  90   M    M   7        19 100
11  68  45  57  -1   8   0 0.07    M    M  5.2 14 100   M    M   7        22  90
12  72  44  58   0   7   0 0.00    M    M  4.8 16 350   M    M   3        22 350
13  74  44  59   1   6   0 0.00    M    M  6.7 23 250   M    M   3        29 310
14  75  53  64   6   1   0 0.00    M    M  6.1 16 320   M    M   1        20 340
15  77  50  64   5   1   0 0.20    M    M  6.5 16 160   M    M   1 3      26 150
16  86  61  74  15   0   9 0.00    M    M 10.0 24 190   M    M   1        30 210
17  84  66  75  16   0  10 0.00    M    M 16.5 31 190   M    M   1        46 180
18  84  53  69   9   0   4    T    M    M 16.5 31 230   M    M   3        48 230
19  53  45  49 -11  16   0 0.20    M    M  7.9 18  60   M    M   8 1      27  60
20  62  47  55  -5  10   0 1.01    M    0  8.0 17 100   M    M   9 13     28 100
21  73  52  63   3   2   0 0.02    M    M  9.8 23 200   M    M   9 1      32 210
22  71  51  61   0   4   0 0.00    M    M 11.5 21 270   M    M   5        29 280
23  67  58  63   2   2   0 0.05    M    M  6.1 13 200   M    M   9        16 210
24  72  56  64   3   1   0 0.48  0.0    0  6.1 16  90   M    M   5 13     26  80
================================================================================
SM 1608 1113       217  23  3.58     0.0 213.4          M      110
================================================================================
AV 67.0 46.4                               8.9 FASTST   M    M   5    MAX(MPH)
                                 MISC ---->  # 31 190               # 48  230
================================================================================
NOTES:
# LAST OF SEVERAL OCCURRENCES

COLUMN 17 PEAK WIND IN M.P.H.

PRELIMINARY LOCAL CLIMATOLOGICAL DATA (WS FORM: F-6) , PAGE 2

                                          STATION:  KALAMAZOO
                                          MONTH:    MAY
                                          YEAR:     2017
                                          LATITUDE:   42 13 N
                                          LONGITUDE:  85 33 W

[TEMPERATURE DATA]      [PRECIPITATION DATA]       SYMBOLS USED IN COLUMN 16

AVERAGE MONTHLY: 56.7   TOTAL FOR MONTH:   3.58    1 = FOG OR MIST
DPTR FM NORMAL:  -1.2   DPTR FM NORMAL:    0.54    2 = FOG REDUCING VISIBILITY
HIGHEST:    86 ON 16    GRTST 24HR  1.01 ON 20-20      TO 1/4 MILE OR LESS
LOWEST:     28 ON  8                               3 = THUNDER
                        SNOW, ICE PELLETS, HAIL    4 = ICE PELLETS
                        TOTAL MONTH:   0.0 INCH    5 = HAIL
                        GRTST 24HR     0.0         6 = FREEZING RAIN OR DRIZZLE
                        GRTST DEPTH:   0           7 = DUSTSTORM OR SANDSTORM:
                                                       VSBY 1/2 MILE OR LESS
                                                   8 = SMOKE OR HAZE
[NO. OF DAYS WITH]      [WEATHER - DAYS WITH]      9 = BLOWING SNOW
                                                   X = TORNADO
MAX 32 OR BELOW:   0    0.01 INCH OR MORE:  11
MAX 90 OR ABOVE:   0    0.10 INCH OR MORE:   7
MIN 32 OR BELOW:   1    0.50 INCH OR MORE:   2
MIN  0 OR BELOW:   0    1.00 INCH OR MORE:   1

[HDD (BASE 65) ]
TOTAL THIS MO.   217    CLEAR  (SCALE 0-3)  10
DPTR FM NORMAL    24    PTCLDY (SCALE 4-7)   8
TOTAL FM JUL 1  5351    CLOUDY (SCALE 8-10)  6
DPTR FM NORMAL  -985

[CDD (BASE 65) ]
TOTAL THIS MO.    23
DPTR FM NORMAL     1    [PRESSURE DATA]
TOTAL FM JAN 1    34    HIGHEST SLP M ON M
DPTR FM NORMAL     8    LOWEST  SLP 29.40 ON  1

[REMARKS]
