000
CXUS53 KGRR 221017
CF6AZO
PRELIMINARY LOCAL CLIMATOLOGICAL DATA (WS FORM: F-6)

                                          STATION:   KALAMAZOO
                                          MONTH:     JULY
                                          YEAR:      2017
                                          LATITUDE:   42 13 N
                                          LONGITUDE:  85 33 W

  TEMPERATURE IN F:       :PCPN:    SNOW:  WIND      :SUNSHINE: SKY     :PK WND
================================================================================
1   2   3   4   5  6A  6B    7    8   9   10  11  12  13   14  15   16   17  18
                                     12Z  AVG MX 2MIN
DY MAX MIN AVG DEP HDD CDD  WTR  SNW DPTH SPD SPD DIR MIN PSBL S-S WX    SPD DR
================================================================================

 1  82  66  74   2   0   9    T    M    M  8.8 18 290   M    M   4 18     24 250
 2  85  59  72   0   0   7 0.07    M    M  6.9 18 350   M    M   3 3      22 280
 3  82  64  73   1   0   8    T    M    M  3.8 12  20   M    M   5 13     16  60
 4  84  62  73   1   0   8 0.00    M    M  3.8 12  90   M    M   3        16  90
 5  88  57  73   1   0   8 0.00    M    M  2.5 12 210   M    M   0        14 180
 6  91  62  77   5   0  12 0.00    M    M  4.3 15 250   M    M   1        20 250
 7  86  65  76   3   0  11 0.50    M    M  9.6 37 330   M    M   2 13     52 340
 8  79  57  68  -5   0   3 0.00    M    M  8.5 16 310   M    M   3        22 330
 9  83  53  68  -5   0   3 0.00    M    M  7.7 17 200   M    M   1        22 200
10  82  66  74   1   0   9 1.07    M    M  5.9 15 360   M    M   6 138    20 310
11  88  68  78   5   0  13 0.00    M    M  5.4 17 300   M    M   6 18     21 300
12  83  71  77   4   0  12 0.96    M    M  6.8 20 190   M    M   5 13     28 190
13  81  68  75   2   0  10 0.34    M    M  7.9 17 190   M    M   5 13     26 230
14  78  62  70  -3   0   5 0.00    M    M  8.3 20 310   M    M   5 1      25 320
15  80  56  68  -5   0   3 0.00    M    M  5.3 14 290   M    M   1 1      17 300
16  82  61  72  -1   0   7 0.00    M    M  7.5 15 330   M    M   4        20 350
17  81  59  70  -3   0   5 0.00    M    M  2.1  9 230   M    M   3 18     12 210
18  87  61  74   1   0   9 0.00    M    M  4.2 12 240   M    M   1 18     14 220
19  90  64  77   4   0  12    T    M    M  5.0 18 350   M    M   2        24 340
20  86  69  78   5   0  13 0.01    M    M  8.2 17 200   M    M   2        23 250
21  89  62  76   3   0  11 0.10    M    M  4.2 14 190   M    M   2 12     21 150
================================================================================
SM 1767 1312         0 178  3.05    M    126.7          M       64
================================================================================
AV 84.1 62.5                               6.0 FASTST   M    M   3    MAX(MPH)
                                 MISC ---->  # 37 330               # 52  340
================================================================================
NOTES:
# LAST OF SEVERAL OCCURRENCES

COLUMN 17 PEAK WIND IN M.P.H.

PRELIMINARY LOCAL CLIMATOLOGICAL DATA (WS FORM: F-6) , PAGE 2

                                          STATION:  KALAMAZOO
                                          MONTH:    JULY
                                          YEAR:     2017
                                          LATITUDE:   42 13 N
                                          LONGITUDE:  85 33 W

[TEMPERATURE DATA]      [PRECIPITATION DATA]       SYMBOLS USED IN COLUMN 16

AVERAGE MONTHLY: 73.3   TOTAL FOR MONTH:   3.05    1 = FOG OR MIST
DPTR FM NORMAL:   0.6   DPTR FM NORMAL:    0.57    2 = FOG REDUCING VISIBILITY
HIGHEST:    91 ON  6    GRTST 24HR  1.07 ON 10-10      TO 1/4 MILE OR LESS
LOWEST:     53 ON  9                               3 = THUNDER
                        SNOW, ICE PELLETS, HAIL    4 = ICE PELLETS
                        TOTAL MONTH:    M          5 = HAIL
                        GRTST 24HR    M  ON   M    6 = FREEZING RAIN OR DRIZZLE
                        GRTST DEPTH:  M  ON   M    7 = DUSTSTORM OR SANDSTORM:
                                                       VSBY 1/2 MILE OR LESS
                                                   8 = SMOKE OR HAZE
[NO. OF DAYS WITH]      [WEATHER - DAYS WITH]      9 = BLOWING SNOW
                                                   X = TORNADO
MAX 32 OR BELOW:   0    0.01 INCH OR MORE:   7
MAX 90 OR ABOVE:   2    0.10 INCH OR MORE:   5
MIN 32 OR BELOW:   0    0.50 INCH OR MORE:   3
MIN  0 OR BELOW:   0    1.00 INCH OR MORE:   1

[HDD (BASE 65) ]
TOTAL THIS MO.     0    CLEAR  (SCALE 0-3)  13
DPTR FM NORMAL     0    PTCLDY (SCALE 4-7)   8
TOTAL FM JUL 1     0    CLOUDY (SCALE 8-10)  0
DPTR FM NORMAL     0

[CDD (BASE 65) ]
TOTAL THIS MO.   178
DPTR FM NORMAL    13    [PRESSURE DATA]
TOTAL FM JAN 1   389    HIGHEST SLP M ON M
DPTR FM NORMAL    38    LOWEST  SLP 29.76 ON M

[REMARKS]
