000
CXUS55 KLBF 221200
CF6BBW
PRELIMINARY LOCAL CLIMATOLOGICAL DATA (WS FORM: F-6)

                                          STATION:   BROKEN BOW NE
                                          MONTH:     JULY
                                          YEAR:      2014
                                          LATITUDE:   41 26 N
                                          LONGITUDE:  99 39 W

  TEMPERATURE IN F:       :PCPN:    SNOW:  WIND      :SUNSHINE: SKY     :PK WND
================================================================================
1   2   3   4   5  6A  6B    7    8   9   10  11  12  13   14  15   16   17  18
                                     12Z  AVG MX 2MIN
DY MAX MIN AVG DEP HDD CDD  WTR  SNW DPTH SPD SPD DIR MIN PSBL S-S WX    SPD DR
================================================================================

 1  78  57  68  -5   0   3    T    M    M 15.0 32 330   M    M   1        41 330
 2  77  49  63 -10   2   0 0.00    M    M  6.2 16 340   M    M   1        24  10
 3  83  52  68  -5   0   3 0.00    M    M  9.3 22 160   M    M   2        26 170
 4  85  65  75   2   0  10    T    M    M 14.2 24 180   M    M   5 3      36 160
 5  91  66  79   5   0  14 0.00    M    M  6.3 14 120   M    M   0        23 120
 6  93  63  78   4   0  13 0.00    M    M  6.5 18  40   M    M   0 1      26  30
 7  86  57  72  -2   0   7 0.00    M    M  7.9 24 350   M    M   2 13     31  10
 8  82  54  68  -6   0   3 0.00    M    M 10.6 24 340   M    M   1        30 340
 9  82  52  67  -7   0   2 0.86    M    M 10.8 36  90   M    M   3 138    45  10
10  85  62  74   0   0   9    T    M    M 10.8 23 170   M    M   2 3      30 210
11  91  70  81   7   0  16 0.13    M    M  6.6 15  70   M    M   4 13     20 180
12  82  65  74   0   0   9 0.14    M    M  7.7 17  10   M    M   4 13     23 360
13  87  59  73  -1   0   8 0.00    M    M  4.3 15 310   M    M   2 123    21 260
14  73  51  62 -12   3   0 0.25    M    M 10.0 24 360   M    M   1 138    30 360
15  74  47  61 -13   4   0 0.00    M    M  3.5 12  30   M    M   2        22  90
16  70  52  61 -14   4   0 0.00    M    M  5.5 14 160   M    M   6        21 120
17  75  50  63 -12   2   0 0.00    M    M  6.2 16 230   M    M   5 1      27 200
18  76  56  66  -9   0   1 0.00    M    M 12.1 23 180   M    M   5        31 210
19  84  63  74  -1   0   9 0.00    M    M  9.4 18 170   M    M   3 1      29 200
20  94  68  81   6   0  16 0.00    M    M  7.4 16 170   M    M   4 1      27 200
21  95  62  79   4   0  14 0.00    M    M  4.2 15 210   M    M   1 123    17 210
================================================================================
SM 1743 1220        15 137  1.38    M    174.5          M       54
================================================================================
AV 83.0 58.1                               8.3 FASTST   M    M   3    MAX(MPH)
                                 MISC ---->  # 36  90               # 45   10
================================================================================
NOTES:
# LAST OF SEVERAL OCCURRENCES

COLUMN 17 PEAK WIND IN M.P.H.

PRELIMINARY LOCAL CLIMATOLOGICAL DATA (WS FORM: F-6) , PAGE 2

                                          STATION:  BROKEN BOW NE
                                          MONTH:    JULY
                                          YEAR:     2014
                                          LATITUDE:   41 26 N
                                          LONGITUDE:  99 39 W

[TEMPERATURE DATA]      [PRECIPITATION DATA]       SYMBOLS USED IN COLUMN 16

AVERAGE MONTHLY: 70.5   TOTAL FOR MONTH:   1.38    1 = FOG OR MIST
DPTR FM NORMAL:  -3.5   DPTR FM NORMAL:   -0.60    2 = FOG REDUCING VISIBILITY
HIGHEST:    95 ON 21    GRTST 24HR  0.86 ON  9- 9      TO 1/4 MILE OR LESS
LOWEST:     47 ON 15                               3 = THUNDER
                        SNOW, ICE PELLETS, HAIL    4 = ICE PELLETS
                        TOTAL MONTH:    M          5 = HAIL
                        GRTST 24HR    M  ON   M    6 = FREEZING RAIN OR DRIZZLE
                        GRTST DEPTH:  M  ON   M    7 = DUSTSTORM OR SANDSTORM:
                                                       VSBY 1/2 MILE OR LESS
                                                   8 = SMOKE OR HAZE
[NO. OF DAYS WITH]      [WEATHER - DAYS WITH]      9 = BLOWING SNOW
                                                   X = TORNADO
MAX 32 OR BELOW:   0    0.01 INCH OR MORE:   4
MAX 90 OR ABOVE:   5    0.10 INCH OR MORE:   4
MIN 32 OR BELOW:   0    0.50 INCH OR MORE:   1
MIN  0 OR BELOW:   0    1.00 INCH OR MORE:   0

[HDD (BASE 65) ]
TOTAL THIS MO.    15    CLEAR  (SCALE 0-3)  13
DPTR FM NORMAL    15    PTCLDY (SCALE 4-7)   8
TOTAL FM JUL 1    15    CLOUDY (SCALE 8-10)  0
DPTR FM NORMAL    15

[CDD (BASE 65) ]
TOTAL THIS MO.   137
DPTR FM NORMAL   -56    [PRESSURE DATA]
TOTAL FM JAN 1   380    HIGHEST SLP M ON M
DPTR FM NORMAL     1    LOWEST  SLP 29.66 ON 20

[REMARKS]
