000
CXUS51 KBOX 191200
CF6BDL
PRELIMINARY LOCAL CLIMATOLOGICAL DATA (WS FORM: F-6)

                                          STATION:   HARTFORD CT
                                          MONTH:     SEPTEMBER
                                          YEAR:      2014
                                          LATITUDE:   41 55 N
                                          LONGITUDE:  72 41 W

  TEMPERATURE IN F:       :PCPN:    SNOW:  WIND      :SUNSHINE: SKY     :PK WND
================================================================================
1   2   3   4   5  6A  6B    7    8   9   10  11  12  13   14  15   16   17  18
                                     12Z  AVG MX 2MIN
DY MAX MIN AVG DEP HDD CDD  WTR  SNW DPTH SPD SPD DIR MIN PSBL S-S WX    SPD DR
================================================================================

 1  89  69  79  10   0  14 0.00  0.0    0  4.5 10 240   M    M   5 1      14 260
 2  93  72  83  14   0  18 0.17  0.0    0  8.1 24 330   M    M   6 1      30 320
 3  84  62  73   5   0   8 0.00  0.0    0  7.7 22 310   M    M   4        31 310
 4  88  56  72   4   0   7 0.00  0.0    0  5.3 15 210   M    M   2        19 210
 5  90  64  77   9   0  12 0.00  0.0    0  8.7 17 200   M    M   3 1      22 200
 6  93  64  79  12   0  14 0.03  0.0    0 10.7 24 250   M    M   8 138    30 250
 7  80  56  68   1   0   3 0.01  0.0    0  4.7 13 320   M    M   5        20 330
 8  78  54  66  -1   0   1 0.00  0.0    0  6.8 15 110   M    M   5        19  90
 9  74  52  63  -3   2   0 0.00  0.0    0  7.3 13  80   M    M   6        16  60
10  75  55  65  -1   0   0 0.00  0.0    0  4.6  9  30   M    M   7        13 360
11  79  57  68   2   0   3 0.00  0.0    0  9.8 21 200   M    M   7 18     27 180
12  75  52  64  -1   1   0 0.00  0.0    0  8.0 17  20   M    M   3        23  20
13  65  50  58  -7   7   0 0.18  0.0    0  6.2 13  10   M    M   9 1      17  10
14  69  46  58  -7   7   0 0.00  0.0    0  6.2 15  20   M    M   4        22 360
15  69  45  57  -7   8   0 0.00  0.0    0  3.0 10 340   M    M   5        13 330
16  69  51  60  -4   5   0 0.07  0.0    0  2.6  8 130   M    M   8 1      10 280
17  73  43  58  -5   7   0 0.00  0.0    0  3.4 15 280   M    M   2 8      19 290
18  76  44  60  -3   5   0 0.00  0.0    0  4.7 15  10   M    M   2        18  10
================================================================================
SM 1419  992        42  80  0.46     0.0 112.3          M       91
================================================================================
AV 78.8 55.1                               6.2 FASTST   M    M   5    MAX(MPH)
                                 MISC ---->  # 24 330               # 31  310
================================================================================
NOTES:
# LAST OF SEVERAL OCCURRENCES

COLUMN 17 PEAK WIND IN M.P.H.

PRELIMINARY LOCAL CLIMATOLOGICAL DATA (WS FORM: F-6) , PAGE 2

                                          STATION:  HARTFORD CT
                                          MONTH:    SEPTEMBER
                                          YEAR:     2014
                                          LATITUDE:   41 55 N
                                          LONGITUDE:  72 41 W

[TEMPERATURE DATA]      [PRECIPITATION DATA]       SYMBOLS USED IN COLUMN 16

AVERAGE MONTHLY: 67.0   TOTAL FOR MONTH:   0.46    1 = FOG OR MIST
DPTR FM NORMAL:   0.8   DPTR FM NORMAL:   -1.67    2 = FOG REDUCING VISIBILITY
HIGHEST:    93 ON  6, 2 GRTST 24HR  0.23 ON 31- 1      TO 1/4 MILE OR LESS
LOWEST:     43 ON 17                               3 = THUNDER
                        SNOW, ICE PELLETS, HAIL    4 = ICE PELLETS
                        TOTAL MONTH:   0.0 INCH    5 = HAIL
                        GRTST 24HR     0.0         6 = FREEZING RAIN OR DRIZZLE
                        GRTST DEPTH:   0           7 = DUSTSTORM OR SANDSTORM:
                                                       VSBY 1/2 MILE OR LESS
                                                   8 = SMOKE OR HAZE
[NO. OF DAYS WITH]      [WEATHER - DAYS WITH]      9 = BLOWING SNOW
                                                   X = TORNADO
MAX 32 OR BELOW:   0    0.01 INCH OR MORE:   5
MAX 90 OR ABOVE:   3    0.10 INCH OR MORE:   2
MIN 32 OR BELOW:   0    0.50 INCH OR MORE:   0
MIN  0 OR BELOW:   0    1.00 INCH OR MORE:   0

[HDD (BASE 65) ]
TOTAL THIS MO.    42    CLEAR  (SCALE 0-3)   4
DPTR FM NORMAL     3    PTCLDY (SCALE 4-7)  13
TOTAL FM JUL 1    44    CLOUDY (SCALE 8-10)  1
DPTR FM NORMAL    -7

[CDD (BASE 65) ]
TOTAL THIS MO.    80
DPTR FM NORMAL    19    [PRESSURE DATA]
TOTAL FM JAN 1   739    HIGHEST SLP M ON M
DPTR FM NORMAL     3    LOWEST  SLP 29.70 ON  3

[REMARKS]
