000
CXUS51 KOKX 230701
CF6BDR
PRELIMINARY LOCAL CLIMATOLOGICAL DATA (WS FORM: F-6)

                                          STATION:   BRIDGEPORT CT
                                          MONTH:     OCTOBER
                                          YEAR:      2014
                                          LATITUDE:   41 10 N
                                          LONGITUDE:  73  8 W

  TEMPERATURE IN F:       :PCPN:    SNOW:  WIND      :SUNSHINE: SKY     :PK WND
================================================================================
1   2   3   4   5  6A  6B    7    8   9   10  11  12  13   14  15   16   17  18
                                     12Z  AVG MX 2MIN
DY MAX MIN AVG DEP HDD CDD  WTR  SNW DPTH SPD SPD DIR MIN PSBL S-S WX    SPD DR
================================================================================

 1  64  59  62   2   3   0 0.41  0.0    0 10.6 17  10   M    M   9 13     22  10
 2  66  58  62   2   3   0    T  0.0    0  9.7 16  30   M    M  10        20  50
 3  65  51  58  -2   7   0 0.00  0.0    0  8.2 14 140   M    M   2        17 120
 4  69  53  61   2   4   0 0.56  0.0    0 13.8 24 130   M    M   8 1      32 120
 5  62  45  54  -5  11   0 0.00  0.0    0  8.1 16 300   M    M   1        21 250
 6  69  44  57  -1   8   0 0.00  0.0    0  9.4 18 200   M    M   1        24 200
 7  74  65  70  12   0   5    T  0.0    0 15.0 25 210   M    M   5        34 210
 8  74  57  66   8   0   1 0.06  0.0    0 13.0 33 200   M    M   3 3      45 190
 9  69  49  59   2   6   0 0.00  0.0    0  9.6 22 230   M    M   0        29 230
10  63  47  55  -2  10   0 0.00  0.0    0  4.3 13 220   M    M   3        16 330
11  55  45  50  -6  15   0 0.27  0.0    0  7.7 14  20   M    M   7 1      18  40
12  62  45  54  -2  11   0 0.00  0.0    0  7.2 14  20   M    M   0        19 340
13  65  45  55  -1  10   0 0.05  0.0    0  5.0 17 210   M    M   8 1      21 210
14  76  63  70  15   0   5 0.04  0.0    0  8.1 17 190   M    M   7 1      23 200
15  76  68  72  17   0   7 0.11  0.0    0  9.6 16 160   M    M   9 1      23 150
16  70  62  66  11   0   1 0.72  0.0    0  9.8 21 200   M    M   3 1      26 200
17  71  58  65  11   0   0    T  0.0    0 11.3 20 200   M    M   1 8      26 200
18  70  57  64  10   1   0    T  0.0    0 10.1 17 300   M    M   7        25 300
19  57  41  49  -5  16   0    T  0.0    0 10.2 22 350   M    M   6        30 310
20  61  37  49  -4  16   0    T  0.0    0  9.5 18 220   M    M   0        24 210
21  67  51  59   6   6   0 0.03  0.0    0  7.6 16 220   M    M   5        21 220
22  58  50  54   1  11   0 0.52  0.0    0 20.5 33  20   M    M   9 1      48  20
================================================================================
SM 1463 1150       138  19  2.77     0.0 218.3          M      104
================================================================================
AV 66.5 52.3                               9.9 FASTST   M    M   5    MAX(MPH)
                                 MISC ---->  # 33 200               # 48   20
================================================================================
NOTES:
# LAST OF SEVERAL OCCURRENCES

COLUMN 17 PEAK WIND IN M.P.H.

PRELIMINARY LOCAL CLIMATOLOGICAL DATA (WS FORM: F-6) , PAGE 2

                                          STATION:  BRIDGEPORT CT
                                          MONTH:    OCTOBER
                                          YEAR:     2014
                                          LATITUDE:   41 10 N
                                          LONGITUDE:  73  8 W

[TEMPERATURE DATA]      [PRECIPITATION DATA]       SYMBOLS USED IN COLUMN 16

AVERAGE MONTHLY: 59.4   TOTAL FOR MONTH:   2.77    1 = FOG OR MIST
DPTR FM NORMAL:   3.0   DPTR FM NORMAL:    0.14    2 = FOG REDUCING VISIBILITY
HIGHEST:    76 ON 15,14 GRTST 24HR  0.83 ON 15-16      TO 1/4 MILE OR LESS
LOWEST:     37 ON 20                               3 = THUNDER
                        SNOW, ICE PELLETS, HAIL    4 = ICE PELLETS
                        TOTAL MONTH:   0.0 INCH    5 = HAIL
                        GRTST 24HR     0.0         6 = FREEZING RAIN OR DRIZZLE
                        GRTST DEPTH:   0           7 = DUSTSTORM OR SANDSTORM:
                                                       VSBY 1/2 MILE OR LESS
                                                   8 = SMOKE OR HAZE
[NO. OF DAYS WITH]      [WEATHER - DAYS WITH]      9 = BLOWING SNOW
                                                   X = TORNADO
MAX 32 OR BELOW:   0    0.01 INCH OR MORE:  10
MAX 90 OR ABOVE:   0    0.10 INCH OR MORE:   6
MIN 32 OR BELOW:   0    0.50 INCH OR MORE:   3
MIN  0 OR BELOW:   0    1.00 INCH OR MORE:   0

[HDD (BASE 65) ]
TOTAL THIS MO.   138    CLEAR  (SCALE 0-3)   7
DPTR FM NORMAL   -61    PTCLDY (SCALE 4-7)  10
TOTAL FM JUL 1   178    CLOUDY (SCALE 8-10)  5
DPTR FM NORMAL   -89

[CDD (BASE 65) ]
TOTAL THIS MO.    19
DPTR FM NORMAL    11    [PRESSURE DATA]
TOTAL FM JAN 1   884    HIGHEST SLP M ON M
DPTR FM NORMAL    60    LOWEST  SLP 29.50 ON  4

[REMARKS]
