000
CXUS55 KBOU 261109
CF6BDU
PRELIMINARY LOCAL CLIMATOLOGICAL DATA (WS FORM: F-6)

                                          STATION:   Boulder Airport
                                          MONTH:     JUNE
                                          YEAR:      2015
                                          LATITUDE:   40  2 N
                                          LONGITUDE: 105 14 W

  TEMPERATURE IN F:       :PCPN:    SNOW:  WIND      :SUNSHINE: SKY     :PK WND
================================================================================
1   2   3   4   5  6A  6B    7    8   9   10  11  12  13   14  15   16   17  18
                                     12Z  AVG MX 2MIN
DY MAX MIN AVG DEP HDD CDD  WTR  SNW DPTH SPD SPD DIR MIN PSBL S-S WX    SPD DR
================================================================================

 1  81  54  68   M   0   3    M    M    M  4.4 15 180   M    M   2        21 180
 2  88  54  71   M   0   6    M    M    M  3.6  8  60   M    M   0         M  M
 3  73  52  63   M   2   0    M    M    M  3.6  9  60   M    M   5 3       M  M
 4  81  54  68   M   0   3    M    M    M  3.0 10 320   M    M   4 3      22  50
 5  70  54  62   M   3   0    M    M    M  3.3 12 220   M    M   5 3       M  M
 6  73  52  63   M   2   0    M    M    M  3.8  9 210   M    M   3 3       M  M
 7  77  54  66   M   0   1    M    M    M  4.9  9  70   M    M   2 3       M  M
 8  79  54  67   M   0   2    M    M    M  2.2  7  40   M    M   0         M  M
 9  86  59  73   M   0   8    M    M    M  4.6 13 180   M    M   2        31 180
10  73  61  67   M   0   2    M    M    M  1.8  8  20   M    M   6 3       M  M
11  70  55  63   M   2   0    M    M    M  4.5 20 360   M    M   8 3      28 360
12   M   M   M   M   M   M    M    M    M   M   M   M   M    M   M 3       M  M
13  70  54  62   M   3   0    M    M    M  4.6 12 250   M    M   1        22 250
14  81  59  70   M   0   5    M    M    M  2.3  9 340   M    M   2         M  M
15  68  59  64   M   1   0    M    M    M  1.9  6  70   M    M   9 3       M  M
16  79  55  67   M   0   2    M    M    M  5.1 16  10   M    M   3 3      22 230
17  81  55  68   M   0   3    M    M    M  2.4  9  30   M    M   0         M  M
18  79  55  67   M   0   2    M    M    M  3.5  7  70   M    M   3 3       M  M
19  91  59  75   M   0  10    M    M    M  1.8  9 250   M    M   0         M  M
20  79  64  72   M   0   7    M    M    M  2.7  6 230   M    M   0         M  M
21  91  61  76   M   0  11    M    M    M  2.6  8 250   M    M   0         M  M
22  81  61  71   M   0   6    M    M    M  4.1  9  40   M    M   1        20  40
23  86  59  73   M   0   8    M    M    M  3.4 10 360   M    M   0 3       M  M
24  88  61  75   M   0  10    M    M    M  6.1 17 170   M    M   1 3      28 170
25  86  59  73   M   0   8    M    M    M  4.7 15 350   M    M   1        22 350
================================================================================
SM 1911 1364        13  97    M     M     84.9          M       58
================================================================================
AV 79.6 56.8                               3.5 FASTST   M    M   2    MAX(MPH)
                                 MISC ---->    20   M                 31    M
================================================================================
NOTES:
# LAST OF SEVERAL OCCURRENCES

COLUMN 17 PEAK WIND IN M.P.H.

PRELIMINARY LOCAL CLIMATOLOGICAL DATA (WS FORM: F-6) , PAGE 2

                                          STATION:  Boulder Airport
                                          MONTH:    JUNE
                                          YEAR:     2015
                                          LATITUDE:   40  2 N
                                          LONGITUDE: 105 14 W

[TEMPERATURE DATA]      [PRECIPITATION DATA]       SYMBOLS USED IN COLUMN 16

AVERAGE MONTHLY: 68.2   TOTAL FOR MONTH:      M    1 = FOG OR MIST
DPTR FM NORMAL:     M   DPTR FM NORMAL:       M    2 = FOG REDUCING VISIBILITY
HIGHEST:    91 ON 21,19 GRTST 24HR    M  ON   M        TO 1/4 MILE OR LESS
LOWEST:     52 ON  6, 3                            3 = THUNDER
                        SNOW, ICE PELLETS, HAIL    4 = ICE PELLETS
                        TOTAL MONTH:    M          5 = HAIL
                        GRTST 24HR    M  ON   M    6 = FREEZING RAIN OR DRIZZLE
                        GRTST DEPTH:  M  ON   M    7 = DUSTSTORM OR SANDSTORM:
                                                       VSBY 1/2 MILE OR LESS
                                                   8 = SMOKE OR HAZE
[NO. OF DAYS WITH]      [WEATHER - DAYS WITH]      9 = BLOWING SNOW
                                                   X = TORNADO
MAX 32 OR BELOW:   0    0.01 INCH OR MORE:   0
MAX 90 OR ABOVE:   2    0.10 INCH OR MORE:   0
MIN 32 OR BELOW:   0    0.50 INCH OR MORE:   0
MIN  0 OR BELOW:   0    1.00 INCH OR MORE:   0

[HDD (BASE 65) ]
TOTAL THIS MO.    13    CLEAR  (SCALE 0-3)  18
DPTR FM NORMAL     M    PTCLDY (SCALE 4-7)   5
TOTAL FM JUL 1  5291    CLOUDY (SCALE 8-10)  1
DPTR FM NORMAL     M

[CDD (BASE 65) ]
TOTAL THIS MO.    97
DPTR FM NORMAL     M    [PRESSURE DATA]
TOTAL FM JAN 1   100    HIGHEST SLP M ON M
DPTR FM NORMAL     M    LOWEST  SLP M ON M

[REMARKS]
