000
CXAK56 PABE 011812 CCA
CF6BET

PRELIMINARY LOCAL CLIMATOLOGICAL DATA (WS FORM: F-6)

                                          STATION:   BETHEL
                                          MONTH:     09
                                          YEAR:      2014
                                          LATITUDE:   60 47 N
                                          LONGITUDE: 161 50 W

  TEMPERATURE IN F:       :PCPN:    SNOW:  WIND      :SUNSHINE: SKY     :PK WND
================================================================================
1   2   3   4   5  6A  6B    7     8   9   10  11  12  13   14  15   16  17  18
                                      12Z  AVG MX 2MIN
DY MAX MIN AVG DEP HDD CDD  WTR   SNW DPTH SPD SPD DIR MIN PSBL S-S WX   SPD DR
================================================================================

 1  54  49  52   1  13   0  0.07  0.0   0 18.4 28  230   M    M   M 1    36 220
 2  54  47  51   0  14   0  0.06  0.0   0  8.4 18  210   M    M   M 1    23 210
 3  59  46  53   2  12   0  0.01  0.0   0  8.7 15   10   M    M   M 1    20  10
 4  60  43  52   2  13   0  0.00  0.0   0 14.6 24   30   M    M   M      30  30
 5  58  39  49  -1  16   0  0.00  0.0   0 12.5 21   10   M    M   M 1    26 330
 6  61  36  49  -1  16   0  0.00  0.0   0  9.1 17   40   M    M   M      22  30
 7  61  39  50   1  15   0  0.00  0.0   0  6.5 14   40   M    M   M      17  60
 8  59  49  54   5  11   0  0.26  0.0   0  7.9 16  150   M    M   M 1    21 160
 9  60  48  54   5  11   0  0.07  0.0   0  4.9 14  160   M    M   M 1    17 150
10  63  41  52   4  13   0     T  0.0   0  7.6 18  160   M    M   M 1    23 160
11  60  51  56   8   9   0  0.10  0.0   0  9.4 18   80   M    M   M 1    23  80
12  64  43  54   7  11   0  0.14  0.0   0 13.2 24  200   M    M   M 1    31 200
13  61  40  51   4  14   0  0.10  0.0   0 10.2 22  110   M    M   M 1    29 110
14  57  47  52   5  13   0  0.09  0.0   0  8.1 14   40   M    M   M 1    18  40
15  57  43  50   4  15   0     T  0.0   0  0.0  8  180   M    M   M 12    9 210
16  58  41  50   4  15   0  0.01  0.0   0  7.4 13  160   M    M   M 1    17 190
17  57  42  50   5  15   0  0.11  0.0   0 11.6 22   20   M    M   M 1    28  10
18  56  46  51   6  14   0  0.14  0.0   0 10.7 17  330   M    M   M 1    22 340
19  54  44  49   5  16   0  0.03  0.0   0 15.2 22  320   M    M   M      30 310
20  49  40  45   1  20   0  0.00  0.0   0 13.4 21  340   M    M   M      27 330
21  50  32  41  -3  24   0  0.00  0.0   0 11.2 21   10   M    M   M      25  20
22  50  31  41  -2  24   0  0.00  0.0   0  6.1 13  310   M    M   M      15 320
23  52  32  42  -1  23   0  0.00  0.0   0  9.2 14  210   M    M   M 1    17 210
24  52  42  47   5  18   0  0.05  0.0   0  6.5 10  230   M    M   M 1    13 230
25  51  32  42   0  23   0  0.00  0.0   0  8.9 18   20   M    M   M 12   23  20
26  48  34  41   0  24   0  0.00  0.0   0 12.6 20   10   M    M   M      25  10
27  51  30  41   1  24   0  0.00  0.0   0  9.9 16  320   M    M   M      20 310
28  52  39  46   6  19   0  0.02  0.0   0 10.2 20  310   M    M   M 1    24 320
29  48  33  41   2  24   0  0.00  0.0   0  8.4 15  330   M    M   M      19 330
30  49  32  41   2  24   0  0.00  0.0   0  4.5 10  350   M    M   M 1    15  30
================================================================================
SM 1665 1211       503   0  1.26  0.0    285.3           M        M
================================================================================
AV 55.5 40.4                              9.5 FASTST  PSBL  %   M    MAX(MPH)
                                 MISC ---->     28  230                 36 220
================================================================================
NOTES:
# LAST OF SEVERAL OCCURRENCES

COLUMN 17 PEAK WIND IN M.P.H.

PRELIMINARY LOCAL CLIMATOLOGICAL DATA (WS FORM: F-6) , PAGE 2

                                          STATION:   BETHEL
                                          MONTH:     09
                                          YEAR:      2014
                                          LATITUDE:  60 47 N
                                          LONGITUDE: 161 50 W

[TEMPERATURE DATA]      [PRECIPITATION DATA]       SYMBOLS USED IN COLUMN 16

AVERAGE MONTHLY:47.9   TOTAL FOR MONTH: 1.26       1 = FOG
DPTR FM NORMAL:  2.2   DPTR FM NORMAL: -1.49       2 = FOG REDUCING VISIBILITY
HIGHEST:    64 ON 12    GRTST 24HR   0.26 ON  8        TO 1/4 MILE OR LESS
LOWEST:     30 ON 27                               3 = THUNDER
                        SNOW, ICE PELLETS, HAIL    4 = ICE PELLETS
                        TOTAL MONTH:  0.0         5 = HAIL
                        GRTST 24HR   0.0           6 = GLAZE OR RIME
                        GRTST DEPTH:    0          7 = BLOWING DUST OR SAND:
                                                       VSBY 1/2 MILE OR LESS
                                                   8 = SMOKE OR HAZE
[NO. OF DAYS WITH]      [WEATHER - DAYS WITH]      9 = BLOWING SNOW
                                                   X = TORNADO
MAX 32 OR BELOW:   0    0.01 INCH OR MORE:  15
MAX 70 OR ABOVE:   0    0.10 INCH OR MORE:   6
MIN 32 OR BELOW:   6    0.50 INCH OR MORE:   0
MIN  0 OR BELOW:   0    1.00 INCH OR MORE:   0

[HDD (BASE 65) ]
TOTAL THIS MO.   503    CLEAR  (SCALE 0-3)   M
DPTR FM NORMAL   -81    PTCLDY (SCALE 4-7)   M
SEASONAL TOTAL  1024    CLOUDY (SCALE 8-10)  M
DPTR FM NORMAL  -202

[CDD (BASE 65) ]
TOTAL THIS MO.     0
DPTR FM NORMAL     0    [PRESSURE DATA]
SEASONAL TOTAL     0    HIGHEST SLP     M
DPTR FM NORMAL     0    LOWEST  SLP     M

[REMARKS]
#FINAL-09-14#
