000
CXUS55 KCYS 190800
CF6BFF
PRELIMINARY LOCAL CLIMATOLOGICAL DATA (WS FORM: F-6)

                                          STATION:   SCOTTSBLUFF NE AIRPORT
                                          MONTH:     DECEMBER
                                          YEAR:      2014
                                          LATITUDE:   41 52 N
                                          LONGITUDE: 103 36 W

  TEMPERATURE IN F:       :PCPN:    SNOW:  WIND      :SUNSHINE: SKY     :PK WND
================================================================================
1   2   3   4   5  6A  6B    7    8   9   10  11  12  13   14  15   16   17  18
                                     12Z  AVG MX 2MIN
DY MAX MIN AVG DEP HDD CDD  WTR  SNW DPTH SPD SPD DIR MIN PSBL S-S WX    SPD DR
================================================================================

 1  41  18  30   1  35   0 0.00  0.0    0 11.4 23 180   M    M   4        30 160
 2  53  21  37   9  28   0 0.00  0.0    0  7.6 28 310   M    M   0        37 320
 3  41  18  30   2  35   0 0.00  0.0    0 10.1 22 170   M    M   1        28 170
 4  55  20  38  10  27   0 0.00  0.0    0  4.5 13 190   M    M   0        15 190
 5  55  27  41  14  24   0 0.00  0.0    0  7.1 13  90   M    M   0        15 310
 6  50  26  38  11  27   0 0.00  0.0    0 10.8 21 170   M    M   0        27 170
 7  59  22  41  14  24   0 0.00  0.0    0  9.1 25 310   M    M   0        29 310
 8  47  18  33   7  32   0 0.00  0.0    0  5.0 13 310   M    M   0        14 310
 9  59  24  42  16  23   0 0.00  0.0    0  5.0 12  90   M    M   0        13 110
10  60  20  40  14  25   0 0.00  0.0    0  5.6 14 300   M    M   0        17 300
11  60  19  40  14  25   0 0.00  0.0    0  3.5  9 110   M    M   0        10 110
12  58  18  38  12  27   0 0.00  0.0    0  5.8 20 110   M    M   0 12     23 120
13  39  25  32   6  33   0 0.00  0.0    0  5.0 17 120   M    M   5 12     20 120
14  37  23  30   4  35   0 0.31  3.7    0 13.8 30 330   M    M   7 1      38 320
15  31   7  19  -6  46   0 0.49  6.8   10 15.9 32 330   M    M   7 128    39 320
16  20   1  11 -14  54   0    T    T   10  7.5 18 100   M    M   6 12     21 100
17  23  12  18  -7  47   0 0.00  0.0   10  6.9 17 120   M    M   6 12     20 120
18  22   6  14 -11  51   0    T    T   10  4.0  9 360   M    M   5 128    11 310
================================================================================
SM  810  325       598   0  0.80    10.5 138.6          M       41
================================================================================
AV 45.0 18.1                               7.7 FASTST   M    M   2    MAX(MPH)
                                 MISC ---->  # 32 330               # 39  320
================================================================================
NOTES:
# LAST OF SEVERAL OCCURRENCES

COLUMN 17 PEAK WIND IN M.P.H.

PRELIMINARY LOCAL CLIMATOLOGICAL DATA (WS FORM: F-6) , PAGE 2

                                          STATION:  SCOTTSBLUFF NE AIRPORT
                                          MONTH:    DECEMBER
                                          YEAR:     2014
                                          LATITUDE:   41 52 N
                                          LONGITUDE: 103 36 W

[TEMPERATURE DATA]      [PRECIPITATION DATA]       SYMBOLS USED IN COLUMN 16

AVERAGE MONTHLY: 31.5   TOTAL FOR MONTH:   0.80    1 = FOG OR MIST
DPTR FM NORMAL:   5.1   DPTR FM NORMAL:    0.50    2 = FOG REDUCING VISIBILITY
HIGHEST:    60 ON 11,10 GRTST 24HR  0.80 ON 14-15      TO 1/4 MILE OR LESS
LOWEST:      1 ON 16                               3 = THUNDER
                        SNOW, ICE PELLETS, HAIL    4 = ICE PELLETS
                        TOTAL MONTH:  10.5 INCHES  5 = HAIL
                        GRTST 24HR   6.8 ON   M    6 = FREEZING RAIN OR DRIZZLE
                        GRTST DEPTH:  10 ON 18,17  7 = DUSTSTORM OR SANDSTORM:
                                                       VSBY 1/2 MILE OR LESS
                                                   8 = SMOKE OR HAZE
[NO. OF DAYS WITH]      [WEATHER - DAYS WITH]      9 = BLOWING SNOW
                                                   X = TORNADO
MAX 32 OR BELOW:   4    0.01 INCH OR MORE:   2
MAX 90 OR ABOVE:   0    0.10 INCH OR MORE:   2
MIN 32 OR BELOW:  18    0.50 INCH OR MORE:   0
MIN  0 OR BELOW:   0    1.00 INCH OR MORE:   0

[HDD (BASE 65) ]
TOTAL THIS MO.   598    CLEAR  (SCALE 0-3)  11
DPTR FM NORMAL   -95    PTCLDY (SCALE 4-7)   7
TOTAL FM JUL 1  2043    CLOUDY (SCALE 8-10)  0
DPTR FM NORMAL  -215

[CDD (BASE 65) ]
TOTAL THIS MO.     0
DPTR FM NORMAL     0    [PRESSURE DATA]
TOTAL FM JAN 1   719    HIGHEST SLP M ON M
DPTR FM NORMAL    -5    LOWEST  SLP 29.61 ON 14

[REMARKS]
