000
CXUS51 KCAR 300600
CF6BGR
PRELIMINARY LOCAL CLIMATOLOGICAL DATA (WS FORM: F-6)

                                          STATION:   BANGOR ME
                                          MONTH:     AUGUST
                                          YEAR:      2014
                                          LATITUDE:   44 47 N
                                          LONGITUDE:  68 49 W

  TEMPERATURE IN F:       :PCPN:    SNOW:  WIND      :SUNSHINE: SKY     :PK WND
================================================================================
1   2   3   4   5  6A  6B    7    8   9   10  11  12  13   14  15   16   17  18
                                     12Z  AVG MX 2MIN
DY MAX MIN AVG DEP HDD CDD  WTR  SNW DPTH SPD SPD DIR MIN PSBL S-S WX    SPD DR
================================================================================

 1  81  61  71   2   0   6 0.00  0.0    0  5.8 17 180   M    M   7 1      21 200
 2  78  60  69   0   0   4 0.00  0.0    0  6.6 15 180   M    M  10 1      18 180
 3  79  58  69   0   0   4 0.00  0.0    0  4.7 10 170   M    M   8 12     15 220
 4  84  59  72   3   0   7 0.11  0.0    0  3.1 15 180   M    M   6 13     17 180
 5  83  63  73   4   0   8 0.00  0.0    0  5.5 17 190   M    M   6 128    21 180
 6  76  62  69   1   0   4 0.45  0.0    0  4.7 23 340   M    M   8 13     28 330
 7  77  53  65  -3   0   0 0.24  0.0    0  5.1 20 340   M    M   5 13     23 340
 8  78  56  67  -1   0   2 0.22  0.0    0  4.2 25 350   M    M   5 138    33 360
 9  80  54  67  -1   0   2 0.00  0.0    0  5.1 14  30   M    M   4        18 330
10  82  53  68   0   0   3 0.00  0.0    0  4.2 14  30   M    M   4        17 340
11  82  55  69   1   0   4 0.72  0.0    0  3.6 22 220   M    M   3 13     26 220
12  78  54  66  -2   0   1 0.00  0.0    0  5.7 15 160   M    M   3 12     20 160
13  65  61  63  -5   2   0 0.30  0.0    0 10.1 23 110   M    M  10 1      31 100
14  73  60  67  -1   0   2 0.67  0.0    0 10.0 24 100   M    M   9 1      32 100
15  72  51  62  -6   3   0 0.00  0.0    0  3.1 15 170   M    M   7 1      17 180
16  73  59  66  -1   0   1    T  0.0    0  4.7 14 230   M    M   9 1      20 220
17  68  58  63  -4   2   0 0.10  0.0    0  4.0  9 170   M    M   8 1      11 180
18  73  56  65  -2   0   0    T  0.0    0  9.4 17 320   M    M   6        27 310
19  78  50  64  -3   1   0 0.00  0.0    0  4.0 10 320   M    M   2        15 270
20  83  52  68   1   0   3 0.00  0.0    0  2.1  8 220   M    M   3 1      11 220
21  80  56  68   2   0   3 0.00  0.0    0  4.1 10 190   M    M   7 1      13 140
22  74  61  68   2   0   3 0.00  0.0    0  5.3 13 100   M    M   8        18 130
23  77  54  66   0   0   1 0.00  0.0    0  5.8 13  30   M    M   8        19  50
24  85  52  69   3   0   4    T  0.0    0  2.6 14 310   M    M   3        18 320
25  89  59  74   8   0   9 0.00  0.0    0  3.6 10 180   M    M   2 8      13 160
26  83  61  72   7   0   7 0.00  0.0    0  8.4 17 170   M    M   1 1      21 200
27  86  63  75  10   0  10 0.00  0.0    0  5.8 14 290   M    M   4        19 280
28  77  56  67   2   0   2 0.00  0.0    0 10.3 24 330   M    M   5 1      30 320
29  73  49  61  -4   4   0 0.00  0.0    0  7.7 17 360   M    M   4        22 360
================================================================================
SM 2267 1646        12  90  2.81     0.0 159.3          M      165
================================================================================
AV 78.2 56.8                               5.5 FASTST   M    M   6    MAX(MPH)
                                 MISC ---->  # 25 350               # 33  360
================================================================================
NOTES:
# LAST OF SEVERAL OCCURRENCES

COLUMN 17 PEAK WIND IN M.P.H.

PRELIMINARY LOCAL CLIMATOLOGICAL DATA (WS FORM: F-6) , PAGE 2

                                          STATION:  BANGOR ME
                                          MONTH:    AUGUST
                                          YEAR:     2014
                                          LATITUDE:   44 47 N
                                          LONGITUDE:  68 49 W

[TEMPERATURE DATA]      [PRECIPITATION DATA]       SYMBOLS USED IN COLUMN 16

AVERAGE MONTHLY: 67.5   TOTAL FOR MONTH:   2.81    1 = FOG OR MIST
DPTR FM NORMAL:   0.2   DPTR FM NORMAL:    0.00    2 = FOG REDUCING VISIBILITY
HIGHEST:    89 ON 25    GRTST 24HR  0.97 ON 13-14      TO 1/4 MILE OR LESS
LOWEST:     49 ON 29                               3 = THUNDER
                        SNOW, ICE PELLETS, HAIL    4 = ICE PELLETS
                        TOTAL MONTH:   0.0 INCH    5 = HAIL
                        GRTST 24HR     0.0         6 = FREEZING RAIN OR DRIZZLE
                        GRTST DEPTH:   0           7 = DUSTSTORM OR SANDSTORM:
                                                       VSBY 1/2 MILE OR LESS
                                                   8 = SMOKE OR HAZE
[NO. OF DAYS WITH]      [WEATHER - DAYS WITH]      9 = BLOWING SNOW
                                                   X = TORNADO
MAX 32 OR BELOW:   0    0.01 INCH OR MORE:   8
MAX 90 OR ABOVE:   0    0.10 INCH OR MORE:   8
MIN 32 OR BELOW:   0    0.50 INCH OR MORE:   2
MIN  0 OR BELOW:   0    1.00 INCH OR MORE:   0

[HDD (BASE 65) ]
TOTAL THIS MO.    12    CLEAR  (SCALE 0-3)   5
DPTR FM NORMAL   -26    PTCLDY (SCALE 4-7)  18
TOTAL FM JUL 1    17    CLOUDY (SCALE 8-10)  6
DPTR FM NORMAL   -44

[CDD (BASE 65) ]
TOTAL THIS MO.    90
DPTR FM NORMAL    -7    [PRESSURE DATA]
TOTAL FM JAN 1   309    HIGHEST SLP M ON M
DPTR FM NORMAL    22    LOWEST  SLP 29.69 ON 18

[REMARKS]
