000
CXUS55 KBYZ 311055
CF6BHK
PRELIMINARY LOCAL CLIMATOLOGICAL DATA (WS FORM: F-6)

                                          STATION:   BAKER MT
                                          MONTH:     AUGUST
                                          YEAR:      2016
                                          LATITUDE:   46 20 N
                                          LONGITUDE: 104 15 W

  TEMPERATURE IN F:       :PCPN:    SNOW:  WIND      :SUNSHINE: SKY     :PK WND
================================================================================
1   2   3   4   5  6A  6B    7    8   9   10  11  12  13   14  15   16   17  18
                                     12Z  AVG MX 2MIN
DY MAX MIN AVG DEP HDD CDD  WTR  SNW DPTH SPD SPD DIR MIN PSBL S-S WX    SPD DR
================================================================================

 1  85  61  73   1   0   8 0.24    M    M  7.3 25 350   M    M   1 13     32 270
 2  91  56  74   2   0   9    T    M    M 15.3 41 130   M    M   1 3      49 130
 3  88  57  73   1   0   8 0.00    M    M 16.3 26 330   M    M   0        36 320
 4  78  51  65  -7   0   0 0.00    M    M 13.8 26 320   M    M   1        34 320
 5  85  47  66  -6   0   1 0.00    M    M  8.6 17 110   M    M   0        24  80
 6  89  58  74   2   0   9 0.00    M    M 14.8 26 140   M    M   0        33 140
 7  87  59  73   1   0   8 0.02    M    M 16.0 31 240   M    M   1 3      39 240
 8  87  56  72   0   0   7 0.00    M    M  8.0 22 280   M    M   0        27 170
 9  91  53  72   0   0   7 0.03    M    M 16.4 35 140   M    M   1 3      41 130
10  85  60  73   1   0   8 0.00    M    M 13.1 30 120   M    M   1        36 120
11  83  52  68  -3   0   3 0.00    M    M  9.6 23 270   M    M   0        31 270
12  81  53  67  -4   0   2 0.05    M    M  8.0 32 330   M    M   2 13     40 340
13  81  52  67  -4   0   2 0.00    M    M  7.6 21 330   M    M   0        26 320
14  91  52  72   1   0   7 0.49    M    M  7.4 55 310   M    M   0 3      70 320
15  88  54  71   1   0   6 0.00    M    M  6.1 21 340   M    M   0        24 350
16  89  54  72   2   0   7 0.00    M    M  4.6 12 130   M    M   0        17  40
17  96  59  78   8   0  13 0.00    M    M  8.8 16 340   M    M   0 3      19 120
18  74  54  64  -6   1   0    T    M    M 11.5 24  40   M    M   3        31  50
19  64  50  57 -12   8   0 0.61    M    M 10.2 26 360   M    M   7 13     34 360
20  73  48  61  -8   4   0 0.00    M    M  6.8 16 320   M    M   2        22 330
21  87  47  67  -2   0   2 0.00    M    M  8.0 20 140   M    M   0        23 180
22  93  53  73   5   0   8 0.00    M    M  6.8 15 300   M    M   0        18 290
23  77  56  67  -1   0   2 0.00    M    M 16.6 29 320   M    M   0        42 310
24  72  50  61  -7   4   0 0.00    M    M 19.2 35 280   M    M   5        43 280
25  69  45  57 -10   8   0    T    M    M  8.2 18 320   M    M   6        24 310
26  73  43  58  -9   7   0 0.09    M    M  7.8 23 150   M    M   4 3      26 150
27  83  42  63  -3   2   0 0.00    M    M  7.8 22 170   M    M   1        29 150
28  92  50  71   5   0   6 0.00    M    M  7.4 18  10   M    M   0        22  20
29  84  58  71   5   0   6 0.00    M    M 11.5 20 140   M    M   0        25  60
30  85  58  72   7   0   7 0.01    M    M 17.3 30 140   M    M   2 3      36 150
================================================================================
SM 2501 1588        34 136  1.54    M    320.8          M       38
================================================================================
AV 83.4 52.9                              10.7 FASTST   M    M   1    MAX(MPH)
                                 MISC ---->  # 55 310               # 70  320
================================================================================
NOTES:
# LAST OF SEVERAL OCCURRENCES

COLUMN 17 PEAK WIND IN M.P.H.

PRELIMINARY LOCAL CLIMATOLOGICAL DATA (WS FORM: F-6) , PAGE 2

                                          STATION:  BAKER MT
                                          MONTH:    AUGUST
                                          YEAR:     2016
                                          LATITUDE:   46 20 N
                                          LONGITUDE: 104 15 W

[TEMPERATURE DATA]      [PRECIPITATION DATA]       SYMBOLS USED IN COLUMN 16

AVERAGE MONTHLY: 68.2   TOTAL FOR MONTH:   1.54    1 = FOG OR MIST
DPTR FM NORMAL:  -1.6   DPTR FM NORMAL:    0.22    2 = FOG REDUCING VISIBILITY
HIGHEST:    96 ON 17    GRTST 24HR  0.61 ON 19-19      TO 1/4 MILE OR LESS
LOWEST:     42 ON 27                               3 = THUNDER
                        SNOW, ICE PELLETS, HAIL    4 = ICE PELLETS
                        TOTAL MONTH:    M          5 = HAIL
                        GRTST 24HR    M  ON   M    6 = FREEZING RAIN OR DRIZZLE
                        GRTST DEPTH:  M  ON   M    7 = DUSTSTORM OR SANDSTORM:
                                                       VSBY 1/2 MILE OR LESS
                                                   8 = SMOKE OR HAZE
[NO. OF DAYS WITH]      [WEATHER - DAYS WITH]      9 = BLOWING SNOW
                                                   X = TORNADO
MAX 32 OR BELOW:   0    0.01 INCH OR MORE:   8
MAX 90 OR ABOVE:   6    0.10 INCH OR MORE:   3
MIN 32 OR BELOW:   0    0.50 INCH OR MORE:   1
MIN  0 OR BELOW:   0    1.00 INCH OR MORE:   0

[HDD (BASE 65) ]
TOTAL THIS MO.    34    CLEAR  (SCALE 0-3)  26
DPTR FM NORMAL    -3    PTCLDY (SCALE 4-7)   4
TOTAL FM JUL 1    35    CLOUDY (SCALE 8-10)  0
DPTR FM NORMAL   -23

[CDD (BASE 65) ]
TOTAL THIS MO.   136
DPTR FM NORMAL   -42    [PRESSURE DATA]
TOTAL FM JAN 1   474    HIGHEST SLP M ON M
DPTR FM NORMAL    37    LOWEST  SLP 29.56 ON 22

[REMARKS]
