000
CXUS54 KBMX 231216
CF6BHM
PRELIMINARY LOCAL CLIMATOLOGICAL DATA (WS FORM: F-6)

                                          STATION:   BIRMINGHAM
                                          MONTH:     NOVEMBER
                                          YEAR:      2017
                                          LATITUDE:   33 34 N
                                          LONGITUDE:  86 45 W

  TEMPERATURE IN F:       :PCPN:    SNOW:  WIND      :SUNSHINE: SKY     :PK WND
================================================================================
1   2   3   4   5  6A  6B    7    8   9   10  11  12  13   14  15   16   17  18
                                     12Z  AVG MX 2MIN
DY MAX MIN AVG DEP HDD CDD  WTR  SNW DPTH SPD SPD DIR MIN PSBL S-S WX    SPD DR
================================================================================

 1  66  54  60   1   5   0 0.02  0.0    0  5.2 10 160   M    M   8        15 180
 2  74  63  69  10   0   4    T  0.0    0  6.2 16 180   M    M   9        20 190
 3  79  61  70  12   0   5    T  0.0    0  3.3 13 230   M    M   5 1      16 240
 4  81  62  72  14   0   7 0.00  0.0    0  2.9 13 270   M    M   4 1      15 270
 5  81  62  72  14   0   7 0.00  0.0    0  5.7 18 190   M    M   3 1      22 190
 6  73  65  69  11   0   4    T  0.0    0  5.5 14 240   M    M   8 18     16 240
 7  73  59  66   9   0   1 0.44  0.0    0  7.8 14 240   M    M   9 1      18 270
 8  61  50  56  -1   9   0 0.11  0.0    0  7.4 15 340   M    M  10 1      18 350
 9  59  42  51  -6  14   0 0.16  0.0    0  4.9 13 330   M    M   7 1      15 310
10  64  37  51  -5  14   0 0.00  0.0    0  4.9 18 350   M    M   0        26  40
11  64  38  51  -5  14   0 0.00  0.0    0  7.3 18 130   M    M   5        24 140
12  67  50  59   3   6   0 0.00  0.0    0  3.4 15 110   M    M   9        21 100
13  66  43  55   0  10   0 0.00  0.0    0  4.6 14  10   M    M   1        17  10
14  67  40  54  -1  11   0 0.00  0.0    0  3.0  9 110   M    M   1 8      14  80
15  64  44  54  -1  11   0 0.00  0.0    0  4.2 14 140   M    M   6        17 140
16  68  42  55   1  10   0 0.00  0.0    0  2.8 12 310   M    M   6        14 300
17  69  38  54   0  11   0 0.00  0.0    0  3.3 10 160   M    M   1        15 160
18  75  50  63   9   2   0 0.33  0.0    0 14.4 35 290   M    M   9 13     42 320
19  55  32  44  -9  21   0 0.00  0.0    0  9.4 24 330   M    M   3        36 330
20  59  28  44  -9  21   0 0.00  0.0    0  1.8 10  60   M    M   4        13  70
21  65  36  51  -2  14   0 0.00  0.0    0  2.2 13 250   M    M   4        16 220
22  59  36  48  -4  17   0 0.00  0.0    0  7.3 17 350   M    M   1        21  10
================================================================================
SM 1489 1032       190  28  1.06     0.0 117.5          M      113
================================================================================
AV 67.7 46.9                               5.3 FASTST   M    M   5    MAX(MPH)
                                 MISC ---->  # 35 290               # 42  320
================================================================================
NOTES:
# LAST OF SEVERAL OCCURRENCES

COLUMN 17 PEAK WIND IN M.P.H.

PRELIMINARY LOCAL CLIMATOLOGICAL DATA (WS FORM: F-6) , PAGE 2

                                          STATION:  BIRMINGHAM
                                          MONTH:    NOVEMBER
                                          YEAR:     2017
                                          LATITUDE:   33 34 N
                                          LONGITUDE:  86 45 W

[TEMPERATURE DATA]      [PRECIPITATION DATA]       SYMBOLS USED IN COLUMN 16

AVERAGE MONTHLY: 57.3   TOTAL FOR MONTH:   1.06    1 = FOG OR MIST
DPTR FM NORMAL:   1.5   DPTR FM NORMAL:   -2.36    2 = FOG REDUCING VISIBILITY
HIGHEST:    81 ON  5, 4 GRTST 24HR  0.49 ON  7- 8      TO 1/4 MILE OR LESS
LOWEST:     28 ON 20                               3 = THUNDER
                        SNOW, ICE PELLETS, HAIL    4 = ICE PELLETS
                        TOTAL MONTH:   0.0 INCH    5 = HAIL
                        GRTST 24HR     0.0         6 = FREEZING RAIN OR DRIZZLE
                        GRTST DEPTH:   0           7 = DUSTSTORM OR SANDSTORM:
                                                       VSBY 1/2 MILE OR LESS
                                                   8 = SMOKE OR HAZE
[NO. OF DAYS WITH]      [WEATHER - DAYS WITH]      9 = BLOWING SNOW
                                                   X = TORNADO
MAX 32 OR BELOW:   0    0.01 INCH OR MORE:   5
MAX 90 OR ABOVE:   0    0.10 INCH OR MORE:   4
MIN 32 OR BELOW:   2    0.50 INCH OR MORE:   0
MIN  0 OR BELOW:   0    1.00 INCH OR MORE:   0

[HDD (BASE 65) ]
TOTAL THIS MO.   190    CLEAR  (SCALE 0-3)   6
DPTR FM NORMAL   -27    PTCLDY (SCALE 4-7)  10
TOTAL FM JUL 1   301    CLOUDY (SCALE 8-10)  6
DPTR FM NORMAL   -43

[CDD (BASE 65) ]
TOTAL THIS MO.    28
DPTR FM NORMAL    15    [PRESSURE DATA]
TOTAL FM JAN 1  2278    HIGHEST SLP M ON M
DPTR FM NORMAL   225    LOWEST  SLP 29.65 ON 18

[REMARKS]
