000
CXUS53 KGRR 011915
CF6BIV
PRELIMINARY LOCAL CLIMATOLOGICAL DATA (WS FORM: F-6)

                                          STATION:   HOLLAND/TULIP CITY MI
                                          MONTH:     JUNE
                                          YEAR:      2015
                                          LATITUDE:   42 49 N
                                          LONGITUDE:  86 10 W

  TEMPERATURE IN F:       :PCPN:    SNOW:  WIND      :SUNSHINE: SKY     :PK WND
================================================================================
1   2   3   4   5  6A  6B    7    8   9   10  11  12  13   14  15   16   17  18
                                     12Z  AVG MX 2MIN
DY MAX MIN AVG DEP HDD CDD  WTR  SNW DPTH SPD SPD DIR MIN PSBL S-S WX    SPD DR
================================================================================

 1  69  43  56  -8   9   0 0.00    M    M  7.2 15  90   M    M   1        20  70
 2  72  40  56  -8   9   0 0.00    M    M  4.5 14 250   M    M   0        17 240
 3  74  48  61  -4   4   0 0.00    M    M  5.4 12 260   M    M   0        16 140
 4  78  55  67   2   0   2 0.00    M    M  7.3 16 230   M    M   2 1      21 230
 5  72  57  65   0   0   0 0.00    M    M  5.8 14 270   M    M   6 1      19  30
 6  76  58  67   1   0   2 0.00    M    M  7.7 15 100   M    M   2        19 100
 7  77  57  67   1   0   2 0.03    M    M 15.9 31 220   M    M   5 1      43 220
 8  80  56  68   2   0   3 0.01    M    M 11.3 23 240   M    M   5 1      30 210
 9  76  52  64  -3   1   0 0.00    M    M  6.7 13 180   M    M   2 128    15 180
10  82  60  71   4   0   6    T    M    M 12.2 28 220   M    M   2 3      35 220
11  76  57  67   0   0   2 0.01    M    M  9.7 21 100   M    M   4 18     26 110
12  70  59  65  -3   0   0 0.39    M    M  8.2 22 230   M    M   9 138    28 250
13  80  60  70   2   0   5 0.02    M    M  8.1 13 100   M    M   7 18     17  90
14  77  66  72   4   0   7    M    M    M  5.1 16 230   M    M   8 1      23 210
15  78  63  71   3   0   6 0.17    M    M  5.4 14 240   M    M   8 12     18 240
16  75  62  69   0   0   4 0.00    M    M  6.8 16 310   M    M   2 1      22 310
17  78  57  68  -1   0   3 0.20    M    M  5.8 12 250   M    M   7 1      15  90
18  77  61  69   0   0   4 0.07    M    M  7.2 18 250   M    M   7 12     23 260
19  75  55  65  -5   0   0 0.00    M    M  7.8 15 100   M    M   0        19  90
20  81  54  68  -2   0   3 0.00    M    M  6.9 14 260   M    M   5        16 250
21  77  65  71   1   0   6 0.00    M    M  5.9 16 240   M    M   3        18 240
22  83  62  73   3   0   8 0.39    M    M  9.1 26 240   M    M   3 13     36 250
23  75  57  66  -4   0   1 0.00    M    M 10.5 20 300   M    M   0        28 290
24  79  54  67  -4   0   2 0.00    M    M  3.7 13 240   M    M   0 1      16 220
25  74  63  69  -2   0   4 0.15    M    M  3.2  8 320   M    M   8 1      10 320
26  78  62  70  -1   0   5 0.00    M    M  8.7 17  90   M    M   2        24 110
27  78  61  70  -1   0   5 0.00    M    M  6.2 16  10   M    M   3        26  40
28  78  53  66  -5   0   1 0.00    M    M  3.7 13 260   M    M   0        14 230
29  77  59  68  -4   0   3 0.00    M    M  6.1 16 200   M    M   3        19 130
30  69  58  64  -8   1   0    T    M    M  7.7 15 310   M    M   6 18     22 330
================================================================================
SM 2291 1714        24  84  1.44    M    219.8          M      110
================================================================================
AV 76.4 57.1                               7.3 FASTST   M    M   4    MAX(MPH)
                                 MISC ---->  # 31 220               # 43  220
================================================================================
NOTES:
# LAST OF SEVERAL OCCURRENCES

COLUMN 17 PEAK WIND IN M.P.H.

PRELIMINARY LOCAL CLIMATOLOGICAL DATA (WS FORM: F-6) , PAGE 2

                                          STATION:  HOLLAND/TULIP CITY MI
                                          MONTH:    JUNE
                                          YEAR:     2015
                                          LATITUDE:   42 49 N
                                          LONGITUDE:  86 10 W

[TEMPERATURE DATA]      [PRECIPITATION DATA]       SYMBOLS USED IN COLUMN 16

AVERAGE MONTHLY: 66.8   TOTAL FOR MONTH:   1.44    1 = FOG OR MIST
DPTR FM NORMAL:  -1.6   DPTR FM NORMAL:   -2.78    2 = FOG REDUCING VISIBILITY
HIGHEST:    83 ON 22    GRTST 24HR  0.39 ON 11-12      TO 1/4 MILE OR LESS
LOWEST:     40 ON  2                               3 = THUNDER
                        SNOW, ICE PELLETS, HAIL    4 = ICE PELLETS
                        TOTAL MONTH:    M          5 = HAIL
                        GRTST 24HR    M  ON   M    6 = FREEZING RAIN OR DRIZZLE
                        GRTST DEPTH:  M  ON   M    7 = DUSTSTORM OR SANDSTORM:
                                                       VSBY 1/2 MILE OR LESS
                                                   8 = SMOKE OR HAZE
[NO. OF DAYS WITH]      [WEATHER - DAYS WITH]      9 = BLOWING SNOW
                                                   X = TORNADO
MAX 32 OR BELOW:   0    0.01 INCH OR MORE:  10
MAX 90 OR ABOVE:   0    0.10 INCH OR MORE:   5
MIN 32 OR BELOW:   0    0.50 INCH OR MORE:   0
MIN  0 OR BELOW:   0    1.00 INCH OR MORE:   0

[HDD (BASE 65) ]
TOTAL THIS MO.    24    CLEAR  (SCALE 0-3)  16
DPTR FM NORMAL   -24    PTCLDY (SCALE 4-7)  12
TOTAL FM JUL 1  6658    CLOUDY (SCALE 8-10)  2
DPTR FM NORMAL   498

[CDD (BASE 65) ]
TOTAL THIS MO.    84
DPTR FM NORMAL   -62    [PRESSURE DATA]
TOTAL FM JAN 1   133    HIGHEST SLP 30.27 ON  1
DPTR FM NORMAL   -55    LOWEST  SLP 29.63 ON 10

[REMARKS]
#FINAL-06-15#
