000
CXUS56 KBOI 281002
CF6BKE
PRELIMINARY LOCAL CLIMATOLOGICAL DATA (WS FORM: F-6)

                                          STATION:   BAKER OR
                                          MONTH:     AUGUST
                                          YEAR:      2015
                                          LATITUDE:   44 50 N
                                          LONGITUDE: 117 49 W

  TEMPERATURE IN F:       :PCPN:    SNOW:  WIND      :SUNSHINE: SKY     :PK WND
================================================================================
1   2   3   4   5  6A  6B    7    8   9   10  11  12  13   14  15   16   17  18
                                     12Z  AVG MX 2MIN
DY MAX MIN AVG DEP HDD CDD  WTR  SNW DPTH SPD SPD DIR MIN PSBL S-S WX    SPD DR
================================================================================

 1  99  47  73   6   0   8 0.00    M    M  4.8 18 330   M    M   0        23 320
 2  98  44  71   4   0   6 0.00    M    M  4.3 14 310   M    M   0        18 300
 3  82  54  68   1   0   3    T    M    M  5.2 16 320   M    M   2        21 330
 4  88  49  69   2   0   4 0.00    M    M  3.3 13 310   M    M   1        15 310
 5  82  51  67   0   0   2 0.02    M    M  7.9 20 350   M    M   2        24 340
 6  78  39  59  -7   6   0 0.00    M    M  6.9 17 340   M    M   0        21 340
 7  84  37  61  -5   4   0 0.00    M    M  5.8 16 310   M    M   0        21 310
 8  86  41  64  -2   1   0 0.00    M    M  5.0 15 100   M    M   0        19 100
 9  89  53  71   5   0   6    T    M    M  6.5 17 140   M    M   1        22 170
10  87  47  67   1   0   2    T    M    M  4.2 31 210   M    M   1        41 220
11  95  46  71   5   0   6    T    M    M  4.3 16 320   M    M   0        19 150
12  95  52  74   8   0   9    T    M    M  7.1 21 120   M    M   3 8      27 120
13  97  47  72   6   0   7 0.00    M    M  5.1 24 150   M    M   1 18     31 150
14  89  51  70   5   0   5    T    M    M 12.7 36 330   M    M   5 8      45 340
15  80  41  61  -4   4   0 0.00    M    M  5.6 17 330   M    M   1 8      24 320
16  82  44  63  -2   2   0 0.00    M    M  6.8 16 320   M    M   0 8      21 320
17  82  38  60  -5   5   0 0.00    M    M  7.5 18 320   M    M   0 18     23 320
18  86  40  63  -1   2   0 0.00    M    M  7.6 20 340   M    M   0 18     25 320
19  85  42  64   0   1   0 0.00    M    M  2.3  9 250   M    M   0 8      11 220
20  90  42  66   2   0   1 0.00    M    M  5.1 20 340   M    M   0 18     24 330
21  81  40  61  -3   4   0 0.00    M    M  9.2 31 330   M    M   0        39 330
22  77  40  59  -5   6   0 0.00    M    M  4.6 15 310   M    M   3 8      19 290
23  86  37  62  -1   3   0 0.00    M    M  4.1 16 100   M    M   0 18     21  70
24  90  43  67   4   0   2 0.00    M    M  3.5 13 320   M    M   0 8      16 280
25  90  43  67   4   0   2 0.00    M    M  4.5 16 320   M    M   0 18     20 330
26  96  42  69   7   0   4 0.00    M    M  4.3 16 170   M    M   0 18     26 170
27  87  44  66   4   0   1 0.00    M    M  3.5  9 270   M    M   0 8      12 270
================================================================================
SM 2361 1194        38  68  0.02    M    151.7          M       20
================================================================================
AV 87.4 44.2                               5.6 FASTST   M    M   1    MAX(MPH)
                                 MISC ---->  # 36 330               # 45  340
================================================================================
NOTES:
# LAST OF SEVERAL OCCURRENCES

COLUMN 17 PEAK WIND IN M.P.H.

PRELIMINARY LOCAL CLIMATOLOGICAL DATA (WS FORM: F-6) , PAGE 2

                                          STATION:  BAKER OR
                                          MONTH:    AUGUST
                                          YEAR:     2015
                                          LATITUDE:   44 50 N
                                          LONGITUDE: 117 49 W

[TEMPERATURE DATA]      [PRECIPITATION DATA]       SYMBOLS USED IN COLUMN 16

AVERAGE MONTHLY: 65.8   TOTAL FOR MONTH:   0.02    1 = FOG OR MIST
DPTR FM NORMAL:   0.8   DPTR FM NORMAL:   -0.59    2 = FOG REDUCING VISIBILITY
HIGHEST:    99 ON  1    GRTST 24HR  0.02 ON  5- 5      TO 1/4 MILE OR LESS
LOWEST:     37 ON 23, 7                            3 = THUNDER
                        SNOW, ICE PELLETS, HAIL    4 = ICE PELLETS
                        TOTAL MONTH:    M          5 = HAIL
                        GRTST 24HR    M  ON   M    6 = FREEZING RAIN OR DRIZZLE
                        GRTST DEPTH:  M  ON   M    7 = DUSTSTORM OR SANDSTORM:
                                                       VSBY 1/2 MILE OR LESS
                                                   8 = SMOKE OR HAZE
[NO. OF DAYS WITH]      [WEATHER - DAYS WITH]      9 = BLOWING SNOW
                                                   X = TORNADO
MAX 32 OR BELOW:   0    0.01 INCH OR MORE:   1
MAX 90 OR ABOVE:   9    0.10 INCH OR MORE:   0
MIN 32 OR BELOW:   0    0.50 INCH OR MORE:   0
MIN  0 OR BELOW:   0    1.00 INCH OR MORE:   0

[HDD (BASE 65) ]
TOTAL THIS MO.    38    CLEAR  (SCALE 0-3)  26
DPTR FM NORMAL   -24    PTCLDY (SCALE 4-7)   1
TOTAL FM JUL 1    78    CLOUDY (SCALE 8-10)  0
DPTR FM NORMAL   -54

[CDD (BASE 65) ]
TOTAL THIS MO.    68
DPTR FM NORMAL     6    [PRESSURE DATA]
TOTAL FM JAN 1   220    HIGHEST SLP M ON M
DPTR FM NORMAL    65    LOWEST  SLP 29.65 ON  2

[REMARKS]
