000
CXUS51 KRLX 241154
CF6BKW
PRELIMINARY LOCAL CLIMATOLOGICAL DATA (WS FORM: F-6)

                                          STATION:   BECKLEY WV
                                          MONTH:     MARCH
                                          YEAR:      2017
                                          LATITUDE:   37 46 N
                                          LONGITUDE:  81  7 W

  TEMPERATURE IN F:       :PCPN:    SNOW:  WIND      :SUNSHINE: SKY     :PK WND
================================================================================
1   2   3   4   5  6A  6B    7    8   9   10  11  12  13   14  15   16   17  18
                                     12Z  AVG MX 2MIN
DY MAX MIN AVG DEP HDD CDD  WTR  SNW DPTH SPD SPD DIR MIN PSBL S-S WX    SPD DR
================================================================================

 1  66  40  53  15  12   0 0.54  0.0    0 17.3 39 300   M    M   8 13     56 290
 2  43  32  38   0  27   0    T    T    0 14.8 25 310   M    M   7        36 290
 3  33  22  28 -10  37   0 0.04  1.0    0 12.3 24 300   M    M   7 128    32 300
 4  38  17  28 -10  37   0 0.00  0.0    0  4.2 14 320   M    M   3        18 320
 5  60  26  43   4  22   0 0.00  0.0    0  7.1 16 270   M    M   1        20 140
 6  53  41  47   8  18   0 0.03  0.0    0  7.2 14 170   M    M   9        20 200
 7  59  49  54  15  11   0 0.25  0.0    0  9.1 23 290   M    M   8 1      40 270
 8  57  34  46   6  19   0 0.16  0.0    0 10.4 28 260   M    M   2 1      37 240
 9  63  34  49   9  16   0 0.00  0.0    0  9.0 22 270   M    M   0        29 250
10  53  26  40   0  25   0 0.05  0.0    0 15.3 25 320   M    M   7 16     34 330
11  34  19  27 -13  38   0 0.00  0.0    0 10.6 20 330   M    M   0        26 320
12  40  17  29 -12  36   0 0.00  0.0    0  4.0 15 360   M    M   0        19 350
13  47  28  38  -3  27   0 0.05    T    T 11.9 22 140   M    M   2 1      30 160
14  32  14  23 -18  42   0 0.10  4.2    3 15.4 29 310   M    M  10 12689  42 340
15  25   9  17 -25  48   0 0.01  0.1    2 16.8 30 310   M    M   7 189    39 320
16  35  16  26 -16  39   0    T    T    0 10.4 21 320   M    M   4        28 330
17  44  18  31 -11  34   0 0.76    T    0  5.4 14 160   M    M   6 13     23 150
18  56  32  44   2  21   0 0.13    T    0 10.9 28 250   M    M   9 12     36 280
19  41  31  36  -7  29   0 0.09  0.2    T  7.6 15 310   M    M  10 12     22 330
20  58  26  42  -1  23   0 0.11  0.0    0  6.0 16 200   M    M   4 13     21 180
21  55  38  47   3  18   0 0.00  0.0    0  5.3 13 350   M    M   8 1      16 360
22  43  24  34 -10  31   0 0.00  0.0    0 11.2 21 360   M    M   3 1      28 340
23  55  25  40  -4  25   0 0.00  0.0    0  9.7 18 140   M    M   0        28 160
================================================================================
SM 1090  618       635   0  2.32     5.4 231.9          M      115
================================================================================
AV 47.4 26.9                              10.1 FASTST   M    M   5    MAX(MPH)
                                 MISC ---->  # 39 300               # 56  290
================================================================================
NOTES:
# LAST OF SEVERAL OCCURRENCES

COLUMN 17 PEAK WIND IN M.P.H.

PRELIMINARY LOCAL CLIMATOLOGICAL DATA (WS FORM: F-6) , PAGE 2

                                          STATION:  BECKLEY WV
                                          MONTH:    MARCH
                                          YEAR:     2017
                                          LATITUDE:   37 46 N
                                          LONGITUDE:  81  7 W

[TEMPERATURE DATA]      [PRECIPITATION DATA]       SYMBOLS USED IN COLUMN 16

AVERAGE MONTHLY: 37.1   TOTAL FOR MONTH:   2.32    1 = FOG OR MIST
DPTR FM NORMAL:  -3.7   DPTR FM NORMAL:   -0.30    2 = FOG REDUCING VISIBILITY
HIGHEST:    66 ON  1    GRTST 24HR  0.76 ON 17-17      TO 1/4 MILE OR LESS
LOWEST:      9 ON 15                               3 = THUNDER
                        SNOW, ICE PELLETS, HAIL    4 = ICE PELLETS
                        TOTAL MONTH:   5.4 INCHES  5 = HAIL
                        GRTST 24HR   4.2 ON   M    6 = FREEZING RAIN OR DRIZZLE
                        GRTST DEPTH:   3 ON 14     7 = DUSTSTORM OR SANDSTORM:
                                                       VSBY 1/2 MILE OR LESS
                                                   8 = SMOKE OR HAZE
[NO. OF DAYS WITH]      [WEATHER - DAYS WITH]      9 = BLOWING SNOW
                                                   X = TORNADO
MAX 32 OR BELOW:   2    0.01 INCH OR MORE:  13
MAX 90 OR ABOVE:   0    0.10 INCH OR MORE:   7
MIN 32 OR BELOW:  17    0.50 INCH OR MORE:   2
MIN  0 OR BELOW:   0    1.00 INCH OR MORE:   0

[HDD (BASE 65) ]
TOTAL THIS MO.   635    CLEAR  (SCALE 0-3)   9
DPTR FM NORMAL    78    PTCLDY (SCALE 4-7)   9
TOTAL FM JUL 1  3769    CLOUDY (SCALE 8-10)  5
DPTR FM NORMAL  -789

[CDD (BASE 65) ]
TOTAL THIS MO.     0
DPTR FM NORMAL     0    [PRESSURE DATA]
TOTAL FM JAN 1     0    HIGHEST SLP M ON M
DPTR FM NORMAL     0    LOWEST  SLP 29.60 ON  1

[REMARKS]
