000
CXUS51 KRLX 271400
CF6BKW
PRELIMINARY LOCAL CLIMATOLOGICAL DATA (WS FORM: F-6)

                                          STATION:   BECKLEY WV
                                          MONTH:     MARCH
                                          YEAR:      2015
                                          LATITUDE:   37 46 N
                                          LONGITUDE:  81  7 W

  TEMPERATURE IN F:       :PCPN:    SNOW:  WIND      :SUNSHINE: SKY     :PK WND
================================================================================
1   2   3   4   5  6A  6B    7    8   9   10  11  12  13   14  15   16   17  18
                                     12Z  AVG MX 2MIN
DY MAX MIN AVG DEP HDD CDD  WTR  SNW DPTH SPD SPD DIR MIN PSBL S-S WX    SPD DR
================================================================================

 1  43  29  36  -2  29   0 0.13  0.1   16  6.7 16 150   M    M  10 126    26 160
 2  42  27  35  -3  30   0 0.15    T   13  8.6 17 350   M    M   5 126    26 330
 3  52  29  41   3  24   0 0.24    M    0 12.6 23 210   M    M   7 18     30 220
 4  53  34  44   6  21   0 1.71  0.0    9  6.4 20 230   M    M  10 12     31 240
 5  34  13  24 -15  41   0 0.58  5.5    6 10.6 18 340   M    M  10 1268   22 330
 6  30   4  17 -22  48   0    T  1.3   11  3.9 14 360   M    M   2 18     17 360
 7  46  21  34  -5  31   0 0.00  0.0    6 10.9 22 260   M    M   0        28 250
 8  54  34  44   4  21   0 0.00  0.0    5  7.5 18 270   M    M   0        25 290
 9  57  41  49   9  16   0 0.00  0.0    4  4.3 14 270   M    M   0        17 260
10  56  43  50  10  15   0 0.62  0.0    0  8.4 17 240   M    M   9 1      23 150
11  56  40  48   8  17   0 0.63  0.0    0  4.6 17 220   M    M   9 12     22 210
12  60  37  49   8  16   0 0.00  0.0    0  6.1 18 140   M    M   4 12     29 130
13  49  41  45   4  20   0 0.21  0.0    0 12.6 22 160   M    M   7 1      31 150
14  59  46  53  12  12   0 0.22  0.0    0  9.7 17 300   M    M   8 1      26 310
15  58  37  48   6  17   0 0.00  0.0    0 10.4 24 330   M    M   2        32 330
16  71  39  55  13  10   0 0.00  0.0    0 10.9 24 290   M    M   0        35 300
17  59  34  47   5  18   0    T  0.0    0 12.0 23 310   M    M   3 18     32 320
18  48  27  38  -4  27   0 0.00  0.0    0  6.1 15 300   M    M   0        19 290
19  41  34  38  -5  27   0 0.31  0.0    0  8.3 20 160   M    M   9 18     26 130
20  46  36  41  -2  24   0 0.19  0.0    0  8.0 15 260   M    M  10 1      22 150
21  61  40  51   7  14   0 0.01  0.0    0  8.0 17 260   M    M   5 1      25 260
22  58  39  49   5  16   0 0.00  0.0    0  6.5 14 350   M    M   0 18     17  10
23  61  34  48   4  17   0    T  0.0    0  5.0 16 350   M    M   3        18 350
24  62  42  52   7  13   0 0.03  0.0    0  5.1 10 360   M    M   9        21 310
25  73  45  59  14   6   0 0.00  0.0    0 11.5 22 260   M    M   5        29 220
26  68  37  53   8  12   0 0.47  0.0    0 11.7 25 250   M    M   6 13     37 270
================================================================================
SM 1397  883       542   0  5.50     6.9 216.4          M      133
================================================================================
AV 53.7 34.0                               8.3 FASTST   M    M   5    MAX(MPH)
                                 MISC ---->  # 25 250               # 37  270
================================================================================
NOTES:
# LAST OF SEVERAL OCCURRENCES

COLUMN 17 PEAK WIND IN M.P.H.

PRELIMINARY LOCAL CLIMATOLOGICAL DATA (WS FORM: F-6) , PAGE 2

                                          STATION:  BECKLEY WV
                                          MONTH:    MARCH
                                          YEAR:     2015
                                          LATITUDE:   37 46 N
                                          LONGITUDE:  81  7 W

[TEMPERATURE DATA]      [PRECIPITATION DATA]       SYMBOLS USED IN COLUMN 16

AVERAGE MONTHLY: 43.8   TOTAL FOR MONTH:   5.50    1 = FOG OR MIST
DPTR FM NORMAL:   2.6   DPTR FM NORMAL:    2.51    2 = FOG REDUCING VISIBILITY
HIGHEST:    73 ON 25    GRTST 24HR  1.71 ON  4- 4      TO 1/4 MILE OR LESS
LOWEST:      4 ON  6                               3 = THUNDER
                        SNOW, ICE PELLETS, HAIL    4 = ICE PELLETS
                        TOTAL MONTH:   6.9 INCHES  5 = HAIL
                        GRTST 24HR   5.5 ON  5- 5  6 = FREEZING RAIN OR DRIZZLE
                        GRTST DEPTH:  16 ON  1     7 = DUSTSTORM OR SANDSTORM:
                                                       VSBY 1/2 MILE OR LESS
                                                   8 = SMOKE OR HAZE
[NO. OF DAYS WITH]      [WEATHER - DAYS WITH]      9 = BLOWING SNOW
                                                   X = TORNADO
MAX 32 OR BELOW:   1    0.01 INCH OR MORE:  14
MAX 90 OR ABOVE:   0    0.10 INCH OR MORE:  12
MIN 32 OR BELOW:   7    0.50 INCH OR MORE:   4
MIN  0 OR BELOW:   0    1.00 INCH OR MORE:   1

[HDD (BASE 65) ]
TOTAL THIS MO.   542    CLEAR  (SCALE 0-3)   8
DPTR FM NORMAL   -75    PTCLDY (SCALE 4-7)  10
TOTAL FM JUL 1  4875    CLOUDY (SCALE 8-10)  8
DPTR FM NORMAL   257

[CDD (BASE 65) ]
TOTAL THIS MO.     0
DPTR FM NORMAL     0    [PRESSURE DATA]
TOTAL FM JAN 1     0    HIGHEST SLP M ON M
DPTR FM NORMAL     0    LOWEST  SLP 29.67 ON 26

[REMARKS]
